000
CXUS53 KLSX 011600
CF6SET
PRELIMINARY LOCAL CLIMATOLOGICAL DATA (WS FORM: F-6)

                                          STATION:   ST_CHARLES MO
                                          MONTH:     NOVEMBER
                                          YEAR:      2010
                                          LATITUDE:   38 55 N
                                          LONGITUDE:  90 26 W

  TEMPERATURE IN F:       :PCPN:    SNOW:  WIND      :SUNSHINE: SKY     :PK WND
================================================================================
1   2   3   4   5  6A  6B    7    8   9   10  11  12  13   14  15   16   17  18
                                     12Z  AVG MX 2MIN
DY MAX MIN AVG DEP HDD CDD  WTR  SNW DPTH SPD SPD DIR MIN PSBL S-S WX    SPD DR
================================================================================

 1  59  42  51   M  14   0 0.00  0.0    0 10.0 16  60   M    M   2        20  70
 2  58  37  48   M  17   0 0.00  0.0    0  8.8 16  40   M    M   0        21  50
 3  65  25  45   M  20   0 0.00  0.0    0  6.9 18 330   M    M   0 18     24 340
 4  57  42  50   M  15   0    T  0.0    0 14.4 25 320   M    M   2        36 310
 5  47  29  38   M  27   0 0.00  0.0    0 11.0 21 300   M    M   1        29 290
 6  52  23  38   M  27   0 0.00  0.0    0  3.5  9 130   M    M   0 8      16 180
 7  71  30  51   M  14   0 0.00  0.0    0  6.2 17 210   M    M   0        23 250
 8  75  33  54   M  11   0 0.00  0.0    0  5.1 15 190   M    M   0        20 180
 9  75  39  57   M   8   0 0.00  0.0    0  6.3 20 170   M    M   0        22 150
10  76  41  59   M   6   0 0.00  0.0    0  8.9 22 180   M    M   2        28 190
11  73  48  61   M   4   0 0.00  0.0    0  5.2 15 360   M    M   2 8      20 350
12  75  41  58   M   7   0 0.00  0.0    0  6.9 17 150   M    M   4 128    22 160
13  65  39  52   M  13   0 0.01  0.0    0 14.0 23 280   M    M   8        31 290
14  54  27  41   M  24   0 0.00  0.0    0  6.1 16 220   M    M   0        25 250
15  59  34  47   M  18   0 0.00  0.0    0  6.1 14 180   M    M   3        22 200
16  54  35  45   M  20   0 0.00  0.0    0  4.8 12 270   M    M   1        14 280
17  54  26  40   M  25   0 0.16  0.0    0  5.0 13  10   M    M   4 128    17  20
18  44  31  38   M  27   0 0.02  0.0    0  4.6 14 340   M    M   9 18     16 330
19  59  30  45   M  20   0 0.00  0.0    0  6.9 17 180   M    M   1 18     22 190
20  55  31  43   M  22   0 0.00  0.0    0  7.0 15 110   M    M   2 128    20 100
21  66  45  56   M   9   0 0.00  0.0    0 12.0 25 200   M    M   8 18     33 210
22  76  42  59   M   6   0 1.19  0.0    0 14.6 30 310   M    M   7 13     37 310
23  46  32  39   M  26   0 0.00  0.0    0  6.9 17 320   M    M   0 8      21 340
24  51  34  43   M  22   0 3.09  0.0    0 13.3 33 120   M    M   9 136    38 120
25  51  28  40   M  25   0 0.56    M    0 10.4 22 340   M    M   6 1      26 340
26  44  25  35   M  30   0 0.00  0.0    0  7.9 20 270   M    M   1 8      24 270
27  47  31  39   M  26   0 0.00  0.0    0  6.8 15 290   M    M   0        18 280
28  53  30  42   M  23   0 0.00  0.0    0 10.7 20 140   M    M   0        25 170
29  50  34  42   M  23   0 0.61  0.0    0 10.4 25 280   M    M   8 1      33 290
30  46  29  38   M  27   0    T    M    0 16.1 29 280   M    M  10        36 280
================================================================================
SM 1757 1013       556   0  5.64     0.0 256.8          M       90
================================================================================
AV 58.6 33.8                               8.6 FASTST   M    M   3    MAX(MPH)
                                 MISC ---->  # 33 120               # 38  120
================================================================================
NOTES:
# LAST OF SEVERAL OCCURRENCES

COLUMN 17 PEAK WIND IN M.P.H.

PRELIMINARY LOCAL CLIMATOLOGICAL DATA (WS FORM: F-6) , PAGE 2

                                          STATION:  ST_CHARLES MO
                                          MONTH:    NOVEMBER
                                          YEAR:     2010
                                          LATITUDE:   38 55 N
                                          LONGITUDE:  90 26 W

[TEMPERATURE DATA]      [PRECIPITATION DATA]       SYMBOLS USED IN COLUMN 16

AVERAGE MONTHLY: 46.2   TOTAL FOR MONTH:   5.64    1 = FOG OR MIST
DPTR FM NORMAL:     M   DPTR FM NORMAL:       M    2 = FOG REDUCING VISIBILITY
HIGHEST:    76 ON 22,10 GRTST 24HR  3.43 ON 24-25      TO 1/4 MILE OR LESS
LOWEST:     23 ON  6                               3 = THUNDER
                        SNOW, ICE PELLETS, HAIL    4 = ICE PELLETS
                        TOTAL MONTH:   0.0 INCH    5 = HAIL
                        GRTST 24HR     0.0         6 = FREEZING RAIN OR DRIZZLE
                        GRTST DEPTH:   0           7 = DUSTSTORM OR SANDSTORM:
                                                       VSBY 1/2 MILE OR LESS
                                                   8 = SMOKE OR HAZE
[NO. OF DAYS WITH]      [WEATHER - DAYS WITH]      9 = BLOWING SNOW
                                                   X = TORNADO
MAX 32 OR BELOW:   0    0.01 INCH OR MORE:   7
MAX 90 OR ABOVE:   0    0.10 INCH OR MORE:   5
MIN 32 OR BELOW:  15    0.50 INCH OR MORE:   4
MIN  0 OR BELOW:   0    1.00 INCH OR MORE:   2

[HDD (BASE 65) ]
TOTAL THIS MO.   556    CLEAR  (SCALE 0-3)  20
DPTR FM NORMAL     M    PTCLDY (SCALE 4-7)   5
TOTAL FM JUL 1   808    CLOUDY (SCALE 8-10)  5
DPTR FM NORMAL     M

[CDD (BASE 65) ]
TOTAL THIS MO.     0
DPTR FM NORMAL     M    [PRESSURE DATA]
TOTAL FM JAN 1  1658    HIGHEST SLP 30.41 ON  6
DPTR FM NORMAL     M    LOWEST  SLP 29.61 ON 24

[REMARKS]
#FINAL-11-10#
