000
CXUS53 KLSX 011600
CF6SET
PRELIMINARY LOCAL CLIMATOLOGICAL DATA (WS FORM: F-6)

                                          STATION:   ST_CHARLES MO
                                          MONTH:     SEPTEMBER
                                          YEAR:      2010
                                          LATITUDE:   38 55 N
                                          LONGITUDE:  90 26 W

  TEMPERATURE IN F:       :PCPN:    SNOW:  WIND      :SUNSHINE: SKY     :PK WND
================================================================================
1   2   3   4   5  6A  6B    7    8   9   10  11  12  13   14  15   16   17  18
                                     12Z  AVG MX 2MIN
DY MAX MIN AVG DEP HDD CDD  WTR  SNW DPTH SPD SPD DIR MIN PSBL S-S WX    SPD DR
================================================================================

 1  80  72  76   M   0  11 0.05  0.0    0  5.3 16 280   M    M   5 1      23 280
 2  89  66  78   M   0  13 0.42  0.0    0  9.2 20 220   M    M   7 13     25 220
 3  78  57  68   M   0   3 0.01  0.0    0  9.9 23 290   M    M   0 8      30 290
 4  75  52  64   M   1   0 0.00  0.0    0  5.7 15 300   M    M   0        22 290
 5  82  50  66   M   0   1 0.00  0.0    0  8.9 20 180   M    M   0 1      35 360
 6  90  55  73   M   0   8 0.00  0.0    0 11.3 25 190   M    M   0        33 190
 7  80  57  69   M   0   4    T  0.0    0  6.3 15 220   M    M   2 1      31 330
 8  82  52  67   M   0   2 0.00  0.0    0  2.8 13 260   M    M   0 12     20 260
 9  69  61  65   M   0   0 0.11  0.0    0  7.8 10 100   M    M   8 1      13 100
10  68  61  65   M   0   0 1.36  0.0    0 10.3 18 340   M    M  10 138    26 340
11  80  59  70   M   0   5 1.05  0.0    0  7.4 22 310   M    M   4 13     28 310
12  84  53  69   M   0   4 0.00  0.0    0  3.4 10 220   M    M   0        15 240
13  88  55  72   M   0   7 0.00  0.0    0  3.2 10 210   M    M   0 1      15 230
14  84  62  73   M   0   8 0.00  0.0    0  3.3  M   M   M    M   1 12      M  M
15  83  59  71   M   0   6 0.06  0.0    0   M   M   M   M    M   4 12      M  M
16  76  57  67   M   0   2 0.00  0.0    0  8.4 18 310   M    M   6        25 330
17  79  49  64   M   1   0 0.00  0.0    0  2.9 13 140   M    M   1 12     16 140
18  86  58  72   M   0   7 0.15  0.0    0  3.4 28 360   M    M   2 13     35 360
19  75  64  70   M   0   5 1.09  0.0    0  5.2 22 200   M    M   4 123    25 190
20  88  64  76   M   0  11 0.00  0.0    0  3.8 12 190   M    M   2 12     22 220
21  91  64  78   M   0  13 0.00  0.0    0   M   M   M   M    M   1 128     M  M
22  80  66  73   M   0   8 0.06  0.0    0  4.4 15  40   M    M   3 13      M  M
23  91  67  79   M   0  14 0.00  0.0    0 12.2 25 190   M    M   1 1      35 190
24  80  56  68   M   0   3 0.13  0.0    0  9.8 24 280   M    M   3 1      30 270
25  75  50  63   M   2   0 0.33  0.0    0  5.4 23  30   M    M   2 1      30  30
26  61  50  56   M   9   0    T  0.0    0  9.2 17  30   M    M   9        21  40
27  68  46  57   M   8   0 0.00  0.0    0  4.7 13 360   M    M   0 12     16 350
28  76  46  61   M   4   0 0.00  0.0    0  2.5 10 260   M    M   3 1      14 280
29  78  50  64   M   1   0 0.00  0.0    0  1.3 10 180   M    M   3 12     16 190
30  77  53  65   M   0   0 0.00  0.0    0  9.9 23  30   M    M   2 12     29 350
================================================================================
SM 2393 1711        26 135  4.82     0.0 177.9          M       83
================================================================================
AV 79.8 57.0                               6.4 FASTST   M    M   3    MAX(MPH)
                                 MISC ---->  # 28 360               # 35  360
================================================================================
NOTES:
# LAST OF SEVERAL OCCURRENCES

COLUMN 17 PEAK WIND IN M.P.H.

PRELIMINARY LOCAL CLIMATOLOGICAL DATA (WS FORM: F-6) , PAGE 2

                                          STATION:  ST_CHARLES MO
                                          MONTH:    SEPTEMBER
                                          YEAR:     2010
                                          LATITUDE:   38 55 N
                                          LONGITUDE:  90 26 W

[TEMPERATURE DATA]      [PRECIPITATION DATA]       SYMBOLS USED IN COLUMN 16

AVERAGE MONTHLY: 68.4   TOTAL FOR MONTH:   4.82    1 = FOG OR MIST
DPTR FM NORMAL:     M   DPTR FM NORMAL:       M    2 = FOG REDUCING VISIBILITY
HIGHEST:    91 ON 23,21 GRTST 24HR  2.20 ON 10-11      TO 1/4 MILE OR LESS
LOWEST:     46 ON 28,27                            3 = THUNDER
                        SNOW, ICE PELLETS, HAIL    4 = ICE PELLETS
                        TOTAL MONTH:   0.0 INCH    5 = HAIL
                        GRTST 24HR     0.0         6 = FREEZING RAIN OR DRIZZLE
                        GRTST DEPTH:   0           7 = DUSTSTORM OR SANDSTORM:
                                                       VSBY 1/2 MILE OR LESS
                                                   8 = SMOKE OR HAZE
[NO. OF DAYS WITH]      [WEATHER - DAYS WITH]      9 = BLOWING SNOW
                                                   X = TORNADO
MAX 32 OR BELOW:   0    0.01 INCH OR MORE:  12
MAX 90 OR ABOVE:   3    0.10 INCH OR MORE:   8
MIN 32 OR BELOW:   0    0.50 INCH OR MORE:   3
MIN  0 OR BELOW:   0    1.00 INCH OR MORE:   3

[HDD (BASE 65) ]
TOTAL THIS MO.    26    CLEAR  (SCALE 0-3)  21
DPTR FM NORMAL     M    PTCLDY (SCALE 4-7)   7
TOTAL FM JUL 1    26    CLOUDY (SCALE 8-10)  2
DPTR FM NORMAL     M

[CDD (BASE 65) ]
TOTAL THIS MO.   135
DPTR FM NORMAL     M    [PRESSURE DATA]
TOTAL FM JAN 1  1634    HIGHEST SLP 30.21 ON 18
DPTR FM NORMAL     M    LOWEST  SLP 29.74 ON 28

[REMARKS]
#FINAL-09-10#
