000
CXUS53 KLSX 011600
CF6SET
PRELIMINARY LOCAL CLIMATOLOGICAL DATA (WS FORM: F-6)

                                          STATION:   ST_CHARLES MO
                                          MONTH:     AUGUST
                                          YEAR:      2010
                                          LATITUDE:   38 55 N
                                          LONGITUDE:  90 26 W

  TEMPERATURE IN F:       :PCPN:    SNOW:  WIND      :SUNSHINE: SKY     :PK WND
================================================================================
1   2   3   4   5  6A  6B    7    8   9   10  11  12  13   14  15   16   17  18
                                     12Z  AVG MX 2MIN
DY MAX MIN AVG DEP HDD CDD  WTR  SNW DPTH SPD SPD DIR MIN PSBL S-S WX    SPD DR
================================================================================

 1  88  68  78   M   0  13 0.00  0.0    0  3.1  9  70   M    M   0 18     12  50
 2  90  66  78   M   0  13 0.00  0.0    0  4.7 13 110   M    M   1 128    15 110
 3 101  76  89   M   0  24 0.00  0.0    0  3.5 20 360   M    M   0 18     24 360
 4 100  75  88   M   0  23 0.00  0.0    0  5.2 15 240   M    M   0 1      21 240
 5  91  75  83   M   0  18 0.01  0.0    0  5.4 14 300   M    M   3 138    31 270
 6  87  69  78   M   0  13 0.00  0.0    0  4.9 20  50   M    M   0        32  90
 7  89  65  77   M   0  12 0.00  0.0    0  3.8 12  90   M    M   0 18      M  M
 8  95  68  82   M   0  17 0.00  0.0    0  5.5 13 190   M    M   0 18     18 180
 9  97  75  86   M   0  21 0.00  0.0    0  3.4  9 180   M    M   1 18     21  60
10 100  77  89   M   0  24    T  0.0    0  2.5 14  30   M    M   0 138    17  30
11  98  75  87   M   0  22 0.00  0.0    0  4.1 15  40   M    M   0        31 330
12  98  74  86   M   0  21 0.00  0.0    0  2.5 15 170   M    M   1 3      18 170
13 100  72  86   M   0  21    T  0.0    0  7.8 25  20   M    M   1 13     31  20
14  95  72  84   M   0  19 0.75  0.0    0  4.0 28 330   M    M   2 13     35 320
15  92  71  82   M   0  17 0.00  0.0    0  6.5 16 360   M    M   2 1      20 350
16  87  64  76   M   0  11 0.00  0.0    0  4.3 12  10   M    M   0 1      16  70
17  83  63  73   M   0   8 0.00  0.0    0  5.2 20  30   M    M   0         M  M
18  88  69  79   M   0  14    T  0.0    0  6.2 15  70   M    M   3        38 150
19  94  69  82   M   0  17 0.00  0.0    0  4.1 12 120   M    M   2 1      21 270
20  92  72  82   M   0  17 2.71  0.0    0  6.4 35 240   M    M   3 123    48 250
21  86  71  79   M   0  14 0.37  0.0    0  4.3 14 350   M    M   4 1       M  M
22  89  71  80   M   0  15 0.00  0.0    0  4.9 14  30   M    M   1 18     17  40
23  88  67  78   M   0  13 0.00  0.0    0  3.9 12 360   M    M   0         M  M
24  88  66  77   M   0  12 0.00  0.0    0  5.8 22 360   M    M   1 1      31  90
25  81  62  72   M   0   7 0.00  0.0    0  7.6 15 360   M    M   1         M  M
26  81  55  68   M   0   3 0.00  0.0    0  2.2 10 330   M    M   0        16 300
27  83  58  71   M   0   6 0.00  0.0    0  3.0 10 140   M    M   0 1      15 130
28  90  58  74   M   0   9 0.00  0.0    0  6.6 39 340   M    M   0 1       M  M
29  91  71  81   M   0  16 0.00  0.0    0  9.7 22 160   M    M   0 1      28 170
30  85  71  78   M   0  13 0.25  0.0    0  8.2 16 170   M    M   6 1      28 110
31  91  71  81   M   0  16 0.00  0.0    0  9.4 12 180   M    M   3 1      14 190
================================================================================
SM 2818 2136         0 469  4.09     0.0 158.7          M       35
================================================================================
AV 90.9 68.9                               5.1 FASTST   M    M   1    MAX(MPH)
                                 MISC ---->  # 39 340                10000  M
================================================================================
NOTES:
# LAST OF SEVERAL OCCURRENCES

COLUMN 17 PEAK WIND IN M.P.H.

PRELIMINARY LOCAL CLIMATOLOGICAL DATA (WS FORM: F-6) , PAGE 2

                                          STATION:  ST_CHARLES MO
                                          MONTH:    AUGUST
                                          YEAR:     2010
                                          LATITUDE:   38 55 N
                                          LONGITUDE:  90 26 W

[TEMPERATURE DATA]      [PRECIPITATION DATA]       SYMBOLS USED IN COLUMN 16

AVERAGE MONTHLY: 79.9   TOTAL FOR MONTH:   4.09    1 = FOG OR MIST
DPTR FM NORMAL:     M   DPTR FM NORMAL:       M    2 = FOG REDUCING VISIBILITY
HIGHEST:   101 ON  3    GRTST 24HR  3.08 ON 20-21      TO 1/4 MILE OR LESS
LOWEST:     55 ON 26                               3 = THUNDER
                        SNOW, ICE PELLETS, HAIL    4 = ICE PELLETS
                        TOTAL MONTH:   0.0 INCH    5 = HAIL
                        GRTST 24HR     0.0         6 = FREEZING RAIN OR DRIZZLE
                        GRTST DEPTH:   0           7 = DUSTSTORM OR SANDSTORM:
                                                       VSBY 1/2 MILE OR LESS
                                                   8 = SMOKE OR HAZE
[NO. OF DAYS WITH]      [WEATHER - DAYS WITH]      9 = BLOWING SNOW
                                                   X = TORNADO
MAX 32 OR BELOW:   0    0.01 INCH OR MORE:   5
MAX 90 OR ABOVE:  17    0.10 INCH OR MORE:   4
MIN 32 OR BELOW:   0    0.50 INCH OR MORE:   2
MIN  0 OR BELOW:   0    1.00 INCH OR MORE:   1

[HDD (BASE 65) ]
TOTAL THIS MO.     0    CLEAR  (SCALE 0-3)  28
DPTR FM NORMAL     M    PTCLDY (SCALE 4-7)   3
TOTAL FM JUL 1     0    CLOUDY (SCALE 8-10)  0
DPTR FM NORMAL     M

[CDD (BASE 65) ]
TOTAL THIS MO.   469
DPTR FM NORMAL     M    [PRESSURE DATA]
TOTAL FM JAN 1  1499    HIGHEST SLP 30.21 ON 26
DPTR FM NORMAL     M    LOWEST  SLP 29.67 ON 13

[REMARKS]
#FINAL-08-10#
