000
CXUS53 KLSX 301132 AAA
CF6SET

PRELIMINARY LOCAL CLIMATOLOGICAL DATA (WS FORM: F-6)

                                          STATION:   ST_CHARLES MO
                                          MONTH:     JULY
                                          YEAR:      2010
                                          LATITUDE:   38 55 N
                                          LONGITUDE:  90 26 W

  TEMPERATURE IN F:       :PCPN:    SNOW:  WIND      :SUNSHINE: SKY     :PK WND
================================================================================
1   2   3   4   5  6A  6B    7    8   9   10  11  12  13   14  15   16   17  18
                                     12Z  AVG MX 2MIN
DY MAX MIN AVG DEP HDD CDD  WTR  SNW DPTH SPD SPD DIR MIN PSBL S-S WX    SPD DR
================================================================================

 1  81  60  71   M   0   6 0.00  0.0    0  6.8 14  90   M    M   0        33 140
 2  83  60  72   M   0   7 0.00  0.0    0  7.5 15  90   M    M   0        17 130
 3  90  60  75   M   0  10 0.00  0.0    0  4.3 17 120   M    M   0 8      45 150
 4  91  71  81   M   0  16 0.35  0.0    0  5.6 28 210   M    M   2 138    36  90
 5  92  72  82   M   0  17 0.00  0.0    0  8.7 28 350   M    M   2 8      32 330
 6  92  76  84   M   0  19    T  0.0    0  6.0 20 190   M    M   M         M  M
 7  91  73  82   M   0  17 0.03  0.0    0  3.7 24 120   M    M   2 138    45 330
 8  88  73  81   M   0  16 1.77  0.0    0  3.0 17 270   M    M   6 13     21 190
 9  87  71  79   M   0  14 0.13  0.0    0  5.2 15 360   M    M   4 1      24 150
10  87  66  77   M   0  12 0.00  0.0    0  0.8 17 140   M    M   0        23 150
11  85  70  78   M   0  13    T  0.0    0  4.7 30 200   M    M   2 1       M  M
12  87  68  78   M   0  13 1.07  0.0    0  4.3 23 240   M    M   2 13     30 240
13  89  70  80   M   0  15 0.15  0.0    0  4.0 12 300   M    M   2 13     43 340
14  94  74  84   M   0  19 0.00  0.0    0  5.8 12 180   M    M   1 1      20 330
15  91  75  83   M   0  18 0.00  0.0    0  4.3 12 340   M    M   0 18     15 310
16  89  72  81   M   0  16 0.00  0.0    0  3.4 31 330   M    M   0        45 330
17  94  73  84   M   0  19 0.00  0.0    0  3.6  8  30   M    M   0 18     25  30
18  90  71  81   M   0  16 0.43  0.0    0  3.8 31 280   M    M   3 13     41 280
19  85  71  78   M   0  13 0.13  0.0    0  6.8 32 360   M    M   2 123    59  30
20  89  70  80   M   0  15 2.88  0.0    0  5.3 30 270   M    M   4 13     41 280
21  91  73  82   M   0  17 0.51  0.0    0  2.5 24 170   M    M   1 123    30 180
22  94  74  84   M   0  19 0.00  0.0    0  6.4 30 200   M    M   0 1      47 210
23  95  76  86   M   0  21 0.00  0.0    0  6.8 22 290   M    M   0        43 210
24  96  73  85   M   0  20 0.51  0.0    0  7.4 32 310   M    M   1 13     46 310
25  87  74  81   M   0  16    T  0.0    0  4.1 21 230   M    M   4        43 210
26  87  73  80   M   0  15    T  0.0    0  4.3 12 160   M    M   2        26 200
27  90  74  82   M   0  17 0.00  0.0    0  3.5 20 200   M    M   1 3      23 190
28  94  74  84   M   0  19    T  0.0    0  4.9 39 320   M    M   0 1       M  M
29  89  73  81   M   0  16 0.01  0.0    0  4.0 21  50   M    M   1        30 330
30  81  72  77   M   0  12 0.59  0.0    0  5.4 20 160   M    M   6 18     23 200
31  87  72  80   M   0  15 0.03  0.0    0  5.0 13 330   M    M   6 12     17 340
================================================================================
SM 2766 2204         0 478  8.59     0.0 151.9          M       54
================================================================================
AV 89.2 71.1                               4.9 FASTST   M    M   2    MAX(MPH)
                                 MISC ---->  # 39 320               #115  210
================================================================================
NOTES:
# LAST OF SEVERAL OCCURRENCES

COLUMN 17 PEAK WIND IN M.P.H.

PRELIMINARY LOCAL CLIMATOLOGICAL DATA (WS FORM: F-6) , PAGE 2

                                          STATION:  ST_CHARLES MO
                                          MONTH:    JULY
                                          YEAR:     2010
                                          LATITUDE:   38 55 N
                                          LONGITUDE:  90 26 W

[TEMPERATURE DATA]      [PRECIPITATION DATA]       SYMBOLS USED IN COLUMN 16

AVERAGE MONTHLY: 80.2   TOTAL FOR MONTH:   8.59    1 = FOG OR MIST
DPTR FM NORMAL:     M   DPTR FM NORMAL:       M    2 = FOG REDUCING VISIBILITY
HIGHEST:    96 ON 24    GRTST 24HR  2.88 ON 20-20      TO 1/4 MILE OR LESS
LOWEST:     60 ON  3, 2                            3 = THUNDER
                        SNOW, ICE PELLETS, HAIL    4 = ICE PELLETS
                        TOTAL MONTH:   0.0 INCH    5 = HAIL
                        GRTST 24HR     0.0         6 = FREEZING RAIN OR DRIZZLE
                        GRTST DEPTH:   0           7 = DUSTSTORM OR SANDSTORM:
                                                       VSBY 1/2 MILE OR LESS
                                                   8 = SMOKE OR HAZE
[NO. OF DAYS WITH]      [WEATHER - DAYS WITH]      9 = BLOWING SNOW
                                                   X = TORNADO
MAX 32 OR BELOW:   0    0.01 INCH OR MORE:  14
MAX 90 OR ABOVE:  15    0.10 INCH OR MORE:  11
MIN 32 OR BELOW:   0    0.50 INCH OR MORE:   6
MIN  0 OR BELOW:   0    1.00 INCH OR MORE:   3

[HDD (BASE 65) ]
TOTAL THIS MO.     0    CLEAR  (SCALE 0-3)  24
DPTR FM NORMAL     M    PTCLDY (SCALE 4-7)   6
TOTAL FM JUL 1     0    CLOUDY (SCALE 8-10)  0
DPTR FM NORMAL     M

[CDD (BASE 65) ]
TOTAL THIS MO.   478
DPTR FM NORMAL     M    [PRESSURE DATA]
TOTAL FM JAN 1  1030    HIGHEST SLP 30.22 ON 21
DPTR FM NORMAL     M    LOWEST  SLP 29.78 ON 27

[REMARKS]
#FINAL-07-10#
