000
CXUS53 KLSX 011500
CF6SET
PRELIMINARY LOCAL CLIMATOLOGICAL DATA (WS FORM: F-6)
STATION: ST_CHARLES MO
MONTH: NOVEMBER
YEAR: 2023
LATITUDE: 38 55 N
LONGITUDE: 90 26 W
TEMPERATURE IN F: :PCPN: SNOW: WIND :SUNSHINE: SKY :PK WND
================================================================================
1 2 3 4 5 6A 6B 7 8 9 10 11 12 13 14 15 16 17 18
12Z AVG MX 2MIN
DY MAX MIN AVG DEP HDD CDD WTR SNW DPTH SPD SPD DIR MIN PSBL S-S WX SPD DR
================================================================================
1 47 25 36 -15 29 0 0.00 0.0 0 5.6 12 240 M M 0 18 19 240
2 64 26 45 -5 20 0 0.00 0.0 0 7.8 16 190 M M 0 22 190
3 69 30 50 0 15 0 0.00 0.0 0 8.8 22 180 M M 1 28 170
4 62 43 53 3 12 0 0.00 0.0 0 4.2 12 270 M M 2 15 260
5 67 34 51 2 14 0 0.00 0.0 0 4.7 13 140 M M 2 12 21 150
6 77 48 63 14 2 0 0.00 0.0 0 6.8 24 230 M M 3 31 230
7 76 47 62 14 3 0 0.00 0.0 0 7.5 17 100 M M 4 12 22 100
8 83 54 69 21 0 4 0.00 0.0 0 9.7 21 340 M M 0 1 27 340
9 57 43 50 3 15 0 0.00 0.0 0 6.1 18 350 M M 0 25 360
10 57 36 47 0 18 0 0.00 0.0 0 6.8 15 320 M M 0 21 300
11 55 30 43 -4 22 0 0.00 0.0 0 5.0 14 120 M M 1 19 120
12 63 32 48 2 17 0 0.00 0.0 0 4.9 13 200 M M 0 23 200
13 69 32 51 5 14 0 0.00 0.0 0 2.6 15 10 M M 0 18 20 20
14 66 26 46 1 19 0 0.00 0.0 0 5.4 15 190 M M 0 128 23 170
15 71 32 52 7 13 0 0.00 0.0 0 3.7 10 220 M M 0 8 15 200
16 73 35 54 9 11 0 0.00 0.0 0 10.1 23 200 M M 4 32 200
17 62 39 51 7 14 0 T 0.0 0 8.6 18 350 M M 3 23 330
18 58 25 42 -2 23 0 0.00 0.0 0 2.3 9 360 M M 0 8 12 250
19 61 29 45 1 20 0 0.00 0.0 0 4.4 13 90 M M 1 128 16 200
20 50 46 48 5 17 0 0.37 0.0 0 8.5 17 30 M M 10 1 22 30
21 46 37 42 -1 23 0 0.00 0.0 0 10.7 20 300 M M 8 1 26 320
22 47 30 39 -3 26 0 0.00 0.0 0 6.3 14 310 M M 6 17 260
23 57 26 42 0 23 0 0.00 0.0 0 5.7 14 20 M M 0 18 20
24 43 30 37 -5 28 0 0.00 0.0 0 12.9 18 30 M M 1 24 30
25 45 26 36 -5 29 0 0.00 0.0 0 4.2 15 40 M M 0 20 50
26 40 32 36 -5 29 0 0.23 0.0 0 11.4 28 290 M M 9 1 39 290
27 44 26 35 -6 30 0 0.00 0.0 0 13.4 24 290 M M 4 31 290
28 34 21 28 -12 37 0 0.00 0.0 0 6.5 14 330 M M 0 20 300
29 59 20 40 0 25 0 0.00 0.0 0 4.7 14 230 M M 0 17 230
30 53 27 40 0 25 0 0.35 0.0 0 6.4 14 160 M M 6 1 18 190
================================================================================
SM 1755 987 573 4 0.95 0.0 205.7 M 65
================================================================================
AV 58.5 32.9 6.9 FASTST M M 2 MAX(MPH)
MISC ----> 28 290 39 290
================================================================================
NOTES:
# LAST OF SEVERAL OCCURRENCES
COLUMN 17 PEAK WIND IN M.P.H.
PRELIMINARY LOCAL CLIMATOLOGICAL DATA (WS FORM: F-6) , PAGE 2
STATION: ST_CHARLES MO
MONTH: NOVEMBER
YEAR: 2023
LATITUDE: 38 55 N
LONGITUDE: 90 26 W
[TEMPERATURE DATA] [PRECIPITATION DATA] SYMBOLS USED IN COLUMN 16
AVERAGE MONTHLY: 45.7 TOTAL FOR MONTH: 0.95 1 = FOG OR MIST
DPTR FM NORMAL: 0.7 DPTR FM NORMAL: -2.20 2 = FOG REDUCING VISIBILITY
HIGHEST: 83 ON 8 GRTST 24HR 0.37 ON 20-20 TO 1/4 MILE OR LESS
LOWEST: 20 ON 29 3 = THUNDER
SNOW, ICE PELLETS, HAIL 4 = ICE PELLETS
TOTAL MONTH: 0.0 INCH 5 = HAIL
GRTST 24HR 0.0 6 = FREEZING RAIN OR DRIZZLE
GRTST DEPTH: 0 7 = DUSTSTORM OR SANDSTORM:
VSBY 1/2 MILE OR LESS
8 = SMOKE OR HAZE
[NO. OF DAYS WITH] [WEATHER - DAYS WITH] 9 = BLOWING SNOW
X = TORNADO
MAX 32 OR BELOW: 0 0.01 INCH OR MORE: 3
MAX 90 OR ABOVE: 0 0.10 INCH OR MORE: 3
MIN 32 OR BELOW: 19 0.50 INCH OR MORE: 0
MIN 0 OR BELOW: 0 1.00 INCH OR MORE: 0
[HDD (BASE 65) ]
TOTAL THIS MO. 573 CLEAR (SCALE 0-3) 21
DPTR FM NORMAL -28 PTCLDY (SCALE 4-7) 7
TOTAL FM JUL 1 834 CLOUDY (SCALE 8-10) 2
DPTR FM NORMAL -75
[CDD (BASE 65) ]
TOTAL THIS MO. 4
DPTR FM NORMAL 3 [PRESSURE DATA]
TOTAL FM JAN 1 1420 HIGHEST SLP 30.52 ON 1
DPTR FM NORMAL -46 LOWEST SLP 29.58 ON 8
[REMARKS]
#FINAL-11-23#