000
CXUS53 KLSX 020055
CF6SET
PRELIMINARY LOCAL CLIMATOLOGICAL DATA (WS FORM: F-6)

                                          STATION:   ST_CHARLES MO
                                          MONTH:     APRIL
                                          YEAR:      2017
                                          LATITUDE:   38 55 N
                                          LONGITUDE:  90 26 W

  TEMPERATURE IN F:       :PCPN:    SNOW:  WIND      :SUNSHINE: SKY     :PK WND
================================================================================
1   2   3   4   5  6A  6B    7    8   9   10  11  12  13   14  15   16   17  18
                                     12Z  AVG MX 2MIN
DY MAX MIN AVG DEP HDD CDD  WTR  SNW DPTH SPD SPD DIR MIN PSBL S-S WX    SPD DR
================================================================================

 1  60  39  50  -1  15   0 0.00  0.0    0  6.8 14  80   M    M   3        19  30
 2  67  45  56   5   9   0 0.01  0.0    0  9.2 16 110   M    M   2        20 150
 3  68  55  62  10   3   0 0.24  0.0    0  9.1 23 280   M    M   9 13     30 290
 4  63  54  59   7   6   0 0.10  0.0    0 10.3 21  80   M    M   9 13     24  70
 5  61  40  51  -1  14   0 1.48  0.0    0 13.8 36  90   M    M   7 13     42  90
 6  57  43  50  -3  15   0 0.06  0.0    0 17.3 30 310   M    M   3        37 310
 7  61  39  50  -3  15   0 0.00  0.0    0  6.9 15 280   M    M   0        18 290
 8  78  40  59   6   6   0 0.00  0.0    0 12.0 24 160   M    M   0        29 160
 9  84  56  70  16   0   5 0.00  0.0    0 13.6 28 180   M    M   2        36 170
10  79  58  69  15   0   4 0.08  0.0    0 11.1 24 190   M    M   3 13     29 180
11  62  46  54   0  11   0 0.00  0.0    0  6.2 14 310   M    M   3        16 320
12  73  40  57   2   8   0 0.00  0.0    0  6.2 14 150   M    M   1 12     22 120
13  83  51  67  12   0   2 0.00  0.0    0  6.4 15 190   M    M   2        19 250
14  82  58  70  14   0   5 0.02  0.0    0  8.4 25 180   M    M   2        33 170
15  85  58  72  16   0   7 0.00  0.0    0 12.9 26 220   M    M   1        37 230
16  75  55  65   9   0   0 0.18  0.0    0  5.8 15  10   M    M   5 13     20 310
17  71  52  62   6   3   0 0.04  0.0    0  5.4 15 120   M    M   4        18 120
18  78  49  64   7   1   0 0.00  0.0    0  6.4 20 150   M    M   3        31 180
19  87  56  72  15   0   7 0.00  0.0    0  8.0 18 210   M    M   2 12     23 210
20  83  55  69  11   0   4 0.00  0.0    0 13.5 26 230   M    M   5        32 230
21  57  50  54  -4  11   0 0.01  0.0    0  9.4 23  60   M    M   5        28  60
22  63  47  55  -3  10   0    T  0.0    0 14.4 25  60   M    M   6        34  70
23  73  44  59   0   6   0 0.00  0.0    0  9.3 18  30   M    M   0        27  20
24  78  39  59   0   6   0 0.00  0.0    0  6.0 16 140   M    M   0        22 150
25  82  49  66   7   0   1 0.00  0.0    0 14.6 35 150   M    M   0        40 150
26  71  50  61   1   4   0 1.17  0.0    0 11.1 37 240   M    M   7 13     46 250
27  60  46  53  -7  12   0 0.08  0.0    0 10.4 22 260   M    M   6 1      26 260
28  59  53  56  -4   9   0 0.54  0.0    0  8.0 21 140   M    M   8 13     25 130
29  68  49  59  -1   6   0 2.58  0.0    0 10.1 32  80   M    M   9 13     42 210
30  72  49  61   0   4   0 1.69  0.0    0 12.9 29 130   M    M   8 1      35 140
================================================================================
SM 2140 1465       174  35  8.28     0.0 295.5          M      115
================================================================================
AV 71.3 48.8                               9.8 FASTST   M    M   4    MAX(MPH)
                                 MISC ---->  # 37 240               # 46  250
================================================================================
NOTES:
# LAST OF SEVERAL OCCURRENCES

COLUMN 17 PEAK WIND IN M.P.H.

PRELIMINARY LOCAL CLIMATOLOGICAL DATA (WS FORM: F-6) , PAGE 2

                                          STATION:  ST_CHARLES MO
                                          MONTH:    APRIL
                                          YEAR:     2017
                                          LATITUDE:   38 55 N
                                          LONGITUDE:  90 26 W

[TEMPERATURE DATA]      [PRECIPITATION DATA]       SYMBOLS USED IN COLUMN 16

AVERAGE MONTHLY: 60.1   TOTAL FOR MONTH:   8.28    1 = FOG OR MIST
DPTR FM NORMAL:   4.2   DPTR FM NORMAL:    4.48    2 = FOG REDUCING VISIBILITY
HIGHEST:    87 ON 19    GRTST 24HR  3.40 ON 29-30      TO 1/4 MILE OR LESS
LOWEST:     39 ON 24, 7                            3 = THUNDER
                        SNOW, ICE PELLETS, HAIL    4 = ICE PELLETS
                        TOTAL MONTH:   0.0 INCH    5 = HAIL
                        GRTST 24HR     0.0         6 = FREEZING RAIN OR DRIZZLE
                        GRTST DEPTH:   0           7 = DUSTSTORM OR SANDSTORM:
                                                       VSBY 1/2 MILE OR LESS
                                                   8 = SMOKE OR HAZE
[NO. OF DAYS WITH]      [WEATHER - DAYS WITH]      9 = BLOWING SNOW
                                                   X = TORNADO
MAX 32 OR BELOW:   0    0.01 INCH OR MORE:  15
MAX 90 OR ABOVE:   0    0.10 INCH OR MORE:   8
MIN 32 OR BELOW:   0    0.50 INCH OR MORE:   5
MIN  0 OR BELOW:   0    1.00 INCH OR MORE:   4

[HDD (BASE 65) ]
TOTAL THIS MO.   174    CLEAR  (SCALE 0-3)  15
DPTR FM NORMAL  -120    PTCLDY (SCALE 4-7)  11
TOTAL FM JUL 1  3779    CLOUDY (SCALE 8-10)  4
DPTR FM NORMAL  -982

[CDD (BASE 65) ]
TOTAL THIS MO.    35
DPTR FM NORMAL    13    [PRESSURE DATA]
TOTAL FM JAN 1    35    HIGHEST SLP 30.37 ON 12
DPTR FM NORMAL    11    LOWEST  SLP 29.37 ON 26

[REMARKS]
#FINAL-04-17#
