000
CXUS53 KLSX 011600
CF6SET
PRELIMINARY LOCAL CLIMATOLOGICAL DATA (WS FORM: F-6)

                                          STATION:   ST_CHARLES MO
                                          MONTH:     OCTOBER
                                          YEAR:      2013
                                          LATITUDE:   38 55 N
                                          LONGITUDE:  90 26 W

  TEMPERATURE IN F:       :PCPN:    SNOW:  WIND      :SUNSHINE: SKY     :PK WND
================================================================================
1   2   3   4   5  6A  6B    7    8   9   10  11  12  13   14  15   16   17  18
                                     12Z  AVG MX 2MIN
DY MAX MIN AVG DEP HDD CDD  WTR  SNW DPTH SPD SPD DIR MIN PSBL S-S WX    SPD DR
================================================================================

 1  82  57  70   8   0   5 0.00  0.0    0  4.9 13 170   M    M   7 1      16 160
 2  86  63  75  14   0  10    T  0.0    0  5.0 14 170   M    M   5 128    17 170
 3  88  64  76  15   0  11 0.04  0.0    0  9.0 20 180   M    M   3        25 190
 4  89  64  77  17   0  12 0.00  0.0    0  9.0 20 190   M    M   1 1      26 180
 5  77  55  66   6   0   1 0.21  0.0    0  6.0 18 280   M    M   6 1      24 280
 6  58  45  52  -8  13   0 0.01  0.0    0 10.3 24 260   M    M   6        33 250
 7  70  46  58  -1   7   0 0.00  0.0    0  4.9 16 270   M    M   4 18     25 270
 8  76  43  60   1   5   0 0.00  0.0    0  5.0 15 150   M    M   1 12     20 120
 9  75  44  60   1   5   0 0.00  0.0    0  3.1 10 160   M    M   1 128    14 160
10  80  50  65   7   0   0 0.00  0.0    0  3.7 14 150   M    M   3 128    17 150
11  81  52  67   9   0   2 0.00  0.0    0  8.4 21 160   M    M   2 12     26 150
12  76  55  66   8   0   1 0.00  0.0    0  5.8 14 320   M    M   3 18     17 310
13  74  42  58   1   7   0 0.00  0.0    0  5.5 13  30   M    M   0        16 310
14  68  44  56  -1   9   0    T  0.0    0  6.8 15 100   M    M   0        17 120
15  68  53  61   4   4   0 0.34  0.0    0  7.6 15 230   M    M   6 1      17 250
16  58  41  50  -6  15   0 0.00  0.0    0  6.1 15 280   M    M   4        20 280
17  65  43  54  -2  11   0 0.02  0.0    0  4.1 18 250   M    M   6 1       M  M
18  61  41  51  -5  14   0 0.12  0.0    0  6.7 14 300   M    M   3 1      20 290
19  58  36  47  -8  18   0 0.16  0.0    0  8.5 18 260   M    M   4 1      24 260
20  72  35  54  -1  11   0 0.00  0.0    0  8.2 23 210   M    M   0        30 220
21  55  33  44 -11  21   0 0.00  0.0    0  5.5 17 310   M    M   2        21 300
22  61  30  46  -8  19   0 0.12  0.0    0  9.3 37 290   M    M   8 18     52 260
23  50  35  43 -11  22   0 0.01  0.0    0  9.0 17 300   M    M   7        21 340
24   M   M   M   M   M   M    T  0.0    0   M   M   M   M    M   6         M  M
25  55   M   M   M   M   M 0.00  0.0    0  7.6 10 230   M    M   0        16 240
26  64  32  48  -5  17   0 0.00  0.0    0  9.6 23 280   M    M   2        28 280
27  59  25  42 -11  23   0 0.00  0.0    0  2.2 10 270   M    M   0 1      14 200
28  68  31  50  -3  15   0 0.00  0.0    0  3.3 12 160   M    M   0 12     16  90
29  57  43  50  -2  15   0 0.23  0.0    0  7.5 13 150   M    M   7 1      15 150
30  72  56  64  12   1   0 0.05  0.0    0  8.7 20 200   M    M   9 128    26 190
31  67  45  56   4   9   0 1.00  0.0    0 10.3 25 300   M    M   8 1      31 300
================================================================================
SM 2070 1303       261  42  2.31     0.0 201.6          M      114
================================================================================
AV 69.0 44.9                               6.7 FASTST   M    M   4    MAX(MPH)
                                 MISC ---->  # 37 290               # 52  260
================================================================================
NOTES:
# LAST OF SEVERAL OCCURRENCES

COLUMN 17 PEAK WIND IN M.P.H.

PRELIMINARY LOCAL CLIMATOLOGICAL DATA (WS FORM: F-6) , PAGE 2

                                          STATION:  ST_CHARLES MO
                                          MONTH:    OCTOBER
                                          YEAR:     2013
                                          LATITUDE:   38 55 N
                                          LONGITUDE:  90 26 W

[TEMPERATURE DATA]      [PRECIPITATION DATA]       SYMBOLS USED IN COLUMN 16

AVERAGE MONTHLY: 57.0   TOTAL FOR MONTH:   2.31    1 = FOG OR MIST
DPTR FM NORMAL:   0.6   DPTR FM NORMAL:   -1.06    2 = FOG REDUCING VISIBILITY
HIGHEST:    89 ON  4    GRTST 24HR  1.01 ON 30-31      TO 1/4 MILE OR LESS
LOWEST:     25 ON 27                               3 = THUNDER
                        SNOW, ICE PELLETS, HAIL    4 = ICE PELLETS
                        TOTAL MONTH:   0.0 INCH    5 = HAIL
                        GRTST 24HR     0.0         6 = FREEZING RAIN OR DRIZZLE
                        GRTST DEPTH:   0           7 = DUSTSTORM OR SANDSTORM:
                                                       VSBY 1/2 MILE OR LESS
                                                   8 = SMOKE OR HAZE
[NO. OF DAYS WITH]      [WEATHER - DAYS WITH]      9 = BLOWING SNOW
                                                   X = TORNADO
MAX 32 OR BELOW:   0    0.01 INCH OR MORE:  12
MAX 90 OR ABOVE:   0    0.10 INCH OR MORE:   7
MIN 32 OR BELOW:   4    0.50 INCH OR MORE:   1
MIN  0 OR BELOW:   0    1.00 INCH OR MORE:   1

[HDD (BASE 65) ]
TOTAL THIS MO.   261    CLEAR  (SCALE 0-3)  15
DPTR FM NORMAL   -29    PTCLDY (SCALE 4-7)  15
TOTAL FM JUL 1   279    CLOUDY (SCALE 8-10)  1
DPTR FM NORMAL   -63

[CDD (BASE 65) ]
TOTAL THIS MO.    42
DPTR FM NORMAL    17    [PRESSURE DATA]
TOTAL FM JAN 1  1351    HIGHEST SLP 30.25 ON 29
DPTR FM NORMAL     7    LOWEST  SLP 29.37 ON 31

[REMARKS]
#FINAL-10-13#
