000
CXUS53 KLSX 040310
CF6SET
PRELIMINARY LOCAL CLIMATOLOGICAL DATA (WS FORM: F-6)

                                          STATION:   ST_CHARLES MO
                                          MONTH:     OCTOBER
                                          YEAR:      2015
                                          LATITUDE:   38 55 N
                                          LONGITUDE:  90 26 W

  TEMPERATURE IN F:       :PCPN:    SNOW:  WIND      :SUNSHINE: SKY     :PK WND
================================================================================
1   2   3   4   5  6A  6B    7    8   9   10  11  12  13   14  15   16   17  18
                                     12Z  AVG MX 2MIN
DY MAX MIN AVG DEP HDD CDD  WTR  SNW DPTH SPD SPD DIR MIN PSBL S-S WX    SPD DR
================================================================================

 1  69  48  59  -3   6   0 0.00  0.0    0 13.3 20  30   M    M   0        27  10
 2  70  45  58  -3   7   0 0.00  0.0    0 13.9 22  10   M    M   2        29  80
 3  59  46  53  -8  12   0 0.00  0.0    0 13.1 22  20   M    M   9        27  10
 4  59  49  54  -6  11   0 0.00  0.0    0  9.4 17  40   M    M   8 1      22  40
 5  72  53  63   3   2   0 0.00  0.0    0  6.3 13  10   M    M   2 18     17  20
 6  77  59  68   8   0   3 0.00  0.0    0  3.9 12 340   M    M   3 18     15  10
 7  74  56  65   6   0   0 0.00  0.0    0  2.0  9 260   M    M   6 12     12 280
 8  82  52  67   8   0   2 0.00  0.0    0  4.0 15 230   M    M   5 12     19 240
 9  69  53  61   2   4   0    T  0.0    0  8.4 15 360   M    M   7        20 310
10  69  47  58   0   7   0 0.00  0.0    0  2.1 12 360   M    M   3 18     15  10
11  80  44  62   4   3   0 0.00  0.0    0  7.2 17 190   M    M   1 1      23 180
12  79  56  68  10   0   3 0.01  0.0    0  7.6 24 280   M    M   0 8      31 280
13  72  44  58   1   7   0 0.00  0.0    0  9.0 20 290   M    M   0 8      25 290
14  74  40  57   0   8   0 0.00  0.0    0  2.4 12 340   M    M   0 18     14 330
15  79  41  60   3   5   0    T  0.0    0  6.9 20 330   M    M   2 18     25 340
16  63  42  53  -3  12   0 0.00  0.0    0  9.6 21 330   M    M   0        25 290
17  56  34  45 -11  20   0 0.00  0.0    0  6.0 17 350   M    M   1        22 350
18  63  31  47  -9  18   0 0.00  0.0    0  5.8 15 170   M    M   0 1      22 170
19  77  41  59   4   6   0 0.00  0.0    0  9.5 18 190   M    M   0        23 180
20  80  45  63   8   2   0 0.01  0.0    0 10.4 20 160   M    M   0 38     24 150
21  84  53  69  14   0   4 0.05  0.0    0  5.2 16 230   M    M   1 1      23 220
22  82  52  67  13   0   2 0.00  0.0    0  3.7  9 110   M    M   0 18     16  90
23  75  57  66  12   0   1 0.01  0.0    0 11.0 25 190   M    M   5 1      30 190
24  69  46  58   4   7   0 0.00  0.0    0 10.4 25 300   M    M   4        32 290
25  64  43  54   0  11   0 0.00  0.0    0  6.3 15  40   M    M   0        19  30
26  69  43  56   3   9   0 0.00  0.0    0 10.4 17  80   M    M   2        23 100
27  60  54  57   4   8   0 0.81  0.0    0 10.4 16 100   M    M  10 18     21 120
28  60  41  51  -2  14   0 0.02  0.0    0 11.4 23 280   M    M   8 18     30 280
29  56  38  47  -5  18   0    T  0.0    0  9.7 22 270   M    M   1        28 290
30  56  31  44  -8  21   0 0.01  0.0    0  5.6 13 160   M    M   3 12     16 160
31  58  49  54   2  11   0 0.44  0.0    0  7.7 18 120   M    M   8 1      23 120
================================================================================
SM 2156 1433       229  15  1.36     0.0 242.6          M       91
================================================================================
AV 69.5 46.2                               7.8 FASTST   M    M   3    MAX(MPH)
                                 MISC ---->  # 25 190               # 32  290
================================================================================
NOTES:
# LAST OF SEVERAL OCCURRENCES

COLUMN 17 PEAK WIND IN M.P.H.

PRELIMINARY LOCAL CLIMATOLOGICAL DATA (WS FORM: F-6) , PAGE 2

                                          STATION:  ST_CHARLES MO
                                          MONTH:    OCTOBER
                                          YEAR:     2015
                                          LATITUDE:   38 55 N
                                          LONGITUDE:  90 26 W

[TEMPERATURE DATA]      [PRECIPITATION DATA]       SYMBOLS USED IN COLUMN 16

AVERAGE MONTHLY: 57.9   TOTAL FOR MONTH:   1.36    1 = FOG OR MIST
DPTR FM NORMAL:   1.5   DPTR FM NORMAL:   -2.01    2 = FOG REDUCING VISIBILITY
HIGHEST:    84 ON 21    GRTST 24HR  0.81 ON 27-27      TO 1/4 MILE OR LESS
LOWEST:     31 ON 30,18                            3 = THUNDER
                        SNOW, ICE PELLETS, HAIL    4 = ICE PELLETS
                        TOTAL MONTH:   0.0 INCH    5 = HAIL
                        GRTST 24HR     0.0         6 = FREEZING RAIN OR DRIZZLE
                        GRTST DEPTH:   0           7 = DUSTSTORM OR SANDSTORM:
                                                       VSBY 1/2 MILE OR LESS
                                                   8 = SMOKE OR HAZE
[NO. OF DAYS WITH]      [WEATHER - DAYS WITH]      9 = BLOWING SNOW
                                                   X = TORNADO
MAX 32 OR BELOW:   0    0.01 INCH OR MORE:   8
MAX 90 OR ABOVE:   0    0.10 INCH OR MORE:   2
MIN 32 OR BELOW:   2    0.50 INCH OR MORE:   1
MIN  0 OR BELOW:   0    1.00 INCH OR MORE:   0

[HDD (BASE 65) ]
TOTAL THIS MO.   229    CLEAR  (SCALE 0-3)  20
DPTR FM NORMAL   -61    PTCLDY (SCALE 4-7)   9
TOTAL FM JUL 1   245    CLOUDY (SCALE 8-10)  2
DPTR FM NORMAL   -97

[CDD (BASE 65) ]
TOTAL THIS MO.    15
DPTR FM NORMAL   -10    [PRESSURE DATA]
TOTAL FM JAN 1  1456    HIGHEST SLP 30.55 ON 18
DPTR FM NORMAL   112    LOWEST  SLP 29.55 ON 28

[REMARKS]
#FINAL-10-15#
