000
CXUS53 KLSX 011600
CF6SET
PRELIMINARY LOCAL CLIMATOLOGICAL DATA (WS FORM: F-6)

                                          STATION:   ST_CHARLES MO
                                          MONTH:     APRIL
                                          YEAR:      2016
                                          LATITUDE:   38 55 N
                                          LONGITUDE:  90 26 W

  TEMPERATURE IN F:       :PCPN:    SNOW:  WIND      :SUNSHINE: SKY     :PK WND
================================================================================
1   2   3   4   5  6A  6B    7    8   9   10  11  12  13   14  15   16   17  18
                                     12Z  AVG MX 2MIN
DY MAX MIN AVG DEP HDD CDD  WTR  SNW DPTH SPD SPD DIR MIN PSBL S-S WX    SPD DR
================================================================================

 1  54  42  48  -3  17   0 0.00  0.0    0 12.3 24 280   M    M   6        31 260
 2  59  37  48  -3  17   0 0.00  0.0    0 15.8 40 290   M    M   0        49 290
 3  77  32  55   3  10   0 0.00  0.0    0 12.6 30 230   M    M   0        35 230
 4  66  40  53   1  12   0 0.00  0.0    0 11.0 18 310   M    M   0        24 310
 5  56  34  45  -7  20   0 0.00  0.0    0 14.5 26 140   M    M   0        31 140
 6  57  49  53   0  12   0 0.38  0.0    0 13.6 30 280   M    M   6 1      38 280
 7  58  41  50  -3  15   0 0.02  0.0    0 15.6 30 300   M    M   4        39 310
 8  56  36  46  -7  19   0 0.00  0.0    0 19.2 35 290   M    M   7        42 300
 9  50  29  40 -14  25   0 0.00  0.0    0  9.5 17 140   M    M   1        22 130
10  64  42  53  -1  12   0 1.09  0.0    0  9.2 18 200   M    M   8 138    22 190
11  58  42  50  -4  15   0 0.74  0.0    0  7.1 18 290   M    M   5 13     22 320
12  56  36  46  -9  19   0 0.00  0.0    0  6.8 13  10   M    M   0        19  10
13  63  35  49  -6  16   0 0.00  0.0    0  7.0 14  70   M    M   0        22 150
14  70  43  57   1   8   0 0.00  0.0    0  7.7 16  90   M    M   0        23 100
15  77  50  64   8   1   0 0.00  0.0    0 10.1 22 140   M    M   3        27 140
16  78  50  64   8   1   0 0.00  0.0    0 10.1 23 130   M    M   2        30 130
17  81  51  66  10   0   1 0.00  0.0    0  8.3 20 130   M    M   1        25 130
18  82  52  67  10   0   2 0.00  0.0    0  7.9 21 140   M    M   0        26 150
19  77  59  68  11   0   3    T  0.0    0  3.7 16 230   M    M   5 8      19 210
20  68  52  60   2   5   0 0.41  0.0    0  5.7 18 150   M    M   8 12     23 150
21  71  55  63   5   2   0 0.10  0.0    0  8.4 28 250   M    M   8 123    35 240
22  75  53  64   6   1   0 0.00  0.0    0  8.3 16  30   M    M   4        20 330
23  73  47  60   1   5   0 0.00  0.0    0  7.0 15 130   M    M   0 8      18 130
24  82  51  67   8   0   2 0.00  0.0    0 11.1 22 140   M    M   0 18     28 150
25  87  58  73  14   0   8 0.00  0.0    0 10.3 22 200   M    M   4        29 200
26  80  58  69   9   0   4 1.42  0.0    0  6.8 51 260   M    M   3 138    72 250
27  76  55  66   6   0   1 0.39  0.0    0 10.6 28 270   M    M   5 13     33 270
28  71  52  62   2   3   0 0.00  0.0    0  8.2 21 270   M    M   0 1      26 260
29  66  52  59  -1   6   0 0.25  0.0    0  8.6 17  80   M    M   5 1      24  40
30  74  57  66   5   0   1 1.39  0.0    0 10.0 28 100   M    M   8 13     35 110
================================================================================
SM 2062 1390       241  22  6.19     0.0 297.0          M       93
================================================================================
AV 68.7 46.3                               9.9 FASTST   M    M   3    MAX(MPH)
                                 MISC ---->  # 51 260               # 72  250
================================================================================
NOTES:
# LAST OF SEVERAL OCCURRENCES

COLUMN 17 PEAK WIND IN M.P.H.

PRELIMINARY LOCAL CLIMATOLOGICAL DATA (WS FORM: F-6) , PAGE 2

                                          STATION:  ST_CHARLES MO
                                          MONTH:    APRIL
                                          YEAR:     2016
                                          LATITUDE:   38 55 N
                                          LONGITUDE:  90 26 W

[TEMPERATURE DATA]      [PRECIPITATION DATA]       SYMBOLS USED IN COLUMN 16

AVERAGE MONTHLY: 57.5   TOTAL FOR MONTH:   6.19    1 = FOG OR MIST
DPTR FM NORMAL:   1.6   DPTR FM NORMAL:    2.39    2 = FOG REDUCING VISIBILITY
HIGHEST:    87 ON 25    GRTST 24HR  1.78 ON 10-11      TO 1/4 MILE OR LESS
LOWEST:     29 ON  9                               3 = THUNDER
                        SNOW, ICE PELLETS, HAIL    4 = ICE PELLETS
                        TOTAL MONTH:   0.0 INCH    5 = HAIL
                        GRTST 24HR     0.0         6 = FREEZING RAIN OR DRIZZLE
                        GRTST DEPTH:   0           7 = DUSTSTORM OR SANDSTORM:
                                                       VSBY 1/2 MILE OR LESS
                                                   8 = SMOKE OR HAZE
[NO. OF DAYS WITH]      [WEATHER - DAYS WITH]      9 = BLOWING SNOW
                                                   X = TORNADO
MAX 32 OR BELOW:   0    0.01 INCH OR MORE:  10
MAX 90 OR ABOVE:   0    0.10 INCH OR MORE:   9
MIN 32 OR BELOW:   2    0.50 INCH OR MORE:   4
MIN  0 OR BELOW:   0    1.00 INCH OR MORE:   3

[HDD (BASE 65) ]
TOTAL THIS MO.   241    CLEAR  (SCALE 0-3)  15
DPTR FM NORMAL   -53    PTCLDY (SCALE 4-7)  12
TOTAL FM JUL 1  3773    CLOUDY (SCALE 8-10)  3
DPTR FM NORMAL  -988

[CDD (BASE 65) ]
TOTAL THIS MO.    22
DPTR FM NORMAL     0    [PRESSURE DATA]
TOTAL FM JAN 1    23    HIGHEST SLP 30.44 ON  5
DPTR FM NORMAL    -1    LOWEST  SLP 29.55 ON 27

[REMARKS]
#FINAL-04-16#
