000
CXUS53 KLSX 011400
CF6SET
PRELIMINARY LOCAL CLIMATOLOGICAL DATA (WS FORM: F-6)
STATION: ST_CHARLES MO
MONTH: JULY
YEAR: 2022
LATITUDE: 38 55 N
LONGITUDE: 90 26 W
TEMPERATURE IN F: :PCPN: SNOW: WIND :SUNSHINE: SKY :PK WND
================================================================================
1 2 3 4 5 6A 6B 7 8 9 10 11 12 13 14 15 16 17 18
12Z AVG MX 2MIN
DY MAX MIN AVG DEP HDD CDD WTR SNW DPTH SPD SPD DIR MIN PSBL S-S WX SPD DR
================================================================================
1 97 69 83 5 0 18 0.01 0.0 0 5.3 16 10 M M 2 3 21 20
2 80 72 76 -2 0 11 0.11 0.0 0 6.9 13 70 M M 6 18 60
3 90 70 80 2 0 15 0.00 0.0 0 6.9 15 100 M M 5 19 120
4 96 73 85 7 0 20 0.00 0.0 0 7.5 15 180 M M 1 21 180
5 101 76 89 11 0 24 0.00 0.0 0 4.7 14 250 M M 0 20 230
6 92 77 85 7 0 20 0.09 0.0 0 5.8 18 360 M M 3 3 29 340
7 90 75 83 4 0 18 0.75 0.0 0 7.5 21 10 M M 4 138 27 10
8 94 76 85 6 0 20 0.26 0.0 0 5.1 13 360 M M 5 13 17 360
9 85 71 78 -1 0 13 0.29 0.0 0 9.4 18 50 M M 7 1 25 40
10 87 67 77 -2 0 12 0.00 0.0 0 4.1 10 50 M M 1 16 50
11 98 67 83 4 0 18 0.00 0.0 0 4.6 15 340 M M 1 22 330
12 89 68 79 0 0 14 0.00 0.0 0 6.1 13 10 M M 1 19 320
13 92 63 78 -1 0 13 0.00 0.0 0 3.4 13 310 M M 0 17 320
14 96 66 81 2 0 16 0.00 0.0 0 3.4 9 100 M M 0 1 13 110
15 90 69 80 1 0 15 T 0.0 0 5.3 14 110 M M 1 17 110
16 99 73 86 7 0 21 0.00 0.0 0 6.3 15 280 M M 1 21 280
17 82 69 76 -3 0 11 0.61 0.0 0 3.2 10 320 M M 6 1 11 310
18 90 67 79 0 0 14 0.00 0.0 0 1.5 7 110 M M 3 12 11 290
19 93 70 82 3 0 17 0.00 0.0 0 5.3 14 150 M M 0 12 17 140
20 97 73 85 6 0 20 0.00 0.0 0 5.2 15 300 M M 0 18 20 290
21 96 67 82 3 0 17 0.00 0.0 0 3.0 10 290 M M 0 14 250
22 97 69 83 4 0 18 0.00 0.0 0 4.5 12 30 M M 0 16 30
23 102 73 88 9 0 23 0.00 0.0 0 6.9 16 170 M M 0 23 160
24 99 72 86 7 0 21 0.00 0.0 0 8.2 21 280 M M 1 28 250
25 80 61 71 -8 0 6 1.29 0.0 0 4.6 17 110 M M 4 13 21 120
26 79 61 70 -9 0 5 3.19 0.0 0 5.4 20 350 M M 6 138 29 360
27 84 72 78 -1 0 13 0.50 0.0 0 6.8 18 170 M M 4 13 24 310
28 87 68 78 -1 0 13 0.07 0.0 0 3.5 13 10 M M 6 123 15 360
29 84 64 74 -5 0 9 0.00 0.0 0 3.0 13 340 M M 1 15 340
30 82 63 73 -5 0 8 0.00 0.0 0 3.5 10 80 M M 1 18 14 80
31 86 68 77 -1 0 12 0.00 0.0 0 5.1 10 200 M M 7 15 170
================================================================================
SM 2814 2149 0 475 7.17 0.0 162.0 M 77
================================================================================
AV 90.8 69.3 5.2 FASTST M M 2 MAX(MPH)
MISC ----> # 21 10 # 29 340
================================================================================
NOTES:
# LAST OF SEVERAL OCCURRENCES
COLUMN 17 PEAK WIND IN M.P.H.
PRELIMINARY LOCAL CLIMATOLOGICAL DATA (WS FORM: F-6) , PAGE 2
STATION: ST_CHARLES MO
MONTH: JULY
YEAR: 2022
LATITUDE: 38 55 N
LONGITUDE: 90 26 W
[TEMPERATURE DATA] [PRECIPITATION DATA] SYMBOLS USED IN COLUMN 16
AVERAGE MONTHLY: 80.0 TOTAL FOR MONTH: 7.17 1 = FOG OR MIST
DPTR FM NORMAL: 1.4 DPTR FM NORMAL: 3.43 2 = FOG REDUCING VISIBILITY
HIGHEST: 102 ON 23 GRTST 24HR 4.47 ON 25-26 TO 1/4 MILE OR LESS
LOWEST: 61 ON 26,25 3 = THUNDER
SNOW, ICE PELLETS, HAIL 4 = ICE PELLETS
TOTAL MONTH: 0.0 INCH 5 = HAIL
GRTST 24HR 0.0 6 = FREEZING RAIN OR DRIZZLE
GRTST DEPTH: 0 7 = DUSTSTORM OR SANDSTORM:
VSBY 1/2 MILE OR LESS
8 = SMOKE OR HAZE
[NO. OF DAYS WITH] [WEATHER - DAYS WITH] 9 = BLOWING SNOW
X = TORNADO
MAX 32 OR BELOW: 0 0.01 INCH OR MORE: 11
MAX 90 OR ABOVE: 19 0.10 INCH OR MORE: 8
MIN 32 OR BELOW: 0 0.50 INCH OR MORE: 5
MIN 0 OR BELOW: 0 1.00 INCH OR MORE: 2
[HDD (BASE 65) ]
TOTAL THIS MO. 0 CLEAR (SCALE 0-3) 19
DPTR FM NORMAL 0 PTCLDY (SCALE 4-7) 12
TOTAL FM JUL 1 0 CLOUDY (SCALE 8-10) 0
DPTR FM NORMAL 0
[CDD (BASE 65) ]
TOTAL THIS MO. 475
DPTR FM NORMAL 53 [PRESSURE DATA]
TOTAL FM JAN 1 1051 HIGHEST SLP 30.18 ON 30
DPTR FM NORMAL 156 LOWEST SLP 29.69 ON 20
[REMARKS]
#FINAL-07-22#