956
CXUS52 KMLB 010627
CF6SFB
PRELIMINARY LOCAL CLIMATOLOGICAL DATA (WS FORM: F-6)
STATION: SANFORD
MONTH: JUNE
YEAR: 2020
LATITUDE: 28 46 N
LONGITUDE: 81 15 W
TEMPERATURE IN F: :PCPN: SNOW: WIND :SUNSHINE: SKY :PK WND
================================================================================
1 2 3 4 5 6A 6B 7 8 9 10 11 12 13 14 15 16 17 18
12Z AVG MX 2MIN
DY MAX MIN AVG DEP HDD CDD WTR SNW DPTH SPD SPD DIR MIN PSBL S-S WX SPD DR
================================================================================
1 90 74 82 2 0 17 0.66 0.0 0 11.1 23 80 M M 7 13 27 80
2 86 74 80 0 0 15 0.00 0.0 0 10.7 20 70 M M 7 25 70
3 85 72 79 -1 0 14 0.01 0.0 0 6.5 14 150 M M 5 19 150
4 79 73 76 -4 0 11 1.09 0.0 0 5.7 16 100 M M 7 1 18 110
5 91 73 82 1 0 17 0.07 0.0 0 5.3 22 150 M M 3 3 25 140
6 82 72 77 -4 0 12 0.66 0.0 0 5.8 31 250 M M 6 13 36 260
7 86 73 80 -1 0 15 0.66 0.0 0 7.0 29 120 M M 8 13 39 140
8 90 75 83 2 0 18 0.47 0.0 0 5.5 28 270 M M 5 138 35 250
9 92 75 84 3 0 19 0.15 0.0 0 3.4 16 190 M M 2 13 20 190
10 94 75 85 4 0 20 0.60 0.0 0 2.1 20 120 M M 2 38 24 120
11 90 74 82 1 0 17 0.00 0.0 0 5.8 18 120 M M 1 3 21 120
12 90 73 82 1 0 17 0.00 0.0 0 6.7 16 90 M M 2 21 100
13 88 74 81 0 0 16 T 0.0 0 6.0 15 10 M M 1 22 270
14 89 73 81 -1 0 16 T 0.0 0 6.3 18 10 M M 1 3 23 10
15 89 73 81 -1 0 16 0.00 0.0 0 9.3 20 40 M M 1 26 40
16 86 71 79 -3 0 14 0.00 0.0 0 7.2 17 50 M M 2 20 50
17 90 70 80 -2 0 15 0.01 0.0 0 6.3 20 110 M M 4 24 100
18 92 72 82 0 0 17 0.21 0.0 0 5.8 18 110 M M 4 38 22 100
19 91 73 82 0 0 17 0.03 0.0 0 4.9 20 100 M M 4 3 25 50
20 94 73 84 2 0 19 0.00 0.0 0 5.7 15 70 M M 3 18 60
21 95 74 85 3 0 20 0.00 0.0 0 4.4 14 280 M M 1 19 270
22 96 75 86 4 0 21 T 0.0 0 5.6 24 200 M M 3 38 31 200
23 96 73 85 3 0 20 0.00 0.0 0 7.3 18 280 M M 0 3 21 360
24 98 73 86 4 0 21 0.69 0.0 0 7.5 41 160 M M 3 138 59 150
25 97 75 86 4 0 21 0.00 0.0 0 3.5 16 130 M M 1 21 140
26 96 76 86 4 0 21 0.00 0.0 0 5.4 17 60 M M 0 21 70
27 95 79 87 5 0 22 0.00 0.0 0 4.8 10 160 M M 0 14 160
28 96 78 87 5 0 22 0.00 0.0 0 6.1 13 190 M M 1 15 190
29 98 78 88 6 0 23 T 0.0 0 5.7 18 340 M M 3 3 22 340
30 99 77 88 5 0 23 0.12 0.0 0 6.5 18 140 M M 3 138 23 290
================================================================================
SM 2740 2220 0 536 5.43 0.0 183.9 M 90
================================================================================
AV 91.3 74.0 6.1 FASTST M M 3 MAX(MPH)
MISC ----> 41 160 59 150
================================================================================
NOTES:
# LAST OF SEVERAL OCCURRENCES
COLUMN 17 PEAK WIND IN M.P.H.
PRELIMINARY LOCAL CLIMATOLOGICAL DATA (WS FORM: F-6) , PAGE 2
STATION: SANFORD
MONTH: JUNE
YEAR: 2020
LATITUDE: 28 46 N
LONGITUDE: 81 15 W
[TEMPERATURE DATA] [PRECIPITATION DATA] SYMBOLS USED IN COLUMN 16
AVERAGE MONTHLY: 82.7 TOTAL FOR MONTH: 5.43 1 = FOG OR MIST
DPTR FM NORMAL: 1.2 DPTR FM NORMAL: -1.78 2 = FOG REDUCING VISIBILITY
HIGHEST: 99 ON 30 GRTST 24HR 1.11 ON 7- 8 TO 1/4 MILE OR LESS
LOWEST: 70 ON 17 3 = THUNDER
SNOW, ICE PELLETS, HAIL 4 = ICE PELLETS
TOTAL MONTH: 0.0 INCH 5 = HAIL
GRTST 24HR 0.0 6 = FREEZING RAIN OR DRIZZLE
GRTST DEPTH: 0 7 = DUSTSTORM OR SANDSTORM:
VSBY 1/2 MILE OR LESS
8 = SMOKE OR HAZE
[NO. OF DAYS WITH] [WEATHER - DAYS WITH] 9 = BLOWING SNOW
X = TORNADO
MAX 32 OR BELOW: 0 0.01 INCH OR MORE: 14
MAX 90 OR ABOVE: 21 0.10 INCH OR MORE: 10
MIN 32 OR BELOW: 0 0.50 INCH OR MORE: 6
MIN 0 OR BELOW: 0 1.00 INCH OR MORE: 1
[HDD (BASE 65) ]
TOTAL THIS MO. 0 CLEAR (SCALE 0-3) 17
DPTR FM NORMAL 0 PTCLDY (SCALE 4-7) 13
TOTAL FM JUL 1 345 CLOUDY (SCALE 8-10) 0
DPTR FM NORMAL -253
[CDD (BASE 65) ]
TOTAL THIS MO. 536
DPTR FM NORMAL 41 [PRESSURE DATA]
TOTAL FM JAN 1 1741 HIGHEST SLP M ON M
DPTR FM NORMAL 454 LOWEST SLP 29.90 ON 7
[REMARKS]
#FINAL-06-20#