000
CXUS52 KMLB 011250
CF6SFB
PRELIMINARY LOCAL CLIMATOLOGICAL DATA (WS FORM: F-6)
STATION: SANFORD
MONTH: APRIL
YEAR: 2020
LATITUDE: 28 46 N
LONGITUDE: 81 15 W
TEMPERATURE IN F: :PCPN: SNOW: WIND :SUNSHINE: SKY :PK WND
================================================================================
1 2 3 4 5 6A 6B 7 8 9 10 11 12 13 14 15 16 17 18
12Z AVG MX 2MIN
DY MAX MIN AVG DEP HDD CDD WTR SNW DPTH SPD SPD DIR MIN PSBL S-S WX SPD DR
================================================================================
1 75 58 67 -2 0 2 0.00 0.0 0 9.7 20 330 M M 2 25 330
2 79 52 66 -3 0 1 0.00 0.0 0 4.1 14 80 M M 0 17 90
3 83 54 69 0 0 4 0.00 0.0 0 4.2 16 80 M M 0 19 70
4 87 58 73 3 0 8 0.00 0.0 0 3.8 16 80 M M 1 19 90
5 71 63 67 -3 0 2 0.26 0.0 0 6.4 16 70 M M 8 1 23 40
6 83 64 74 4 0 9 0.01 0.0 0 7.6 18 100 M M 8 26 90
7 87 61 74 4 0 9 0.00 0.0 0 5.0 15 110 M M 0 20 100
8 90 69 80 10 0 15 0.00 0.0 0 9.3 18 260 M M 2 22 260
9 91 73 82 12 0 17 0.00 0.0 0 13.8 24 280 M M 4 29 290
10 84 62 73 3 0 8 0.00 0.0 0 9.6 17 10 M M 5 24 260
11 83 59 71 0 0 6 0.00 0.0 0 8.5 18 100 M M 2 22 100
12 90 68 79 8 0 14 0.00 0.0 0 13.0 22 120 M M 6 28 110
13 97 74 86 15 0 21 0.00 0.0 0 13.5 28 240 M M 5 38 240
14 92 73 83 12 0 18 0.00 0.0 0 6.6 14 120 M M 2 1 20 230
15 90 66 78 7 0 13 0.16 0.0 0 9.8 22 280 M M 6 18 28 280
16 71 60 66 -6 0 1 0.08 0.0 0 10.7 21 40 M M 9 1 25 50
17 83 62 73 1 0 8 0.00 0.0 0 9.7 20 100 M M 7 27 100
18 83 71 77 5 0 12 0.23 0.0 0 8.2 21 220 M M 5 13 28 230
19 94 71 83 11 0 18 0.00 0.0 0 8.4 20 240 M M 1 24 240
20 88 67 78 6 0 13 0.31 0.0 0 15.0 38 330 M M 2 13 62 330
21 87 64 76 4 0 11 0.00 0.0 0 8.4 16 280 M M 0 21 230
22 83 62 73 1 0 8 0.00 0.0 0 7.7 16 60 M M 0 19 50
23 92 65 79 6 0 14 0.00 0.0 0 10.7 22 180 M M 2 30 190
24 80 69 75 2 0 10 0.58 0.0 0 9.4 25 190 M M 5 13 34 220
25 87 67 77 4 0 12 0.00 0.0 0 5.8 13 190 M M 5 15 210
26 89 67 78 5 0 13 0.00 0.0 0 9.9 23 280 M M 3 1 29 290
27 79 59 69 -4 0 4 0.00 0.0 0 8.6 18 80 M M 0 22 330
28 82 57 70 -4 0 5 0.00 0.0 0 7.2 17 90 M M 0 22 100
29 88 61 75 1 0 10 0.00 0.0 0 8.9 22 120 M M 1 25 120
30 82 62 72 -2 0 7 0.25 0.0 0 11.7 23 270 M M 5 13 32 240
================================================================================
SM 2550 1918 0 293 1.88 0.0 265.2 M 96
================================================================================
AV 85.0 63.9 8.8 FASTST M M 3 MAX(MPH)
MISC ----> 38 330 62 330
================================================================================
NOTES:
# LAST OF SEVERAL OCCURRENCES
COLUMN 17 PEAK WIND IN M.P.H.
PRELIMINARY LOCAL CLIMATOLOGICAL DATA (WS FORM: F-6) , PAGE 2
STATION: SANFORD
MONTH: APRIL
YEAR: 2020
LATITUDE: 28 46 N
LONGITUDE: 81 15 W
[TEMPERATURE DATA] [PRECIPITATION DATA] SYMBOLS USED IN COLUMN 16
AVERAGE MONTHLY: 74.5 TOTAL FOR MONTH: 1.88 1 = FOG OR MIST
DPTR FM NORMAL: 3.1 DPTR FM NORMAL: -0.57 2 = FOG REDUCING VISIBILITY
HIGHEST: 97 ON 13 GRTST 24HR 0.58 ON 23-24 TO 1/4 MILE OR LESS
LOWEST: 52 ON 2 3 = THUNDER
SNOW, ICE PELLETS, HAIL 4 = ICE PELLETS
TOTAL MONTH: 0.0 INCH 5 = HAIL
GRTST 24HR 0.0 6 = FREEZING RAIN OR DRIZZLE
GRTST DEPTH: 0 7 = DUSTSTORM OR SANDSTORM:
VSBY 1/2 MILE OR LESS
8 = SMOKE OR HAZE
[NO. OF DAYS WITH] [WEATHER - DAYS WITH] 9 = BLOWING SNOW
X = TORNADO
MAX 32 OR BELOW: 0 0.01 INCH OR MORE: 8
MAX 90 OR ABOVE: 8 0.10 INCH OR MORE: 6
MIN 32 OR BELOW: 0 0.50 INCH OR MORE: 1
MIN 0 OR BELOW: 0 1.00 INCH OR MORE: 0
[HDD (BASE 65) ]
TOTAL THIS MO. 0 CLEAR (SCALE 0-3) 17
DPTR FM NORMAL -15 PTCLDY (SCALE 4-7) 12
TOTAL FM JUL 1 345 CLOUDY (SCALE 8-10) 1
DPTR FM NORMAL -253
[CDD (BASE 65) ]
TOTAL THIS MO. 293
DPTR FM NORMAL 85 [PRESSURE DATA]
TOTAL FM JAN 1 803 HIGHEST SLP 30.22 ON 16
DPTR FM NORMAL 391 LOWEST SLP 29.69 ON 20
[REMARKS]
#FINAL-04-20#