000
CXUS52 KMLB 010636
CF6SFB
PRELIMINARY LOCAL CLIMATOLOGICAL DATA (WS FORM: F-6)
STATION: SANFORD
MONTH: MARCH
YEAR: 2020
LATITUDE: 28 46 N
LONGITUDE: 81 15 W
TEMPERATURE IN F: :PCPN: SNOW: WIND :SUNSHINE: SKY :PK WND
================================================================================
1 2 3 4 5 6A 6B 7 8 9 10 11 12 13 14 15 16 17 18
12Z AVG MX 2MIN
DY MAX MIN AVG DEP HDD CDD WTR SNW DPTH SPD SPD DIR MIN PSBL S-S WX SPD DR
================================================================================
1 71 40 56 -8 9 0 0.00 0.0 0 4.7 12 90 M M 0 27 130
2 78 52 65 1 0 0 0.00 0.0 0 6.5 20 190 M M 3 25 210
3 84 61 73 8 0 8 0.00 0.0 0 9.0 21 220 M M 0 27 250
4 88 63 76 11 0 11 0.00 0.0 0 7.0 20 220 M M 3 1 27 230
5 91 71 81 16 0 16 T 0.0 0 14.1 32 250 M M 3 43 260
6 78 59 69 4 0 4 0.02 0.0 0 11.9 22 280 M M 5 27 350
7 63 49 56 -9 9 0 0.00 0.0 0 13.2 23 360 M M 0 30 350
8 75 50 63 -2 2 0 0.00 0.0 0 10.1 23 80 M M 5 29 100
9 76 54 65 -1 0 0 T 0.0 0 10.1 24 100 M M 7 29 100
10 79 59 69 3 0 4 0.01 0.0 0 5.8 20 130 M M 4 1 22 120
11 83 58 71 5 0 6 0.00 0.0 0 4.1 13 140 M M 4 1 16 130
12 84 62 73 7 0 8 0.00 0.0 0 4.3 14 100 M M 1 17 100
13 88 61 75 9 0 10 0.00 0.0 0 4.3 14 100 M M 1 1 17 100
14 87 61 74 8 0 9 0.00 0.0 0 4.7 15 100 M M 0 22 60
15 89 63 76 10 0 11 0.00 0.0 0 3.4 15 60 M M 1 1 20 100
16 82 66 74 7 0 9 0.00 0.0 0 6.6 17 80 M M 7 20 50
17 86 64 75 8 0 10 0.00 0.0 0 6.2 15 130 M M 1 1 19 140
18 87 64 76 9 0 11 0.00 0.0 0 6.4 18 90 M M 0 1 22 90
19 88 62 75 8 0 10 0.00 0.0 0 7.7 18 120 M M 1 24 110
20 88 64 76 9 0 11 0.00 0.0 0 6.7 17 130 M M 0 20 120
21 89 66 78 11 0 13 0.00 0.0 0 5.0 15 130 M M 2 20 130
22 89 67 78 10 0 13 0.00 0.0 0 6.2 16 120 M M 1 22 140
23 89 69 79 11 0 14 0.00 0.0 0 7.2 15 160 M M 4 19 180
24 90 65 78 10 0 13 0.00 0.0 0 6.1 16 240 M M 3 22 230
25 89 67 78 10 0 13 0.00 0.0 0 12.0 23 270 M M 2 31 270
26 87 69 78 10 0 13 0.00 0.0 0 7.5 16 100 M M 3 1 19 80
27 91 70 81 13 0 16 0.00 0.0 0 7.2 15 130 M M 2 19 130
28 93 67 80 12 0 15 0.00 0.0 0 7.8 16 120 M M 0 19 110
29 92 66 79 10 0 14 0.00 0.0 0 5.5 13 200 M M 0 18 200
30 93 68 81 12 0 16 0.00 0.0 0 3.2 14 230 M M 2 8 16 220
31 91 68 80 11 0 15 0.39 0.0 0 13.8 31 250 M M 4 13 38 250
================================================================================
SM 2638 1925 20 293 0.42 0.0 228.3 M 69
================================================================================
AV 85.1 62.1 7.4 FASTST M M 2 MAX(MPH)
MISC ----> 32 250 43 260
================================================================================
NOTES:
# LAST OF SEVERAL OCCURRENCES
COLUMN 17 PEAK WIND IN M.P.H.
PRELIMINARY LOCAL CLIMATOLOGICAL DATA (WS FORM: F-6) , PAGE 2
STATION: SANFORD
MONTH: MARCH
YEAR: 2020
LATITUDE: 28 46 N
LONGITUDE: 81 15 W
[TEMPERATURE DATA] [PRECIPITATION DATA] SYMBOLS USED IN COLUMN 16
AVERAGE MONTHLY: 73.6 TOTAL FOR MONTH: 0.42 1 = FOG OR MIST
DPTR FM NORMAL: 7.0 DPTR FM NORMAL: -3.69 2 = FOG REDUCING VISIBILITY
HIGHEST: 93 ON 30,28 GRTST 24HR 0.39 ON 31-31 TO 1/4 MILE OR LESS
LOWEST: 40 ON 1 3 = THUNDER
SNOW, ICE PELLETS, HAIL 4 = ICE PELLETS
TOTAL MONTH: 0.0 INCH 5 = HAIL
GRTST 24HR 0.0 6 = FREEZING RAIN OR DRIZZLE
GRTST DEPTH: 0 7 = DUSTSTORM OR SANDSTORM:
VSBY 1/2 MILE OR LESS
8 = SMOKE OR HAZE
[NO. OF DAYS WITH] [WEATHER - DAYS WITH] 9 = BLOWING SNOW
X = TORNADO
MAX 32 OR BELOW: 0 0.01 INCH OR MORE: 3
MAX 90 OR ABOVE: 7 0.10 INCH OR MORE: 1
MIN 32 OR BELOW: 0 0.50 INCH OR MORE: 0
MIN 0 OR BELOW: 0 1.00 INCH OR MORE: 0
[HDD (BASE 65) ]
TOTAL THIS MO. 20 CLEAR (SCALE 0-3) 21
DPTR FM NORMAL -38 PTCLDY (SCALE 4-7) 10
TOTAL FM JUL 1 345 CLOUDY (SCALE 8-10) 0
DPTR FM NORMAL -236
[CDD (BASE 65) ]
TOTAL THIS MO. 293
DPTR FM NORMAL 185 [PRESSURE DATA]
TOTAL FM JAN 1 510 HIGHEST SLP M ON M
DPTR FM NORMAL 306 LOWEST SLP 29.68 ON 31
[REMARKS]
#FINAL-03-20#