000
CXUS54 KLZK 011230
CF6SGT
PRELIMINARY LOCAL CLIMATOLOGICAL DATA (WS FORM: F-6)
STATION: STUTTGART AIRPORT
MONTH: JUNE
YEAR: 2023
LATITUDE: 34 35 N
LONGITUDE: 91 34 W
TEMPERATURE IN F: :PCPN: SNOW: WIND :SUNSHINE: SKY :PK WND
================================================================================
1 2 3 4 5 6A 6B 7 8 9 10 11 12 13 14 15 16 17 18
12Z AVG MX 2MIN
DY MAX MIN AVG DEP HDD CDD WTR SNW DPTH SPD SPD DIR MIN PSBL S-S WX SPD DR
================================================================================
1 90 68 79 4 0 14 0.00 M M 5.5 10 160 M M 1 8 M M
2 91 71 81 5 0 16 0.00 M M 3.9 12 100 M M 1 M M
3 93 70 82 6 0 17 0.00 M M 8.1 15 30 M M 1 8 18 30
4 92 66 79 3 0 14 0.00 M M 6.4 10 40 M M 1 16 40
5 92 70 81 5 0 16 0.00 M M 6.8 14 40 M M 2 M M
6 89 68 79 2 0 14 0.00 M M 5.4 14 220 M M 0 M M
7 91 67 79 2 0 14 0.00 M M 3.7 10 10 M M 0 M M
8 86 70 78 1 0 13 T M M 6.4 18 20 M M 1 M M
9 85 70 78 1 0 13 0.06 M M 5.1 12 340 M M 4 1 M M
10 88 70 79 1 0 14 0.07 M M 7.6 29 310 M M 2 13 39 310
11 90 67 79 1 0 14 0.69 M M 9.1 21 250 M M 4 13 35 250
12 77 67 72 -6 0 7 T M M 6.8 14 20 M M 4 M M
13 81 66 74 -4 0 9 T M M 6.1 14 190 M M 4 M M
14 84 69 77 -2 0 12 1.45 M M 5.1 24 360 M M 5 13 31 360
15 88 68 78 -1 0 13 0.00 M M 4.0 10 270 M M 0 1 M M
16 89 73 81 2 0 16 0.23 M M 7.1 17 220 M M 3 13 M M
17 90 71 81 2 0 16 0.00 M M 4.9 7 80 M M 2 1 M M
18 83 69 76 -4 0 11 0.80 M M 8.4 18 290 M M 5 13 36 290
19 89 68 79 -1 0 14 0.00 M M 6.9 12 270 M M 0 M M
20 88 71 80 0 0 15 0.00 M M 5.6 13 20 M M 0 M M
21 86 71 79 -1 0 14 0.00 M M 9.7 16 30 M M 1 1 M M
22 85 70 78 -2 0 13 0.00 M M 8.2 14 40 M M 2 M M
23 90 68 79 -1 0 14 0.00 M M 4.2 8 190 M M 0 M M
24 94 69 82 1 0 17 0.00 M M 9.1 15 170 M M 0 18 200
25 96 78 87 6 0 22 T M M 9.8 14 220 M M 1 3 M M
26 89 78 84 3 0 19 T M M 4.6 10 280 M M 0 8 M M
27 88 72 80 -1 0 15 0.00 M M 3.9 9 310 M M 1 M M
28 95 73 84 3 0 19 0.03 M M 7.4 15 180 M M 2 M M
29 98 79 89 8 0 24 0.00 M M 8.7 13 210 M M 0 M M
30 98 79 89 8 0 24 0.00 M M 7.0 14 240 M M 1 M M
================================================================================
SM 2675 2116 0 453 3.33 M 195.5 M 48
================================================================================
AV 89.2 70.5 6.5 FASTST M M 2 MAX(MPH)
MISC ----> 29 310 39 310
================================================================================
NOTES:
# LAST OF SEVERAL OCCURRENCES
COLUMN 17 PEAK WIND IN M.P.H.
PRELIMINARY LOCAL CLIMATOLOGICAL DATA (WS FORM: F-6) , PAGE 2
STATION: STUTTGART AIRPORT
MONTH: JUNE
YEAR: 2023
LATITUDE: 34 35 N
LONGITUDE: 91 34 W
[TEMPERATURE DATA] [PRECIPITATION DATA] SYMBOLS USED IN COLUMN 16
AVERAGE MONTHLY: 79.9 TOTAL FOR MONTH: 3.33 1 = FOG OR MIST
DPTR FM NORMAL: 1.1 DPTR FM NORMAL: 0.03 2 = FOG REDUCING VISIBILITY
HIGHEST: 98 ON 30,29 GRTST 24HR 1.45 ON 13-14 TO 1/4 MILE OR LESS
LOWEST: 66 ON 13, 4 3 = THUNDER
SNOW, ICE PELLETS, HAIL 4 = ICE PELLETS
TOTAL MONTH: M 5 = HAIL
GRTST 24HR M ON M 6 = FREEZING RAIN OR DRIZZLE
GRTST DEPTH: M ON M 7 = DUSTSTORM OR SANDSTORM:
VSBY 1/2 MILE OR LESS
8 = SMOKE OR HAZE
[NO. OF DAYS WITH] [WEATHER - DAYS WITH] 9 = BLOWING SNOW
X = TORNADO
MAX 32 OR BELOW: 0 0.01 INCH OR MORE: 7
MAX 90 OR ABOVE: 14 0.10 INCH OR MORE: 4
MIN 32 OR BELOW: 0 0.50 INCH OR MORE: 3
MIN 0 OR BELOW: 0 1.00 INCH OR MORE: 1
[HDD (BASE 65) ]
TOTAL THIS MO. 0 CLEAR (SCALE 0-3) 24
DPTR FM NORMAL 0 PTCLDY (SCALE 4-7) 6
TOTAL FM JUL 1 2315 CLOUDY (SCALE 8-10) 0
DPTR FM NORMAL -872
[CDD (BASE 65) ]
TOTAL THIS MO. 453
DPTR FM NORMAL 43 [PRESSURE DATA]
TOTAL FM JAN 1 797 HIGHEST SLP 30.02 ON 23
DPTR FM NORMAL 120 LOWEST SLP 29.66 ON 14
[REMARKS]
#FINAL-06-23#