000
CXUS54 KLZK 011230
CF6SGT
PRELIMINARY LOCAL CLIMATOLOGICAL DATA (WS FORM: F-6)
STATION: STUTTGART AIRPORT
MONTH: OCTOBER
YEAR: 2022
LATITUDE: 34 35 N
LONGITUDE: 91 34 W
TEMPERATURE IN F: :PCPN: SNOW: WIND :SUNSHINE: SKY :PK WND
================================================================================
1 2 3 4 5 6A 6B 7 8 9 10 11 12 13 14 15 16 17 18
12Z AVG MX 2MIN
DY MAX MIN AVG DEP HDD CDD WTR SNW DPTH SPD SPD DIR MIN PSBL S-S WX SPD DR
================================================================================
1 79 46 63 -5 2 0 0.00 M M 8.6 14 40 M M 0 24 360
2 82 48 65 -2 0 0 0.00 M M 8.4 14 20 M M 0 16 30
3 80 49 65 -2 0 0 0.00 M M 8.6 16 20 M M 0 22 20
4 80 48 64 -3 1 0 0.00 M M 6.2 12 40 M M 0 M M
5 81 46 64 -2 1 0 0.00 M M 5.0 12 340 M M 0 M M
6 88 53 71 5 0 6 0.00 M M 6.0 14 340 M M 0 21 340
7 82 54 68 2 0 3 0.00 M M 8.0 13 40 M M 0 M M
8 72 49 61 -4 4 0 0.00 M M 8.1 13 40 M M 0 M M
9 79 48 64 -1 1 0 0.00 M M 3.9 12 240 M M 0 M M
10 86 55 71 6 0 6 0.00 M M 4.7 8 170 M M 2 8 M M
11 84 58 71 7 0 6 T M M 9.9 17 190 M M 0 31 90
12 89 58 74 10 0 9 0.02 M M 11.9 21 220 M M 1 8 30 220
13 76 50 63 -1 2 0 0.00 M M 8.4 15 300 M M 0 20 310
14 85 45 65 2 0 0 0.00 M M 10.7 20 210 M M 0 25 240
15 90 56 73 10 0 8 0.21 M M 10.9 17 220 M M 3 3 32 340
16 75 59 67 4 0 2 0.10 M M 5.5 13 110 M M 4 M M
17 65 41 53 -9 12 0 0.00 M M 12.8 21 360 M M 0 23 330
18 53 34 44 -18 21 0 0.00 M M 10.5 20 350 M M 0 23 350
19 57 29 43 -19 22 0 0.00 M M 6.1 13 270 M M 0 22 270
20 73 35 54 -7 11 0 0.00 M M 7.3 12 220 M M 0 M M
21 82 46 64 3 1 0 0.00 M M 8.2 13 210 M M 0 20 180
22 81 62 72 11 0 7 0.00 M M 16.7 28 210 M M 0 36 210
23 83 64 74 13 0 9 0.00 M M 15.4 24 170 M M 2 33 170
24 84 66 75 15 0 10 0.00 M M 17.4 24 170 M M 3 35 180
25 75 44 60 0 5 0 0.20 M M 18.2 28 250 M M 7 1 40 250
26 68 42 55 -5 10 0 0.00 M M 9.6 17 20 M M 0 M M
27 68 39 54 -5 11 0 0.00 M M 8.3 15 60 M M 0 M M
28 72 43 58 -1 7 0 0.00 M M 9.8 15 30 M M 1 8 M M
29 65 60 63 4 2 0 0.58 M M 11.0 20 90 M M 8 1 27 90
30 64 57 61 3 4 0 T M M 7.6 14 220 M M 10 1 M M
31 74 55 65 7 0 0 0.00 M M 7.0 12 270 M M 3 1 M M
================================================================================
SM 2372 1539 117 66 1.11 M 290.8 M 44
================================================================================
AV 76.5 49.6 9.4 FASTST M M 1 MAX(MPH)
MISC ----> # 28 210 40 250
================================================================================
NOTES:
# LAST OF SEVERAL OCCURRENCES
COLUMN 17 PEAK WIND IN M.P.H.
PRELIMINARY LOCAL CLIMATOLOGICAL DATA (WS FORM: F-6) , PAGE 2
STATION: STUTTGART AIRPORT
MONTH: OCTOBER
YEAR: 2022
LATITUDE: 34 35 N
LONGITUDE: 91 34 W
[TEMPERATURE DATA] [PRECIPITATION DATA] SYMBOLS USED IN COLUMN 16
AVERAGE MONTHLY: 63.1 TOTAL FOR MONTH: 1.11 1 = FOG OR MIST
DPTR FM NORMAL: 0.3 DPTR FM NORMAL: -3.55 2 = FOG REDUCING VISIBILITY
HIGHEST: 90 ON 15 GRTST 24HR 0.58 ON 28-29 TO 1/4 MILE OR LESS
LOWEST: 29 ON 19 3 = THUNDER
SNOW, ICE PELLETS, HAIL 4 = ICE PELLETS
TOTAL MONTH: M 5 = HAIL
GRTST 24HR M ON M 6 = FREEZING RAIN OR DRIZZLE
GRTST DEPTH: M ON M 7 = DUSTSTORM OR SANDSTORM:
VSBY 1/2 MILE OR LESS
8 = SMOKE OR HAZE
[NO. OF DAYS WITH] [WEATHER - DAYS WITH] 9 = BLOWING SNOW
X = TORNADO
MAX 32 OR BELOW: 0 0.01 INCH OR MORE: 5
MAX 90 OR ABOVE: 1 0.10 INCH OR MORE: 4
MIN 32 OR BELOW: 1 0.50 INCH OR MORE: 1
MIN 0 OR BELOW: 0 1.00 INCH OR MORE: 0
[HDD (BASE 65) ]
TOTAL THIS MO. 117 CLEAR (SCALE 0-3) 26
DPTR FM NORMAL -28 PTCLDY (SCALE 4-7) 4
TOTAL FM JUL 1 125 CLOUDY (SCALE 8-10) 1
DPTR FM NORMAL -36
[CDD (BASE 65) ]
TOTAL THIS MO. 66
DPTR FM NORMAL -8 [PRESSURE DATA]
TOTAL FM JAN 1 2342 HIGHEST SLP 30.45 ON 8
DPTR FM NORMAL 311 LOWEST SLP 29.61 ON 25
[REMARKS]
#FINAL-10-22#