000
CXUS55 KBYZ 112200
CF6SHR
PRELIMINARY LOCAL CLIMATOLOGICAL DATA (WS FORM: F-6)
STATION: SHERIDAN WY
MONTH: JUNE
YEAR: 2023
LATITUDE: 44 46 N
LONGITUDE: 106 58 W
TEMPERATURE IN F: :PCPN: SNOW: WIND :SUNSHINE: SKY :PK WND
================================================================================
1 2 3 4 5 6A 6B 7 8 9 10 11 12 13 14 15 16 17 18
12Z AVG MX 2MIN
DY MAX MIN AVG DEP HDD CDD WTR SNW DPTH SPD SPD DIR MIN PSBL S-S WX SPD DR
================================================================================
1 77 46 62 4 3 0 T M M 6.4 24 130 M M 2 3 31 130
2 69 54 62 4 3 0 0.72 M M 10.7 18 300 M M 9 1 23 300
3 73 52 63 5 2 0 0.11 M M 4.3 20 150 M M 8 3 26 150
4 78 52 65 7 0 0 T M M 6.4 21 120 M M 3 29 120
5 80 51 66 7 0 1 0.00 M M 10.7 25 240 M M 0 3 32 150
6 84 48 66 7 0 1 0.09 M M 5.3 22 300 M M 3 3 27 10
7 79 56 68 9 0 3 0.03 M M 3.2 17 160 M M 2 13 22 160
8 78 54 66 6 0 1 0.15 M M 6.0 21 260 M M 4 3 25 260
9 79 52 66 6 0 1 0.58 M M 4.8 20 230 M M 4 38 22 230
10 62 56 59 -1 6 0 1.00 M M 5.1 13 40 M M 9 13 15 40
11 71 55 63 3 2 0 T M M 11.9 25 130 M M 3 34 120
12 77 48 63 2 2 0 0.16 M M 4.7 16 250 M M 2 38 22 230
13 77 51 64 3 1 0 0.00 M M 2.8 9 100 M M 2 12 40
14 79 49 64 3 1 0 0.47 M M 7.4 28 180 M M 3 3 34 180
15 65 52 59 -3 6 0 0.66 M M 6.7 16 290 M M 10 1 19 290
16 61 43 52 -10 13 0 0.15 M M 7.5 17 140 M M 5 1 23 150
17 76 40 58 -4 7 0 0.00 M M 4.1 15 320 M M 4 20 330
18 83 47 65 3 0 0 0.07 M M 7.6 41 320 M M 2 13 51 320
19 81 54 68 5 0 3 0.02 M M 7.8 28 320 M M 6 34 330
20 69 53 61 -2 4 0 0.06 M M 7.4 25 290 M M 10 1 29 300
21 71 50 61 -2 4 0 0.09 M M 9.4 30 300 M M 8 1 37 310
22 68 50 59 -5 6 0 0.07 M M 5.9 23 310 M M 9 1 29 320
23 72 53 63 -1 2 0 0.08 M M 5.9 30 230 M M 6 13 42 230
24 65 47 56 -8 9 0 0.45 M M 12.6 38 310 M M 8 1 46 300
25 78 42 60 -5 5 0 0.00 M M 1.6 8 80 M M 0 1 11 160
26 78 50 64 -1 1 0 0.10 M M 6.8 23 240 M M 1 3 29 240
27 77 52 65 0 0 0 0.23 M M 4.2 15 260 M M 3 3 18 260
28 80 50 65 -1 0 0 0.07 M M 5.5 18 320 M M 2 3 24 320
29 79 53 66 0 0 1 0.00 M M 3.0 9 140 M M 3 3 12 350
30 82 50 66 0 0 1 0.00 M M 2.9 10 180 M M 0 12 330
================================================================================
SM 2248 1510 77 12 5.36 M 188.6 M 131
================================================================================
AV 74.9 50.3 6.3 FASTST M M 4 MAX(MPH)
MISC ----> 41 320 51 320
================================================================================
NOTES:
# LAST OF SEVERAL OCCURRENCES
COLUMN 17 PEAK WIND IN M.P.H.
PRELIMINARY LOCAL CLIMATOLOGICAL DATA (WS FORM: F-6) , PAGE 2
STATION: SHERIDAN WY
MONTH: JUNE
YEAR: 2023
LATITUDE: 44 46 N
LONGITUDE: 106 58 W
[TEMPERATURE DATA] [PRECIPITATION DATA] SYMBOLS USED IN COLUMN 16
AVERAGE MONTHLY: 62.6 TOTAL FOR MONTH: 5.36 1 = FOG OR MIST
DPTR FM NORMAL: 0.8 DPTR FM NORMAL: 3.38 2 = FOG REDUCING VISIBILITY
HIGHEST: 84 ON 6 GRTST 24HR 1.57 ON 9-10 TO 1/4 MILE OR LESS
LOWEST: 40 ON 17 3 = THUNDER
SNOW, ICE PELLETS, HAIL 4 = ICE PELLETS
TOTAL MONTH: M 5 = HAIL
GRTST 24HR M ON M 6 = FREEZING RAIN OR DRIZZLE
GRTST DEPTH: M ON M 7 = DUSTSTORM OR SANDSTORM:
VSBY 1/2 MILE OR LESS
8 = SMOKE OR HAZE
[NO. OF DAYS WITH] [WEATHER - DAYS WITH] 9 = BLOWING SNOW
X = TORNADO
MAX 32 OR BELOW: 0 0.01 INCH OR MORE: 21
MAX 90 OR ABOVE: 0 0.10 INCH OR MORE: 12
MIN 32 OR BELOW: 0 0.50 INCH OR MORE: 4
MIN 0 OR BELOW: 0 1.00 INCH OR MORE: 1
[HDD (BASE 65) ]
TOTAL THIS MO. 77 CLEAR (SCALE 0-3) 15
DPTR FM NORMAL -61 PTCLDY (SCALE 4-7) 9
TOTAL FM JUL 1 7857 CLOUDY (SCALE 8-10) 6
DPTR FM NORMAL 315
[CDD (BASE 65) ]
TOTAL THIS MO. 12
DPTR FM NORMAL -31 [PRESSURE DATA]
TOTAL FM JAN 1 12 HIGHEST SLP 30.19 ON 16
DPTR FM NORMAL -35 LOWEST SLP 29.41 ON 18
[REMARKS]
#FINAL-06-23#