631
CXUS54 KSJT 011410
CF6SJT
PRELIMINARY LOCAL CLIMATOLOGICAL DATA (WS FORM: F-6)
STATION: SAN ANGELO
MONTH: SEPTEMBER
YEAR: 2020
LATITUDE: 31 21 N
LONGITUDE: 100 30 W
TEMPERATURE IN F: :PCPN: SNOW: WIND :SUNSHINE: SKY :PK WND
================================================================================
1 2 3 4 5 6A 6B 7 8 9 10 11 12 13 14 15 16 17 18
12Z AVG MX 2MIN
DY MAX MIN AVG DEP HDD CDD WTR SNW DPTH SPD SPD DIR MIN PSBL S-S WX SPD DR
================================================================================
1 103 77 90 10 0 25 T 0.0 0 9.1 25 210 M M 0 8 35 220
2 94 73 84 4 0 19 0.00 0.0 0 M M M M M 0 M M
3 97 69 83 3 0 18 0.00 0.0 0 M M M M M 0 M M
4 94 66 80 1 0 15 0.00 0.0 0 8.0 22 100 M M 2 28 60
5 92 68 80 1 0 15 T 0.0 0 5.9 14 120 M M 4 21 100
6 95 64 80 1 0 15 0.00 0.0 0 7.7 15 190 M M 2 23 200
7 98 65 82 4 0 17 0.00 0.0 0 10.4 21 200 M M 0 32 200
8 97 74 86 8 0 21 0.00 0.0 0 13.5 25 180 M M 5 37 140
9 78 50 64 -14 1 0 3.53 0.0 0 13.6 29 360 M M 10 1 34 360
10 54 50 52 -26 13 0 1.13 0.0 0 9.6 17 360 M M 10 1 22 360
11 66 53 60 -17 5 0 0.16 0.0 0 4.3 10 10 M M 8 1 13 10
12 89 59 74 -3 0 9 0.00 0.0 0 3.0 9 70 M M 2 1 13 160
13 84 65 75 -1 0 10 0.00 0.0 0 4.7 15 270 M M 2 138 20 190
14 85 66 76 0 0 11 T 0.0 0 8.9 18 20 M M 2 24 20
15 84 63 74 -2 0 9 0.00 0.0 0 2.5 8 60 M M 0 12 300
16 88 65 77 1 0 12 0.00 0.0 0 3.9 12 80 M M 1 8 17 80
17 87 63 75 0 0 10 0.00 0.0 0 6.3 17 20 M M 2 24 10
18 85 61 73 -2 0 8 0.00 0.0 0 5.6 16 20 M M 2 21 50
19 82 56 69 -5 0 4 0.00 0.0 0 4.5 14 40 M M 1 18 21 100
20 83 50 67 -7 0 2 0.00 0.0 0 3.8 13 80 M M 0 128 18 50
21 80 55 68 -6 0 3 0.05 0.0 0 6.1 15 350 M M 4 1 19 340
22 82 60 71 -3 0 6 0.00 0.0 0 7.2 13 30 M M 6 19 60
23 81 62 72 -1 0 7 0.00 0.0 0 4.4 10 20 M M 5 1 18 20
24 87 53 70 -3 0 5 0.00 0.0 0 3.3 9 220 M M 2 12 10 360
25 91 55 73 0 0 8 0.00 0.0 0 6.5 13 210 M M 0 19 240
26 91 64 78 6 0 13 0.00 0.0 0 10.8 22 190 M M 1 29 180
27 99 65 82 10 0 17 0.00 0.0 0 14.1 30 30 M M 0 39 30
28 76 47 62 -10 3 0 0.00 0.0 0 14.1 30 30 M M 7 40 30
29 81 39 60 -11 5 0 0.00 0.0 0 5.8 13 290 M M 0 19 290
30 89 47 68 -3 0 3 0.00 0.0 0 6.2 15 220 M M 0 19 230
================================================================================
SM 2592 1804 27 282 4.87 0.0 203.8 M 78
================================================================================
AV 86.4 60.1 7.3 FASTST M M 3 MAX(MPH)
MISC ----> # 30 30 40 30
================================================================================
NOTES:
# LAST OF SEVERAL OCCURRENCES
COLUMN 17 PEAK WIND IN M.P.H.
PRELIMINARY LOCAL CLIMATOLOGICAL DATA (WS FORM: F-6) , PAGE 2
STATION: SAN ANGELO
MONTH: SEPTEMBER
YEAR: 2020
LATITUDE: 31 21 N
LONGITUDE: 100 30 W
[TEMPERATURE DATA] [PRECIPITATION DATA] SYMBOLS USED IN COLUMN 16
AVERAGE MONTHLY: 73.3 TOTAL FOR MONTH: 4.87 1 = FOG OR MIST
DPTR FM NORMAL: -2.3 DPTR FM NORMAL: 2.41 2 = FOG REDUCING VISIBILITY
HIGHEST: 103 ON 1 GRTST 24HR 3.53 ON 9- 9 TO 1/4 MILE OR LESS
LOWEST: 39 ON 29 3 = THUNDER
SNOW, ICE PELLETS, HAIL 4 = ICE PELLETS
TOTAL MONTH: 0.0 INCH 5 = HAIL
GRTST 24HR 0.0 6 = FREEZING RAIN OR DRIZZLE
GRTST DEPTH: 0 7 = DUSTSTORM OR SANDSTORM:
VSBY 1/2 MILE OR LESS
8 = SMOKE OR HAZE
[NO. OF DAYS WITH] [WEATHER - DAYS WITH] 9 = BLOWING SNOW
X = TORNADO
MAX 32 OR BELOW: 0 0.01 INCH OR MORE: 4
MAX 90 OR ABOVE: 11 0.10 INCH OR MORE: 3
MIN 32 OR BELOW: 0 0.50 INCH OR MORE: 2
MIN 0 OR BELOW: 0 1.00 INCH OR MORE: 2
[HDD (BASE 65) ]
TOTAL THIS MO. 27 CLEAR (SCALE 0-3) 21
DPTR FM NORMAL 18 PTCLDY (SCALE 4-7) 7
TOTAL FM JUL 1 27 CLOUDY (SCALE 8-10) 2
DPTR FM NORMAL 19
[CDD (BASE 65) ]
TOTAL THIS MO. 282
DPTR FM NORMAL -47 [PRESSURE DATA]
TOTAL FM JAN 1 2814 HIGHEST SLP 30.33 ON 10
DPTR FM NORMAL 449 LOWEST SLP 29.59 ON 27
[REMARKS]
#FINAL-09-20#