000
CXUS56 KSLC 060545
CF6SLC
PRELIMINARY LOCAL CLIMATOLOGICAL DATA (WS FORM: F-6)
STATION: SALT LAKE CITY UT
MONTH: MAY
YEAR: 2022
LATITUDE: 40 46 N
LONGITUDE: 111 58 W
TEMPERATURE IN F: :PCPN: SNOW: WIND :SUNSHINE: SKY :PK WND
================================================================================
1 2 3 4 5 6A 6B 7 8 9 10 11 12 13 14 15 16 17 18
12Z AVG MX 2MIN
DY MAX MIN AVG DEP HDD CDD WTR SNW DPTH SPD SPD DIR MIN PSBL S-S WX SPD DR
================================================================================
1 56 48 52 -4 13 0 0.09 0.0 0 8.5 22 280 M M 6 1 27 280
2 73 47 60 3 5 0 0.02 0.0 0 13.3 45 270 M M 5 8 66 270
3 53 38 46 -11 19 0 0.30 0.0 0 10.1 23 290 M M 7 15 32 320
4 60 41 51 -6 14 0 0.06 0.0 0 4.9 10 140 M M 6 8 14 130
5 76 46 61 3 4 0 0.00 0.0 0 13.0 22 160 M M 1 29 150
6 79 56 68 10 0 3 T 0.0 0 6.1 20 220 M M 2 40 230
7 78 52 65 7 0 0 T 0.0 0 14.3 29 190 M M 1 8 39 190
8 65 40 53 -6 12 0 T 0.0 0 9.0 39 310 M M 4 8 51 290
9 54 39 47 -12 18 0 0.02 0.0 0 10.0 28 290 M M 4 8 38 290
10 61 35 48 -12 17 0 0.00 0.0 0 7.8 20 350 M M 2 31 40
11 70 39 55 -5 10 0 0.00 0.0 0 10.5 30 290 M M 2 42 290
12 62 40 51 -9 14 0 0.35 0.0 0 10.0 25 280 M M 4 1 34 300
13 70 45 58 -3 7 0 0.00 0.0 0 9.0 16 360 M M 6 25 360
14 80 48 64 3 1 0 0.00 0.0 0 6.3 15 290 M M 6 20 300
15 86 54 70 9 0 5 0.00 0.0 0 3.9 12 350 M M 2 15 330
16 88 59 74 12 0 9 0.00 0.0 0 8.0 29 340 M M 1 37 340
17 79 59 69 7 0 4 T 0.0 0 6.5 25 310 M M 3 33 320
18 83 55 69 7 0 4 0.00 0.0 0 4.8 14 340 M M 1 20 330
19 76 48 62 -1 3 0 T 0.0 0 14.1 36 350 M M 4 45 340
20 55 41 48 -15 17 0 T 0.0 0 10.3 22 330 M M 4 29 360
21 68 45 57 -6 8 0 0.00 0.0 0 7.3 20 260 M M 0 26 240
22 73 47 60 -4 5 0 T 0.0 0 11.2 37 350 M M 2 47 340
23 66 42 54 -10 11 0 0.00 0.0 0 7.4 20 280 M M 1 27 280
24 73 48 61 -3 4 0 0.00 0.0 0 8.2 23 340 M M 2 30 340
25 81 50 66 1 0 1 0.00 0.0 0 6.6 14 330 M M 1 21 360
26 94 60 77 12 0 12 0.00 0.0 0 9.0 22 160 M M 1 29 170
27 88 69 79 14 0 14 0.00 0.0 0 8.9 22 330 M M 1 33 320
28 74 56 65 -1 0 0 0.02 0.0 0 9.4 30 360 M M 4 41 360
29 59 45 52 -14 13 0 0.44 0.0 0 11.3 28 310 M M 9 13 37 310
30 56 44 50 -16 15 0 0.38 0.0 0 6.2 21 290 M M 7 1 27 290
31 65 43 54 -12 11 0 T 0.0 0 6.3 17 90 M M 2 3 25 90
================================================================================
SM 2201 1479 221 52 1.68 0.0 272.2 M 101
================================================================================
AV 71.0 47.7 8.8 FASTST M M 3 MAX(MPH)
MISC ----> 45 270 66 270
================================================================================
NOTES:
# LAST OF SEVERAL OCCURRENCES
COLUMN 17 PEAK WIND IN M.P.H.
PRELIMINARY LOCAL CLIMATOLOGICAL DATA (WS FORM: F-6) , PAGE 2
STATION: SALT LAKE CITY UT
MONTH: MAY
YEAR: 2022
LATITUDE: 40 46 N
LONGITUDE: 111 58 W
[TEMPERATURE DATA] [PRECIPITATION DATA] SYMBOLS USED IN COLUMN 16
AVERAGE MONTHLY: 59.4 TOTAL FOR MONTH: 1.68 1 = FOG OR MIST
DPTR FM NORMAL: -2.1 DPTR FM NORMAL: -0.14 2 = FOG REDUCING VISIBILITY
HIGHEST: 94 ON 26 GRTST 24HR 0.62 ON 29-30 TO 1/4 MILE OR LESS
LOWEST: 35 ON 10 3 = THUNDER
SNOW, ICE PELLETS, HAIL 4 = ICE PELLETS
TOTAL MONTH: 0.0 INCH 5 = HAIL
GRTST 24HR 0.0 6 = FREEZING RAIN OR DRIZZLE
GRTST DEPTH: 0 7 = DUSTSTORM OR SANDSTORM:
VSBY 1/2 MILE OR LESS
8 = SMOKE OR HAZE
[NO. OF DAYS WITH] [WEATHER - DAYS WITH] 9 = BLOWING SNOW
X = TORNADO
MAX 32 OR BELOW: 0 0.01 INCH OR MORE: 9
MAX 90 OR ABOVE: 1 0.10 INCH OR MORE: 4
MIN 32 OR BELOW: 0 0.50 INCH OR MORE: 0
MIN 0 OR BELOW: 0 1.00 INCH OR MORE: 0
[HDD (BASE 65) ]
TOTAL THIS MO. 221 CLEAR (SCALE 0-3) 16
DPTR FM NORMAL 49 PTCLDY (SCALE 4-7) 14
TOTAL FM JUL 1 5061 CLOUDY (SCALE 8-10) 1
DPTR FM NORMAL -56
[CDD (BASE 65) ]
TOTAL THIS MO. 52
DPTR FM NORMAL -11 [PRESSURE DATA]
TOTAL FM JAN 1 57 HIGHEST SLP 30.17 ON 12
DPTR FM NORMAL -11 LOWEST SLP 29.39 ON 8
[REMARKS]
#FINAL-05-22#