000
CXUS51 KBTV 011423
CLMSLK
CLIMATE REPORT
NATIONAL WEATHER SERVICE BURLINGTON VT
923 AM EST FRI DEC 01 2023
...................................
...THE SARANAC LAKE NY CLIMATE SUMMARY FOR THE MONTH OF NOVEMBER 2023...
CLIMATE NORMAL PERIOD: 1991 TO 2020
CLIMATE RECORD PERIOD: 1903 TO 2023
WEATHER OBSERVED NORMAL DEPART LAST YEAR`S
VALUE DATE(S) VALUE FROM VALUE DATE(S)
NORMAL
................................................................
TEMPERATURE (F)
RECORD
HIGH 75
LOW -21
HIGHEST 59 11/17 MM MM 70 11/05
LOWEST 4 11/21 MM MM 0 11/21
AVG. MAXIMUM 38.2 41.7 -3.5 45.4
AVG. MINIMUM 21.5 22.1 -0.6 24.6
MEAN 29.9 31.9 -2.0 35.0
DAYS MAX >= 90 0 0.0 0.0 0
DAYS MAX <= 32 7 6.4 0.6 8
DAYS MIN <= 32 27 25.3 1.7 24
DAYS MIN <= 0 0 1.1 -1.1 1
PRECIPITATION (INCHES)
RECORD
MAXIMUM 6.47 1996
MINIMUM 0.08 1929
TOTALS 2.09 2.84 -0.75 3.28
DAILY AVG. 0.07 0.09 -0.02 0.11
DAYS >= .01 17 15.9 1.1 14
DAYS >= .10 7 7.1 -0.1 8
DAYS >= .50 0 1.3 -1.3 2
DAYS >= 1.00 0 0.1 -0.1 0
GREATEST
24 HR. TOTAL 0.46 11/26 TO 11/27 1.25 11/11 TO 11/12
STORM TOTAL 0.40 0.80
(MM/DD(HH)) MM
DEGREE DAYS
HEATING TOTAL 1047 993 54 893
SINCE 7/1 1992 2218 -226 MM
COOLING TOTAL 0 0 0 0
SINCE 1/1 145 120 25 MM
................................................................
WIND (MPH)
AVERAGE WIND SPEED 5.6
HIGHEST WIND SPEED/DIRECTION 29/190 DATE 11/06
HIGHEST GUST SPEED/DIRECTION 39/200 DATE 11/06
SKY COVER
POSSIBLE SUNSHINE (PERCENT) MM
AVERAGE SKY COVER 0.73
NUMBER OF DAYS FAIR 4
NUMBER OF DAYS PC 11
NUMBER OF DAYS CLOUDY 15
AVERAGE RH (PERCENT) 75
WEATHER CONDITIONS. NUMBER OF DAYS WITH
THUNDERSTORM 0 MIXED PRECIP 0
HEAVY RAIN 0 RAIN 3
LIGHT RAIN 3 FREEZING RAIN 1
LT FREEZING RAIN 2 HAIL 0
HEAVY SNOW 0 SNOW 1
LIGHT SNOW 18 SLEET 0
FOG 23 FOG W/VIS <= 1/4 MILE 5
HAZE 8
- INDICATES NEGATIVE NUMBERS.
R INDICATES RECORD WAS SET OR TIED.
MM INDICATES DATA IS MISSING.
T INDICATES TRACE AMOUNT.
$$