000
CXUS51 KBTV 011506
CLMSLK
CLIMATE REPORT
NATIONAL WEATHER SERVICE BURLINGTON VT
1106 AM EDT MON APR 01 2024
...................................
...THE SARANAC LAKE NY CLIMATE SUMMARY FOR THE MONTH OF MARCH 2024...
CLIMATE NORMAL PERIOD: 1991 TO 2020
CLIMATE RECORD PERIOD: 1903 TO 2024
WEATHER OBSERVED NORMAL DEPART LAST YEAR`S
VALUE DATE(S) VALUE FROM VALUE DATE(S)
NORMAL
................................................................
TEMPERATURE (F)
RECORD
HIGH 79
LOW -29
HIGHEST 62 03/26 MM MM 47 03/22
LOWEST -7 03/24 MM MM -1 03/12
AVG. MAXIMUM 42.9 36.5 6.4 35.9
AVG. MINIMUM 19.9 11.6 8.3 16.0
MEAN 31.4 24.1 7.3 26.0
DAYS MAX >= 90 0 0.0 0.0 0
DAYS MAX <= 32 7 12.1 -5.1 8
DAYS MIN <= 32 28 29.1 -1.1 30
DAYS MIN <= 0 2 7.5 -5.5 2
PRECIPITATION (INCHES)
RECORD
MAXIMUM 7.34 1913
MINIMUM 0.28 1967
TOTALS 1.98 2.04 -0.06 1.79
DAILY AVG. 0.06 0.07 -0.01 0.06
DAYS >= .01 10 14.0 -4.0 17
DAYS >= .10 6 5.1 0.9 6
DAYS >= .50 1 0.7 0.3 0
DAYS >= 1.00 0 0.1 -0.1 0
GREATEST
24 HR. TOTAL 0.73 03/14 TO 03/15 0.46 03/14 TO 03/14
03/13 TO 03/14
03/14 TO 03/14
STORM TOTAL 0.59 0.46
(MM/DD(HH)) MM
DEGREE DAYS
HEATING TOTAL 1032 1269 -237 1202
SINCE 7/1 6716 7846 -1130 MM
COOLING TOTAL 0 0 0 0
SINCE 1/1 0 0 0 MM
................................................................
WIND (MPH)
AVERAGE WIND SPEED 5.7
HIGHEST WIND SPEED/DIRECTION 23/200 DATE 03/04
HIGHEST GUST SPEED/DIRECTION 37/270 DATE 03/21
SKY COVER
POSSIBLE SUNSHINE (PERCENT) MM
AVERAGE SKY COVER 0.60
NUMBER OF DAYS FAIR 8
NUMBER OF DAYS PC 12
NUMBER OF DAYS CLOUDY 11
AVERAGE RH (PERCENT) 70
WEATHER CONDITIONS. NUMBER OF DAYS WITH
THUNDERSTORM 0 MIXED PRECIP 0
HEAVY RAIN 0 RAIN 4
LIGHT RAIN 8 FREEZING RAIN 0
LT FREEZING RAIN 0 HAIL 0
HEAVY SNOW 1 SNOW 5
LIGHT SNOW 12 SLEET 0
FOG 20 FOG W/VIS <= 1/4 MILE 8
HAZE 13
- INDICATES NEGATIVE NUMBERS.
R INDICATES RECORD WAS SET OR TIED.
MM INDICATES DATA IS MISSING.
T INDICATES TRACE AMOUNT.
$$