000
CXUS53 KICT 011604
CF6SLN
PRELIMINARY LOCAL CLIMATOLOGICAL DATA (WS FORM: F-6)
STATION: SALINA KS
MONTH: MAY
YEAR: 2022
LATITUDE: 38 47 N
LONGITUDE: 97 39 W
TEMPERATURE IN F: :PCPN: SNOW: WIND :SUNSHINE: SKY :PK WND
================================================================================
1 2 3 4 5 6A 6B 7 8 9 10 11 12 13 14 15 16 17 18
12Z AVG MX 2MIN
DY MAX MIN AVG DEP HDD CDD WTR SNW DPTH SPD SPD DIR MIN PSBL S-S WX SPD DR
================================================================================
1 73 38 56 -3 9 0 0.00 M M 5.8 15 320 M M 1 20 70
2 60 41 51 -9 14 0 0.38 M M 15.6 30 350 M M 10 13 40 360
3 56 41 49 -11 16 0 0.00 M M 11.7 22 340 M M 10 28 350
4 53 50 52 -8 13 0 0.08 M M 9.2 16 90 M M 10 13 24 30
5 57 50 54 -7 11 0 0.93 M M 10.6 23 340 M M 10 13 27 340
6 70 51 61 0 4 0 0.00 M M 6.7 12 320 M M 6 1 15 330
7 80 51 66 5 0 1 0.00 M M 15.9 30 130 M M 1 39 140
8 86 70 78 16 0 13 T M M 15.7 32 160 M M 5 46 170
9 97 74 86 24 0 21 0.00 M M 21.2 32 170 M M 0 8 46 170
10 93 74 84 21 0 19 0.00 M M 13.3 25 180 M M 1 18 39 170
11 92 73 83 20 0 18 0.00 M M 16.2 28 170 M M 0 37 170
12 94 70 82 19 0 17 0.07 M M 17.4 31 200 M M 1 3 44 210
13 83 63 73 9 0 8 0.05 M M 6.8 15 80 M M 4 3 20 60
14 90 57 74 10 0 9 0.00 M M 5.1 15 40 M M 0 23 50
15 80 58 69 4 0 4 0.15 M M 8.8 24 360 M M 2 13 33 350
16 83 49 66 1 0 1 0.00 M M 5.8 16 150 M M 0 21 120
17 91 60 76 10 0 11 0.64 M M 15.4 48 320 M M 2 138 58 340
18 87 62 75 9 0 10 0.01 M M 6.5 23 230 M M 1 31 230
19 91 66 79 13 0 14 0.00 M M 12.3 25 170 M M 0 38 170
20 80 56 68 1 0 3 0.00 M M 19.0 31 350 M M 5 41 10
21 61 45 53 -14 12 0 0.00 M M 14.3 28 340 M M 6 36 350
22 69 40 55 -13 10 0 0.00 M M 3.8 13 90 M M 0 22 110
23 66 52 59 -9 6 0 0.00 M M 10.2 22 130 M M 10 29 130
24 58 53 56 -12 9 0 2.14 M M 11.2 21 40 M M 10 1 26 50
25 55 51 53 -16 12 0 2.17 M M 17.7 35 340 M M 10 1 44 350
26 70 51 61 -8 4 0 0.07 M M 14.8 29 330 M M 6 1 35 330
27 86 48 67 -3 0 2 0.00 M M 8.5 18 170 M M 0 24 170
28 88 66 77 7 0 12 0.03 M M 18.4 31 160 M M 0 3 42 150
29 92 74 83 13 0 18 0.00 M M 22.7 36 160 M M 0 48 170
30 91 60 76 5 0 11 1.29 M M 22.7 39 190 M M 2 13 58 190
31 80 57 69 -2 0 4 0.71 M M 7.0 17 20 M M 7 13 23 10
================================================================================
SM 2412 1751 120 196 8.72 M 390.3 M 120
================================================================================
AV 77.8 56.5 12.6 FASTST M M 4 MAX(MPH)
MISC ----> 48 320 # 58 340
================================================================================
NOTES:
# LAST OF SEVERAL OCCURRENCES
COLUMN 17 PEAK WIND IN M.P.H.
PRELIMINARY LOCAL CLIMATOLOGICAL DATA (WS FORM: F-6) , PAGE 2
STATION: SALINA KS
MONTH: MAY
YEAR: 2022
LATITUDE: 38 47 N
LONGITUDE: 97 39 W
[TEMPERATURE DATA] [PRECIPITATION DATA] SYMBOLS USED IN COLUMN 16
AVERAGE MONTHLY: 67.1 TOTAL FOR MONTH: 8.72 1 = FOG OR MIST
DPTR FM NORMAL: 2.0 DPTR FM NORMAL: 3.68 2 = FOG REDUCING VISIBILITY
HIGHEST: 97 ON 9 GRTST 24HR 2.18 ON 25-26 TO 1/4 MILE OR LESS
LOWEST: 38 ON 1 3 = THUNDER
SNOW, ICE PELLETS, HAIL 4 = ICE PELLETS
TOTAL MONTH: M 5 = HAIL
GRTST 24HR M ON M 6 = FREEZING RAIN OR DRIZZLE
GRTST DEPTH: M ON M 7 = DUSTSTORM OR SANDSTORM:
VSBY 1/2 MILE OR LESS
8 = SMOKE OR HAZE
[NO. OF DAYS WITH] [WEATHER - DAYS WITH] 9 = BLOWING SNOW
X = TORNADO
MAX 32 OR BELOW: 0 0.01 INCH OR MORE: 14
MAX 90 OR ABOVE: 9 0.10 INCH OR MORE: 8
MIN 32 OR BELOW: 0 0.50 INCH OR MORE: 6
MIN 0 OR BELOW: 0 1.00 INCH OR MORE: 3
[HDD (BASE 65) ]
TOTAL THIS MO. 120 CLEAR (SCALE 0-3) 17
DPTR FM NORMAL 11 PTCLDY (SCALE 4-7) 7
TOTAL FM JUL 1 4475 CLOUDY (SCALE 8-10) 7
DPTR FM NORMAL -450
[CDD (BASE 65) ]
TOTAL THIS MO. 196
DPTR FM NORMAL 84 [PRESSURE DATA]
TOTAL FM JAN 1 232 HIGHEST SLP 30.45 ON 22
DPTR FM NORMAL 100 LOWEST SLP 29.13 ON 20
[REMARKS]
#FINAL-05-22#