871
CXUS53 KICT 010800
CF6SLN
PRELIMINARY LOCAL CLIMATOLOGICAL DATA (WS FORM: F-6)
STATION: SALINA KS
MONTH: JULY
YEAR: 2020
LATITUDE: 38 47 N
LONGITUDE: 97 39 W
TEMPERATURE IN F: :PCPN: SNOW: WIND :SUNSHINE: SKY :PK WND
================================================================================
1 2 3 4 5 6A 6B 7 8 9 10 11 12 13 14 15 16 17 18
12Z AVG MX 2MIN
DY MAX MIN AVG DEP HDD CDD WTR SNW DPTH SPD SPD DIR MIN PSBL S-S WX SPD DR
================================================================================
1 93 77 85 5 0 20 0.00 M M 11.5 20 90 M M 4 31 100
2 98 67 83 3 0 18 0.94 M M 11.3 48 330 M M 2 13 65 320
3 89 69 79 -1 0 14 0.29 M M 6.3 26 300 M M 4 13 34 300
4 90 71 81 1 0 16 0.00 M M 6.2 14 90 M M 2 8 20 50
5 91 72 82 1 0 17 0.17 M M 4.3 17 330 M M 3 138 23 330
6 89 72 81 0 0 16 T M M 4.4 23 110 M M 1 3 33 90
7 93 70 82 1 0 17 0.00 M M 6.3 14 160 M M 1 28 160
8 94 69 82 1 0 17 0.00 M M 12.3 22 170 M M 1 31 160
9 87 65 76 -5 0 11 0.58 M M 10.5 38 360 M M 5 13 48 360
10 91 72 82 1 0 17 0.00 M M 6.5 15 210 M M 3 18 210
11 93 74 84 3 0 19 0.00 M M 9.8 23 360 M M 4 30 10
12 90 65 78 -3 0 13 0.00 M M 6.6 14 110 M M 0 18 20
13 95 69 82 1 0 17 0.00 M M 12.6 18 140 M M 0 28 140
14 91 70 81 0 0 16 0.62 M M 10.1 28 310 M M 4 13 37 160
15 82 69 76 -5 0 11 0.38 M M 8.0 23 320 M M 6 13 29 330
16 91 70 81 -1 0 16 0.00 M M 7.8 16 140 M M 1 22 160
17 94 74 84 2 0 19 0.00 M M 10.8 20 160 M M 0 27 170
18 98 74 86 4 0 21 T M M 18.3 35 290 M M 0 3 46 290
19 93 71 82 0 0 17 0.03 M M 7.4 18 110 M M 2 3 28 90
20 89 71 80 -2 0 15 0.72 M M 10.4 26 200 M M 2 13 33 170
21 86 66 76 -6 0 11 0.51 M M 6.5 25 310 M M 5 13 36 310
22 92 68 80 -2 0 15 0.00 M M 6.3 15 150 M M 2 18 140
23 92 70 81 -1 0 16 0.00 M M 9.9 18 160 M M 1 27 160
24 93 73 83 1 0 18 0.00 M M 10.7 20 170 M M 0 29 170
25 93 73 83 2 0 18 0.00 M M 11.5 22 160 M M 0 29 170
26 96 72 84 3 0 19 0.11 M M 11.7 31 360 M M 2 13 41 360
27 83 72 78 -3 0 13 0.07 M M 6.5 13 40 M M 6 1 17 40
28 84 72 78 -3 0 13 0.28 M M 6.1 17 130 M M 8 1 22 120
29 88 73 81 0 0 16 0.54 M M 5.5 21 290 M M 5 13 25 280
30 76 67 72 -9 0 7 2.38 M M 12.7 26 260 M M 8 13 39 260
31 81 63 72 -9 0 7 0.00 M M 9.6 16 340 M M 2 21 310
================================================================================
SM 2795 2180 0 480 7.62 M 278.4 M 84
================================================================================
AV 90.2 70.3 9.0 FASTST M M 3 MAX(MPH)
MISC ----> # 48 330 # 65 320
================================================================================
NOTES:
# LAST OF SEVERAL OCCURRENCES
COLUMN 17 PEAK WIND IN M.P.H.
PRELIMINARY LOCAL CLIMATOLOGICAL DATA (WS FORM: F-6) , PAGE 2
STATION: SALINA KS
MONTH: JULY
YEAR: 2020
LATITUDE: 38 47 N
LONGITUDE: 97 39 W
[TEMPERATURE DATA] [PRECIPITATION DATA] SYMBOLS USED IN COLUMN 16
AVERAGE MONTHLY: 80.2 TOTAL FOR MONTH: 7.62 1 = FOG OR MIST
DPTR FM NORMAL: -0.9 DPTR FM NORMAL: 3.33 2 = FOG REDUCING VISIBILITY
HIGHEST: 98 ON 18, 2 GRTST 24HR 2.38 ON 30-30 TO 1/4 MILE OR LESS
LOWEST: 63 ON 31 3 = THUNDER
SNOW, ICE PELLETS, HAIL 4 = ICE PELLETS
TOTAL MONTH: M 5 = HAIL
GRTST 24HR M ON M 6 = FREEZING RAIN OR DRIZZLE
GRTST DEPTH: M ON M 7 = DUSTSTORM OR SANDSTORM:
VSBY 1/2 MILE OR LESS
8 = SMOKE OR HAZE
[NO. OF DAYS WITH] [WEATHER - DAYS WITH] 9 = BLOWING SNOW
X = TORNADO
MAX 32 OR BELOW: 0 0.01 INCH OR MORE: 14
MAX 90 OR ABOVE: 20 0.10 INCH OR MORE: 12
MIN 32 OR BELOW: 0 0.50 INCH OR MORE: 7
MIN 0 OR BELOW: 0 1.00 INCH OR MORE: 1
[HDD (BASE 65) ]
TOTAL THIS MO. 0 CLEAR (SCALE 0-3) 19
DPTR FM NORMAL 0 PTCLDY (SCALE 4-7) 12
TOTAL FM JUL 1 0 CLOUDY (SCALE 8-10) 0
DPTR FM NORMAL 0
[CDD (BASE 65) ]
TOTAL THIS MO. 480
DPTR FM NORMAL -21 [PRESSURE DATA]
TOTAL FM JAN 1 1002 HIGHEST SLP M ON M
DPTR FM NORMAL 48 LOWEST SLP 29.63 ON 1
[REMARKS]
#FINAL-07-20#