173
CXUS54 KOUN 011525
CF6SPS
PRELIMINARY LOCAL CLIMATOLOGICAL DATA (WS FORM: F-6)
STATION: WICHITA FALLS
MONTH: JANUARY
YEAR: 2021
LATITUDE: 33 58 N
LONGITUDE: 98 29 W
TEMPERATURE IN F: :PCPN: SNOW: WIND :SUNSHINE: SKY :PK WND
================================================================================
1 2 3 4 5 6A 6B 7 8 9 10 11 12 13 14 15 16 17 18
12Z AVG MX 2MIN
DY MAX MIN AVG DEP HDD CDD WTR SNW DPTH SPD SPD DIR MIN PSBL S-S WX SPD DR
================================================================================
1 39 32 36 -5 29 0 0.18 3.0 3 11.7 24 330 M M 7 1 29 320
2 56 34 45 4 20 0 0.00 0.0 0 7.0 15 220 M M 1 19 230
3 55 29 42 1 23 0 0.00 0.0 0 6.6 13 280 M M 0 15 300
4 64 28 46 5 19 0 0.00 0.0 0 5.5 14 10 M M 0 27 350
5 65 30 48 7 17 0 0.00 0.0 0 9.2 21 180 M M 1 25 180
6 51 39 45 4 20 0 0.00 0.0 0 13.8 25 350 M M 8 12 30 340
7 50 34 42 0 23 0 0.00 0.0 0 12.4 22 330 M M 6 26 330
8 48 30 39 -3 26 0 0.00 0.0 0 8.2 15 340 M M 7 21 10
9 47 24 36 -6 29 0 0.00 0.0 0 5.3 14 30 M M 1 1 16 30
10 38 32 35 -7 30 0 0.16 T 0 7.0 14 350 M M 10 1 17 10
11 48 29 39 -3 26 0 0.01 T 0 5.0 12 230 M M 7 1 15 240
12 52 25 39 -3 26 0 0.00 0.0 0 8.5 14 220 M M 0 17 260
13 64 23 44 2 21 0 0.00 0.0 0 11.4 22 230 M M 1 1 27 220
14 59 35 47 5 18 0 0.00 0.0 0 17.9 41 350 M M 1 49 350
15 52 37 45 3 20 0 0.00 0.0 0 18.9 37 320 M M 1 46 330
16 55 27 41 -1 24 0 0.00 0.0 0 8.7 17 290 M M 1 22 290
17 57 35 46 4 19 0 0.00 0.0 0 9.5 18 310 M M 3 22 320
18 63 29 46 4 19 0 0.00 0.0 0 10.4 20 20 M M 1 25 20
19 53 40 47 5 18 0 0.00 0.0 0 14.4 25 30 M M 9 30 20
20 45 39 42 0 23 0 T 0.0 0 9.0 24 180 M M 9 1 29 180
21 59 40 50 8 15 0 0.00 0.0 0 7.9 15 220 M M 4 1 18 220
22 54 39 47 5 18 0 0.00 0.0 0 7.2 15 60 M M 8 1 18 60
23 53 40 47 5 18 0 0.01 0.0 0 7.7 15 180 M M 10 18 18 180
24 64 47 56 14 9 0 0.16 0.0 0 8.9 18 100 M M 10 1 22 110
25 65 35 50 8 15 0 0.21 0.0 0 13.7 29 290 M M 4 1235 36 290
26 49 28 39 -4 26 0 0.00 0.0 0 9.3 21 10 M M 2 27 310
27 45 25 35 -8 30 0 0.00 0.0 0 9.4 23 340 M M 2 1 27 350
28 50 20 35 -8 30 0 0.00 0.0 0 7.3 14 150 M M 3 20 150
29 60 32 46 3 19 0 0.00 0.0 0 12.3 22 190 M M 4 26 180
30 72 43 58 15 7 0 0.01 0.0 0 20.1 39 250 M M 2 3 48 230
31 56 34 45 2 20 0 0.00 0.0 0 12.6 22 350 M M 0 27 360
================================================================================
SM 1688 1014 657 0 0.74 3.0 316.8 M 123
================================================================================
AV 54.5 32.7 10.2 FASTST M M 4 MAX(MPH)
MISC ----> 41 350 49 350
================================================================================
NOTES:
# LAST OF SEVERAL OCCURRENCES
COLUMN 17 PEAK WIND IN M.P.H.
PRELIMINARY LOCAL CLIMATOLOGICAL DATA (WS FORM: F-6) , PAGE 2
STATION: WICHITA FALLS
MONTH: JANUARY
YEAR: 2021
LATITUDE: 33 58 N
LONGITUDE: 98 29 W
[TEMPERATURE DATA] [PRECIPITATION DATA] SYMBOLS USED IN COLUMN 16
AVERAGE MONTHLY: 43.6 TOTAL FOR MONTH: 0.74 1 = FOG OR MIST
DPTR FM NORMAL: 1.6 DPTR FM NORMAL: -0.40 2 = FOG REDUCING VISIBILITY
HIGHEST: 72 ON 30 GRTST 24HR 1.64 ON 24-25 TO 1/4 MILE OR LESS
LOWEST: 20 ON 28 3 = THUNDER
SNOW, ICE PELLETS, HAIL 4 = ICE PELLETS
TOTAL MONTH: 3.0 INCHES 5 = HAIL
GRTST 24HR 3.0 ON 1- 1 6 = FREEZING RAIN OR DRIZZLE
GRTST DEPTH: 3 ON 1 7 = DUSTSTORM OR SANDSTORM:
VSBY 1/2 MILE OR LESS
8 = SMOKE OR HAZE
[NO. OF DAYS WITH] [WEATHER - DAYS WITH] 9 = BLOWING SNOW
X = TORNADO
MAX 32 OR BELOW: 0 0.01 INCH OR MORE: 7
MAX 90 OR ABOVE: 0 0.10 INCH OR MORE: 4
MIN 32 OR BELOW: 16 0.50 INCH OR MORE: 0
MIN 0 OR BELOW: 0 1.00 INCH OR MORE: 0
[HDD (BASE 65) ]
TOTAL THIS MO. 657 CLEAR (SCALE 0-3) 16
DPTR FM NORMAL -56 PTCLDY (SCALE 4-7) 10
TOTAL FM JUL 1 1736 CLOUDY (SCALE 8-10) 5
DPTR FM NORMAL -175
[CDD (BASE 65) ]
TOTAL THIS MO. 0
DPTR FM NORMAL -1 [PRESSURE DATA]
TOTAL FM JAN 1 0 HIGHEST SLP 30.61 ON 28
DPTR FM NORMAL -1 LOWEST SLP 29.47 ON 25
[REMARKS]
#FINAL-01-21#