000
CXUS54 KOUN 011543
CLMSPS
CLIMATE REPORT
NATIONAL WEATHER SERVICE NORMAN OK
1043 AM CDT SAT APR 01 2023
...................................
...THE WICHITA FALLS CLIMATE SUMMARY FOR THE MONTH OF MARCH 2023...
CLIMATE NORMAL PERIOD 1991 TO 2020
CLIMATE RECORD PERIOD 1897 TO 2023
WEATHER OBSERVED NORMAL DEPART LAST YEAR`S
VALUE DATE(S) VALUE FROM VALUE
NORMAL
..............................................................
TEMPERATURE (F)
RECORD
HIGH 100 03/27/1971
LOW 9 03/03/2014
HIGHEST 88 88 0 90
LOWEST 24 23 1 21
AVG. MAXIMUM 67.6 67.9 -0.3 70.5
AVG. MINIMUM 42.0 41.6 0.4 38.3
MEAN 54.8 54.7 0.1 54.4
DAYS MAX >= 90 0 0.6 -0.6 1
DAYS MAX <= 32 0 0.2 -0.2 0
DAYS MIN <= 32 4 4.9 -0.9 8
DAYS MIN <= 0 0 0.0 0.0 0
PRECIPITATION (INCHES)
RECORD
MAXIMUM 6.29 1999
MINIMUM 0.00 1904
TOTALS 2.79 2.02 0.77 1.19
DAILY AVG. 0.09 0.07 0.02 0.04
DAYS >= .01 7 6.5 0.5 2
DAYS >= .10 5 3.5 1.5 2
DAYS >= .50 3 1.3 1.7 1
DAYS >= 1.00 0 0.6 -0.6 0
GREATEST
24 HR. TOTAL 0.99 03/07 TO 03/08
SNOWFALL (INCHES)
TOTALS T 0.2 -0.2
SINCE 7/1 2.0 3.1 -1.1
DEGREE DAYS
HEATING TOTAL 327 339 -12
SINCE 7/1 2452 2735 -283
COOLING TOTAL 19 21 -2
SINCE 1/1 24 25 -1
..............................................................
WIND (MPH)
AVERAGE WIND SPEED 12.4
HIGHEST WIND SPEED/DIRECTION 43/270 DATE 03/31
HIGHEST GUST SPEED/DIRECTION 52/270 DATE 03/31
WEATHER CONDITIONS. NUMBER OF DAYS WITH
THUNDERSTORM 7 MIXED PRECIP 0
HEAVY RAIN 3 RAIN 6
LIGHT RAIN 11 FREEZING RAIN 0
LT FREEZING RAIN 0 HAIL 2
HEAVY SNOW 0 SNOW 0
LIGHT SNOW 0 SLEET 0
FOG 11 FOG W/VIS <= 1/4 MILE 1
HAZE 2
- INDICATES NEGATIVE NUMBERS.
R INDICATES RECORD WAS SET OR TIED.
MM INDICATES DATA IS MISSING.
T INDICATES TRACE AMOUNT.
..............................................................
RECORDS/REMARKS
JAN-MAR 2023 PRECIPITATION TOTAL IS 5.75 INCHES.
$$