000
CXUS54 KOUN 011346
CLMSPS
CLIMATE REPORT
NATIONAL WEATHER SERVICE NORMAN OK
846 AM CDT SUN OCT 01 2023
...................................
...THE WICHITA FALLS CLIMATE SUMMARY FOR THE MONTH OF SEPTEMBER 2023...
CLIMATE NORMAL PERIOD 1991 TO 2020
CLIMATE RECORD PERIOD 1897 TO 2023
WEATHER OBSERVED NORMAL DEPART LAST YEAR`S
VALUE DATE(S) VALUE FROM VALUE
NORMAL
..............................................................
TEMPERATURE (F)
RECORD
HIGH 112 09/08/2023
LOW 38 09/24/1989
09/30/1984
09/21/1983
HIGHEST 112R 101 11 100
LOWEST 60 49 11 54
AVG. MAXIMUM 96.4 88.3 8.1 94.5
AVG. MINIMUM 68.7 63.8 4.9 64.7
MEAN 82.6 76.0 6.6 79.6
DAYS MAX >= 90 24 14.8 9.2 24
DAYS MAX <= 32 0 0.0 0.0 0
DAYS MIN <= 32 0 0.0 0.0 0
DAYS MIN <= 0 0 0.0 0.0 0
PRECIPITATION (INCHES)
RECORD
MAXIMUM 10.23 1980
MINIMUM T 1983
TOTALS 1.17 2.99 -1.82 0.09
DAILY AVG. 0.04 0.10 -0.06 0.00
DAYS >= .01 7 6.3 0.7 2
DAYS >= .10 2 3.9 -1.9 0
DAYS >= .50 1 1.9 -0.9 0
DAYS >= 1.00 0 1.0 -1.0 0
GREATEST
24 HR. TOTAL 0.60 09/11 TO 09/11
DEGREE DAYS
HEATING TOTAL 0 10 -10
SINCE 7/1 0 5 -5
COOLING TOTAL 534 341 193
SINCE 1/1 2853 2329 524
..............................................................
WIND (MPH)
AVERAGE WIND SPEED 10.2
HIGHEST WIND SPEED/DIRECTION 37/040 DATE 09/08
HIGHEST GUST SPEED/DIRECTION 46/040 DATE 09/08
WEATHER CONDITIONS. NUMBER OF DAYS WITH
THUNDERSTORM 4 MIXED PRECIP 0
HEAVY RAIN 2 RAIN 1
LIGHT RAIN 8 FREEZING RAIN 0
LT FREEZING RAIN 0 HAIL 0
HEAVY SNOW 0 SNOW 0
LIGHT SNOW 0 SLEET 0
FOG 5 FOG W/VIS <= 1/4 MILE 0
HAZE 2
- INDICATES NEGATIVE NUMBERS.
R INDICATES RECORD WAS SET OR TIED.
MM INDICATES DATA IS MISSING.
T INDICATES TRACE AMOUNT.
...................................................................................................
RECORDS/REMARKS
TIED RECORD HIGH TEMPERATURE OF 108 DEGREES SEP 5.
TIED RECORD HIGH TEMPERATURE OF 109 DEGREES SEP 7.
NEW RECORD HIGH TEMPERATURE OF 112 DEGREES SET SEP 8.
NEW RECORD WARM MINIMUM TEMPERATURE OF 80 DEGREES SET SEP 8.
TIED RECORD HIGH TEMPERATURE OF 101 DEGREES SEP 22.
NEW RECORD HIGH TEMPERATURE OF 104 DEGREES SET SEP 23.
FOURTH WARMEST SEP ON RECORD.
JAN-SEP 2023 PRECIPITATION TOTAL IS 15.76 INCHES
$$