000
CXUS54 KLZK 261230
CF6SRC
PRELIMINARY LOCAL CLIMATOLOGICAL DATA (WS FORM: F-6)
STATION: SEARCY AIRPORT
MONTH: APRIL
YEAR: 2024
LATITUDE: 35 12 N
LONGITUDE: 91 44 W
TEMPERATURE IN F: :PCPN: SNOW: WIND :SUNSHINE: SKY :PK WND
================================================================================
1 2 3 4 5 6A 6B 7 8 9 10 11 12 13 14 15 16 17 18
12Z AVG MX 2MIN
DY MAX MIN AVG DEP HDD CDD WTR SNW DPTH SPD SPD DIR MIN PSBL S-S WX SPD DR
================================================================================
1 75 68 72 16 0 7 0.00 M M 9.5 15 190 M M 9 22 190
2 77 49 63 7 2 0 T M M 11.3 17 320 M M 6 1 30 320
3 60 38 49 -8 16 0 0.00 M M 7.9 17 330 M M 1 32 300
4 69 37 53 -4 12 0 0.00 M M 6.1 13 300 M M 0 21 300
5 69 36 53 -4 12 0 0.00 M M 3.7 7 60 M M 0 M M
6 71 47 59 1 6 0 0.00 M M 8.3 14 110 M M 0 21 120
7 81 54 68 10 0 3 0.00 M M 9.1 18 190 M M 6 31 190
8 83 43 63 5 2 0 T M M 4.4 14 170 M M 2 3 M M
9 67 58 63 5 2 0 0.03 M M 6.3 14 120 M M 9 18 210
10 69 57 63 4 2 0 0.01 M M 5.5 18 350 M M 9 1 27 350
11 72 47 60 1 5 0 0.04 M M 9.4 17 290 M M 4 1 31 310
12 75 39 57 -2 8 0 0.00 M M 4.6 12 280 M M 0 21 280
13 85 45 65 5 0 0 0.00 M M 5.3 14 200 M M 0 21 220
14 80 55 68 8 0 3 0.00 M M 7.6 15 220 M M 1 23 210
15 81 56 69 9 0 4 0.01 M M 6.1 13 170 M M 4 18 16 190
16 78 65 72 12 0 7 T M M 9.2 16 190 M M 6 13 22 190
17 82 66 74 13 0 9 0.00 M M 4.7 9 190 M M 4 1 M M
18 79 66 73 12 0 8 0.00 M M 8.4 21 350 M M 9 1 28 350
19 65 56 61 0 4 0 0.00 M M 9.7 17 20 M M 10 13 28 20
20 60 51 56 -6 9 0 0.00 M M 9.6 15 30 M M 8 3 21 40
21 65 44 55 -7 10 0 0.00 M M 7.5 15 20 M M 3 20 30
22 68 38 53 -9 12 0 0.00 M M 5.4 13 190 M M 0 17 200
23 77 44 61 -2 4 0 0.00 M M 3.5 10 200 M M 2 16 200
24 79 56 68 5 0 3 0.00 M M 4.2 9 20 M M 3 M M
25 61 53 57 -6 8 0 0.00 M M 7.4 13 40 M M 9 13 17 70
================================================================================
SM 1828 1268 114 44 0.09 M 174.7 M 105
================================================================================
AV 73.1 50.7 7.0 FASTST M M 4 MAX(MPH)
MISC ----> 21 350 32 300
================================================================================
NOTES:
# LAST OF SEVERAL OCCURRENCES
COLUMN 17 PEAK WIND IN M.P.H.
PRELIMINARY LOCAL CLIMATOLOGICAL DATA (WS FORM: F-6) , PAGE 2
STATION: SEARCY AIRPORT
MONTH: APRIL
YEAR: 2024
LATITUDE: 35 12 N
LONGITUDE: 91 44 W
[TEMPERATURE DATA] [PRECIPITATION DATA] SYMBOLS USED IN COLUMN 16
AVERAGE MONTHLY: 61.9 TOTAL FOR MONTH: 0.09 1 = FOG OR MIST
DPTR FM NORMAL: 2.3 DPTR FM NORMAL: -3.96 2 = FOG REDUCING VISIBILITY
HIGHEST: 85 ON 13 GRTST 24HR 0.10 ON 11-12 TO 1/4 MILE OR LESS
LOWEST: 36 ON 5 3 = THUNDER
SNOW, ICE PELLETS, HAIL 4 = ICE PELLETS
TOTAL MONTH: M 5 = HAIL
GRTST 24HR M ON M 6 = FREEZING RAIN OR DRIZZLE
GRTST DEPTH: M ON M 7 = DUSTSTORM OR SANDSTORM:
VSBY 1/2 MILE OR LESS
8 = SMOKE OR HAZE
[NO. OF DAYS WITH] [WEATHER - DAYS WITH] 9 = BLOWING SNOW
X = TORNADO
MAX 32 OR BELOW: 0 0.01 INCH OR MORE: 4
MAX 90 OR ABOVE: 0 0.10 INCH OR MORE: 0
MIN 32 OR BELOW: 0 0.50 INCH OR MORE: 0
MIN 0 OR BELOW: 0 1.00 INCH OR MORE: 0
[HDD (BASE 65) ]
TOTAL THIS MO. 114 CLEAR (SCALE 0-3) 12
DPTR FM NORMAL -53 PTCLDY (SCALE 4-7) 7
TOTAL FM JUL 1 2699 CLOUDY (SCALE 8-10) 6
DPTR FM NORMAL -784
[CDD (BASE 65) ]
TOTAL THIS MO. 44
DPTR FM NORMAL 12 [PRESSURE DATA]
TOTAL FM JAN 1 63 HIGHEST SLP M ON M
DPTR FM NORMAL 22 LOWEST SLP M ON M
[REMARKS]