000
CXUS52 KTBW 011415
CLMSRQ
CLIMATE REPORT
NATIONAL WEATHER SERVICE TAMPA BAY FL
1015 AM EDT SAT JUL 01 2023
...................................
...THE SARASOTA BRADENTON CLIMATE SUMMARY FOR THE MONTH OF JUNE 2023...
CLIMATE NORMAL PERIOD: 1991 TO 2020
CLIMATE RECORD PERIOD: 1911 TO 2023
WEATHER OBSERVED NORMAL DEPART LAST YEAR`S
VALUE DATE(S) VALUE FROM VALUE DATE(S)
NORMAL
................................................................
TEMPERATURE (F)
ALL-TIME JUNE RECORD
HIGH 100 06/30/1998
06/18/1998
LOW 52 06/01/1984
JUNE 2023
HIGHEST 98 06/30 MM MM 95 06/15
06/17
LOWEST 70 06/01 MM MM 71 06/01
06/04
06/06
06/02
06/05
AVG. MAXIMUM 89.7 90.0 -0.3 89.9
AVG. MINIMUM 76.1 73.6 2.5 74.5
MEAN 82.9 81.8 1.1 82.2
DAYS MAX >= 90 17 14.3 2.7 18
DAYS MAX <= 32 0 0.0 0.0 0
DAYS MIN <= 32 0 0.0 0.0 0
DAYS MIN <= 0 0 0.0 0.0 0
PRECIPITATION (INCHES)
ALL-TIME JUNE RECORD
MAXIMUM 25.60 1912
MINIMUM 0.64 1998
JUNE 2023
TOTALS 2.38 7.05 -4.67 8.10
DAILY AVG. 0.08 0.23 -0.16 0.27
DAYS >= .01 8 12.8 -4.8 14
DAYS >= .10 4 9.0 -5.0 9
DAYS >= .50 2 4.8 -2.8 3
DAYS >= 1.00 0 2.4 -2.4 3
GREATEST
24 HR. TOTAL 1.61 05/31 TO 05/31
DEGREE DAYS
HEATING TOTAL 0 0 0 0
SINCE 7/1 242 394 -152 MM
COOLING TOTAL 546 504 42 524
SINCE 1/1 1774 1410 364 MM
................................................................
WIND (MPH)
AVERAGE WIND SPEED 8.8
HIGHEST WIND SPEED/DIRECTION 29/330 DATE 06/18
HIGHEST GUST SPEED/DIRECTION 42/330 DATE 06/18
SKY COVER (DOES NOT INCLUDE ANY CLOUDS ABOVE 12000 FEET)
POSSIBLE SUNSHINE (PERCENT) MM
AVERAGE SKY COVER 0.21
NUMBER OF DAYS FAIR 25
NUMBER OF DAYS PC 5
NUMBER OF DAYS CLOUDY 0
AVERAGE RH (PERCENT) 72
WEATHER CONDITIONS. NUMBER OF DAYS WITH
THUNDERSTORM 9 MIXED PRECIP 0
HEAVY RAIN 3 RAIN 4
LIGHT RAIN 11 FREEZING RAIN 0
LT FREEZING RAIN 0 HAIL 0
HEAVY SNOW 0 SNOW 0
LIGHT SNOW 0 SLEET 0
FOG 5 FOG W/VIS <= 1/4 MILE 0
HAZE 5
- INDICATES NEGATIVE NUMBERS.
R INDICATES RECORD WAS SET OR TIED.
MM INDICATES DATA IS MISSING.
T INDICATES TRACE AMOUNT.
$$