000
CXUS53 KLSX 281600
CF6STL
PRELIMINARY LOCAL CLIMATOLOGICAL DATA (WS FORM: F-6)

                                          STATION:   ST. LOUIS
                                          MONTH:     JULY
                                          YEAR:      2016
                                          LATITUDE:   38 45 N
                                          LONGITUDE:  90 23 W

  TEMPERATURE IN F:       :PCPN:    SNOW:  WIND      :SUNSHINE: SKY     :PK WND
================================================================================
1   2   3   4   5  6A  6B    7    8   9   10  11  12  13   14  15   16   17  18
                                     12Z  AVG MX 2MIN
DY MAX MIN AVG DEP HDD CDD  WTR  SNW DPTH SPD SPD DIR MIN PSBL S-S WX    SPD DR
================================================================================

 1  84  69  77  -3   0  12 0.00  0.0    0  8.3 15 360   M    M   5        22  10
 2  71  62  67 -13   0   2 0.15  0.0    0  8.3 18 120   M    M  10        21 120
 3  72  61  67 -13   0   2 1.11  0.0    0  8.1 17  80   M    M   9 138    21  90
 4  81  71  76  -4   0  11 0.11  0.0    0  3.9  9 280   M    M   9 128    12 330
 5  95  70  83   3   0  18 0.00  0.0    0  6.4 14 200   M    M   3 1      24 200
 6  87  71  79  -1   0  14 0.52  0.0    0  8.9 28  90   M    M   6 13     37  80
 7  88  71  80   0   0  15 0.49  0.0    0  7.9  M   M   M    M   7 13     29 170
 8  93  75  84   4   0  19 0.18  0.0    0  8.2 17 280   M    M   4 13     23 290
 9  89  71  80   0   0  15 0.00  0.0    0  4.7 10 330   M    M   6        15  90
10  93  73  83   3   0  18 1.91  0.0    0  9.3 38 110   M    M   6 35     53 110
11  93  76  85   5   0  20 0.00  0.0    0 12.0 21 150   M    M   1        26 160
12  89  76  83   3   0  18    T  0.0    0 10.4 26 310   M    M   4        34 320
13  95  71  83   3   0  18 0.57  0.0    0 10.1 33 290   M    M   7 13     49 260
14  92  74  83   3   0  18 0.01  0.0    0  5.6 21 220   M    M   8 3      25 220
15  88  72  80   0   0  15 0.00  0.0    0  6.6 17 340   M    M   6        21 340
16  87  70  79  -1   0  14 0.00  0.0    0  8.1 15  90   M    M   4        18 120
17  96  76  86   6   0  21 0.00  0.0    0 11.1 18 220   M    M   4        25 220
18  95  80  88   8   0  23    T  0.0    0  6.2 13 350   M    M   5        18 260
19  95  72  84   4   0  19 0.70  0.0    0  7.1 40 360   M    M   7 13     47 350
20  92  73  83   3   0  18 0.97  0.0    0  6.7 28  40   M    M   6 13     32  30
21  98  80  89   9   0  24 0.00  0.0    0  6.0 14 220   M    M   2        20 220
22  88  75  82   2   0  17 0.07  0.0    0  6.3 29  20   M    M   7        38  10
23  96  77  87   7   0  22 0.00  0.0    0  6.2 14 140   M    M   3        17 160
24 101  78  90  10   0  25 0.16  0.0    0  8.0 20 320   M    M   4 13     24 310
25  90  74  82   2   0  17 1.21  0.0    0  7.4 37 280   M    M   8 13     49 280
26  92  77  85   5   0  20 0.15  0.0    0  4.4 14 190   M    M   7 38     16 190
27  93  78  86   6   0  21    T  0.0    0  4.9 15 170   M    M   7 13     18  60
================================================================================
SM 2433 1973         0 456  8.31     0.0 201.1          M      155
================================================================================
AV 90.1 73.1                               7.4 FASTST   M    M   6    MAX(MPH)
                                 MISC ---->  # 40 360               # 53  110
================================================================================
NOTES:
# LAST OF SEVERAL OCCURRENCES

COLUMN 17 PEAK WIND IN M.P.H.

PRELIMINARY LOCAL CLIMATOLOGICAL DATA (WS FORM: F-6) , PAGE 2

                                          STATION:  ST. LOUIS
                                          MONTH:    JULY
                                          YEAR:     2016
                                          LATITUDE:   38 45 N
                                          LONGITUDE:  90 23 W

[TEMPERATURE DATA]      [PRECIPITATION DATA]       SYMBOLS USED IN COLUMN 16

AVERAGE MONTHLY: 81.6   TOTAL FOR MONTH:   8.31    1 = FOG OR MIST
DPTR FM NORMAL:   1.6   DPTR FM NORMAL:    4.71    2 = FOG REDUCING VISIBILITY
HIGHEST:   101 ON 24    GRTST 24HR  1.91 ON 10-10      TO 1/4 MILE OR LESS
LOWEST:     61 ON  3                               3 = THUNDER
                        SNOW, ICE PELLETS, HAIL    4 = ICE PELLETS
                        TOTAL MONTH:   0.0 INCH    5 = HAIL
                        GRTST 24HR     0.0         6 = FREEZING RAIN OR DRIZZLE
                        GRTST DEPTH:   0           7 = DUSTSTORM OR SANDSTORM:
                                                       VSBY 1/2 MILE OR LESS
                                                   8 = SMOKE OR HAZE
[NO. OF DAYS WITH]      [WEATHER - DAYS WITH]      9 = BLOWING SNOW
                                                   X = TORNADO
MAX 32 OR BELOW:   0    0.01 INCH OR MORE:  15
MAX 90 OR ABOVE:  16    0.10 INCH OR MORE:  13
MIN 32 OR BELOW:   0    0.50 INCH OR MORE:   7
MIN  0 OR BELOW:   0    1.00 INCH OR MORE:   3

[HDD (BASE 65) ]
TOTAL THIS MO.     0    CLEAR  (SCALE 0-3)   4
DPTR FM NORMAL     0    PTCLDY (SCALE 4-7)  20
TOTAL FM JUL 1     0    CLOUDY (SCALE 8-10)  3
DPTR FM NORMAL     0

[CDD (BASE 65) ]
TOTAL THIS MO.   456
DPTR FM NORMAL    51    [PRESSURE DATA]
TOTAL FM JAN 1  1145    HIGHEST SLP M ON M
DPTR FM NORMAL   232    LOWEST  SLP 29.77 ON  6

[REMARKS]
