000
CXUS53 KLSX 011609
CF6STL
PRELIMINARY LOCAL CLIMATOLOGICAL DATA (WS FORM: F-6)
STATION: ST. LOUIS
MONTH: JUNE
YEAR: 2023
LATITUDE: 38 45 N
LONGITUDE: 90 23 W
TEMPERATURE IN F: :PCPN: SNOW: WIND :SUNSHINE: SKY :PK WND
================================================================================
1 2 3 4 5 6A 6B 7 8 9 10 11 12 13 14 15 16 17 18
12Z AVG MX 2MIN
DY MAX MIN AVG DEP HDD CDD WTR SNW DPTH SPD SPD DIR MIN PSBL S-S WX SPD DR
================================================================================
1 92 71 82 9 0 17 0.08 0.0 0 4.1 14 140 M M 4 3 22 180
2 93 71 82 9 0 17 0.00 0.0 0 5.0 17 70 M M 3 24 80
3 94 65 80 7 0 15 0.00 0.0 0 3.9 18 70 M M 3 29 30
4 93 69 81 7 0 16 0.10 0.0 0 4.9 21 90 M M 7 3 30 80
5 87 62 75 1 0 10 0.00 0.0 0 4.8 15 40 M M 6 22 70
6 90 59 75 1 0 10 0.00 0.0 0 3.3 10 350 M M 3 13 340
7 79 65 72 -2 0 7 0.20 0.0 0 4.3 10 40 M M 9 18 14 20
8 81 59 70 -5 0 5 0.00 0.0 0 4.6 14 80 M M 5 21 320
9 84 58 71 -4 0 6 0.00 0.0 0 4.3 12 140 M M 4 16 120
10 88 62 75 0 0 10 0.09 0.0 0 8.2 17 260 M M 7 13 23 150
11 71 62 67 -9 0 2 1.02 0.0 0 9.6 18 350 M M 10 13 29 340
12 74 58 66 -10 0 1 0.00 0.0 0 7.4 16 340 M M 6 21 290
13 84 60 72 -4 0 7 0.00 0.0 0 13.2 22 260 M M 5 30 260
14 90 64 77 1 0 12 0.00 0.0 0 7.3 14 260 M M 4 22 280
15 92 66 79 2 0 14 0.00 0.0 0 6.0 14 320 M M 3 19 360
16 83 63 73 -4 0 8 0.00 0.0 0 6.6 14 60 M M 5 18 20
17 85 63 74 -3 0 9 0.00 0.0 0 5.9 13 150 M M 5 18 150
18 81 67 74 -3 0 9 1.53 0.0 0 9.4 18 60 M M 8 13 39 210
19 87 67 77 -1 0 12 0.00 0.0 0 7.0 15 20 M M 4 1 21 340
20 90 67 79 1 0 14 0.00 0.0 0 7.7 18 50 M M 1 27 50
21 88 70 79 1 0 14 0.00 0.0 0 10.0 17 70 M M 3 25 50
22 89 67 78 0 0 13 T 0.0 0 5.2 15 80 M M 4 19 10
23 91 68 80 2 0 15 0.00 0.0 0 4.8 14 330 M M 5 21 340
24 97 74 86 7 0 21 0.00 0.0 0 7.9 18 190 M M 3 25 190
25 96 76 86 7 0 21 0.00 0.0 0 14.4 28 270 M M 1 8 38 270
26 88 72 80 1 0 15 0.00 0.0 0 12.6 22 310 M M 2 32 290
27 89 67 78 -1 0 13 0.00 0.0 0 6.5 15 330 M M 3 8 20 330
28 93 70 82 3 0 17 T 0.0 0 11.9 22 110 M M 5 38 28 160
29 95 77 86 7 0 21 0.00 0.0 0 9.7 33 330 M M 6 44 330
30 96 73 85 5 0 20 0.07 0.0 0 5.7 23 180 M M 6 35 32 180
================================================================================
SM 2640 1992 0 371 3.09 0.0 216.2 M 140
================================================================================
AV 88.0 66.4 7.2 FASTST M M 5 MAX(MPH)
MISC ----> 33 330 44 330
================================================================================
NOTES:
# LAST OF SEVERAL OCCURRENCES
COLUMN 17 PEAK WIND IN M.P.H.
PRELIMINARY LOCAL CLIMATOLOGICAL DATA (WS FORM: F-6) , PAGE 2
STATION: ST. LOUIS
MONTH: JUNE
YEAR: 2023
LATITUDE: 38 45 N
LONGITUDE: 90 23 W
[TEMPERATURE DATA] [PRECIPITATION DATA] SYMBOLS USED IN COLUMN 16
AVERAGE MONTHLY: 77.2 TOTAL FOR MONTH: 3.09 1 = FOG OR MIST
DPTR FM NORMAL: 0.7 DPTR FM NORMAL: -1.40 2 = FOG REDUCING VISIBILITY
HIGHEST: 97 ON 24 GRTST 24HR 1.53 ON 18-18 TO 1/4 MILE OR LESS
LOWEST: 58 ON 12, 9 3 = THUNDER
SNOW, ICE PELLETS, HAIL 4 = ICE PELLETS
TOTAL MONTH: 0.0 INCH 5 = HAIL
GRTST 24HR 0.0 6 = FREEZING RAIN OR DRIZZLE
GRTST DEPTH: 0 7 = DUSTSTORM OR SANDSTORM:
VSBY 1/2 MILE OR LESS
8 = SMOKE OR HAZE
[NO. OF DAYS WITH] [WEATHER - DAYS WITH] 9 = BLOWING SNOW
X = TORNADO
MAX 32 OR BELOW: 0 0.01 INCH OR MORE: 7
MAX 90 OR ABOVE: 14 0.10 INCH OR MORE: 4
MIN 32 OR BELOW: 0 0.50 INCH OR MORE: 2
MIN 0 OR BELOW: 0 1.00 INCH OR MORE: 2
[HDD (BASE 65) ]
TOTAL THIS MO. 0 CLEAR (SCALE 0-3) 5
DPTR FM NORMAL -4 PTCLDY (SCALE 4-7) 23
TOTAL FM JUL 1 3922 CLOUDY (SCALE 8-10) 2
DPTR FM NORMAL -508
[CDD (BASE 65) ]
TOTAL THIS MO. 371
DPTR FM NORMAL 20 [PRESSURE DATA]
TOTAL FM JAN 1 592 HIGHEST SLP 30.01 ON 5
DPTR FM NORMAL 46 LOWEST SLP 29.60 ON 11
[REMARKS]
#FINAL-06-23#