000
CXUS53 KLSX 011600
CF6STL
PRELIMINARY LOCAL CLIMATOLOGICAL DATA (WS FORM: F-6)

                                          STATION:   ST. LOUIS
                                          MONTH:     OCTOBER
                                          YEAR:      2013
                                          LATITUDE:   38 45 N
                                          LONGITUDE:  90 23 W

  TEMPERATURE IN F:       :PCPN:    SNOW:  WIND      :SUNSHINE: SKY     :PK WND
================================================================================
1   2   3   4   5  6A  6B    7    8   9   10  11  12  13   14  15   16   17  18
                                     12Z  AVG MX 2MIN
DY MAX MIN AVG DEP HDD CDD  WTR  SNW DPTH SPD SPD DIR MIN PSBL S-S WX    SPD DR
================================================================================

 1  82  65  74  10   0   9 0.00  0.0    0  6.9 15 130   M    M   6 18     18 140
 2  85  69  77  13   0  12 0.18  0.0    0  4.3 15 170   M    M   7 1      18 210
 3  88  70  79  16   0  14 0.13  0.0    0 10.4 18 190   M    M   5        25 200
 4  89  71  80  17   0  15 0.00  0.0    0  9.7 20 170   M    M   5        26 190
 5  80  56  68   6   0   3 0.23  0.0    0  8.8 21 270   M    M   8 1      31 210
 6  60  50  55  -7  10   0 0.01  0.0    0 12.2 26 270   M    M   7 1      33 270
 7  71  51  61  -1   4   0 0.00  0.0    0  6.8 18 280   M    M   5        24 280
 8  76  50  63   2   2   0 0.00  0.0    0  5.0 15 120   M    M   0        18 120
 9  75  49  62   1   3   0 0.00  0.0    0  4.0 10 130   M    M   1        15 150
10  80  56  68   7   0   3 0.00  0.0    0  4.6 15 150   M    M   3 18     18 160
11  81  57  69   9   0   4 0.00  0.0    0  9.1 21 130   M    M   2 18     25 150
12  79  56  68   8   0   3 0.02  0.0    0  6.0 15 350   M    M   5 18     20 340
13  74  48  61   1   4   0 0.00  0.0    0  4.4 12  20   M    M   1 8      15  20
14  68  48  58  -1   7   0    T  0.0    0  8.1 14 130   M    M   8        16 140
15  69  55  62   3   3   0 0.48  0.0    0  9.9 16 170   M    M   9 18     22 150
16  60  47  54  -5  11   0 0.00  0.0    0  7.2 17 280   M    M   5        22 280
17  66  49  58   0   7   0 0.02  0.0    0  7.8 17 290   M    M   5 8      22 260
18  62  44  53  -5  12   0 0.10  0.0    0  8.2 15 310   M    M   5 1      20 310
19  59  42  51  -7  14   0 0.17  0.0    0  9.9 21 260   M    M   5 1      26 250
20  73  48  61   3   4   0 0.00  0.0    0 12.0 23 210   M    M   2        29 200
21  57  40  49  -8  16   0 0.00  0.0    0  7.3 16 310   M    M   6        21 280
22  62  38  50  -7  15   0 0.10  0.0    0  8.8 25 330   M    M   6 8      35 320
23  51  37  44 -13  21   0 0.02  0.0    0  9.2 17 280   M    M   8        24 280
24  49  32  41 -15  24   0    T  0.0    0  9.4 23 310   M    M   5        29 340
25  56  30  43 -13  22   0 0.00  0.0    0  4.3 13 240   M    M   1        16 180
26  66  38  52  -4  13   0 0.00  0.0    0 10.0 24 280   M    M   4        29 280
27  61  33  47  -8  18   0 0.00  0.0    0  2.6  8 150   M    M   1        15 180
28  69  36  53  -2  12   0 0.00  0.0    0  3.8 10 150   M    M   4        13 150
29  59  47  53  -2  12   0 0.13  0.0    0  8.1  M   M   M    M  10 18      M  M
30  73  57  65  11   0   0 0.02  0.0    0  8.6 15 190   M    M  10 128    22 190
31  68  49  59   5   6   0 0.74  0.0    0  9.8 29 290   M    M   9 1      36 280
================================================================================
SM 2148 1518       240  63  2.35     0.0 237.2          M      158
================================================================================
AV 69.3 49.0                               7.7 FASTST   M    M   5    MAX(MPH)
                                 MISC ---->  # 29 290               # 36  280
================================================================================
NOTES:
# LAST OF SEVERAL OCCURRENCES

COLUMN 17 PEAK WIND IN M.P.H.

PRELIMINARY LOCAL CLIMATOLOGICAL DATA (WS FORM: F-6) , PAGE 2

                                          STATION:  ST. LOUIS
                                          MONTH:    OCTOBER
                                          YEAR:     2013
                                          LATITUDE:   38 45 N
                                          LONGITUDE:  90 23 W

[TEMPERATURE DATA]      [PRECIPITATION DATA]       SYMBOLS USED IN COLUMN 16

AVERAGE MONTHLY: 59.1   TOTAL FOR MONTH:   2.35    1 = FOG OR MIST
DPTR FM NORMAL:   0.4   DPTR FM NORMAL:   -0.98    2 = FOG REDUCING VISIBILITY
HIGHEST:    89 ON  4    GRTST 24HR  0.75 ON 30-31      TO 1/4 MILE OR LESS
LOWEST:     30 ON 25                               3 = THUNDER
                        SNOW, ICE PELLETS, HAIL    4 = ICE PELLETS
                        TOTAL MONTH:   0.0 INCH    5 = HAIL
                        GRTST 24HR     0.0         6 = FREEZING RAIN OR DRIZZLE
                        GRTST DEPTH:   0           7 = DUSTSTORM OR SANDSTORM:
                                                       VSBY 1/2 MILE OR LESS
                                                   8 = SMOKE OR HAZE
[NO. OF DAYS WITH]      [WEATHER - DAYS WITH]      9 = BLOWING SNOW
                                                   X = TORNADO
MAX 32 OR BELOW:   0    0.01 INCH OR MORE:  14
MAX 90 OR ABOVE:   0    0.10 INCH OR MORE:   9
MIN 32 OR BELOW:   2    0.50 INCH OR MORE:   1
MIN  0 OR BELOW:   0    1.00 INCH OR MORE:   0

[HDD (BASE 65) ]
TOTAL THIS MO.   240    CLEAR  (SCALE 0-3)   7
DPTR FM NORMAL     5    PTCLDY (SCALE 4-7)  20
TOTAL FM JUL 1   243    CLOUDY (SCALE 8-10)  4
DPTR FM NORMAL   -33

[CDD (BASE 65) ]
TOTAL THIS MO.    63
DPTR FM NORMAL    22    [PRESSURE DATA]
TOTAL FM JAN 1  1728    HIGHEST SLP 30.54 ON 25
DPTR FM NORMAL    86    LOWEST  SLP 29.38 ON 31

[REMARKS]
#FINAL-10-13#
