000
CXUS53 KLSX 011859 CCA
CF6STL

PRELIMINARY LOCAL CLIMATOLOGICAL DATA (WS FORM: F-6)

                                          STATION:   ST. LOUIS
                                          MONTH:     SEPTEMBER
                                          YEAR:      2013
                                          LATITUDE:   38 45 N
                                          LONGITUDE:  90 23 W

  TEMPERATURE IN F:       :PCPN:    SNOW:  WIND      :SUNSHINE: SKY     :PK WND
================================================================================
1   2   3   4   5  6A  6B    7    8   9   10  11  12  13   14  15   16   17  18
                                     12Z  AVG MX 2MIN
DY MAX MIN AVG DEP HDD CDD  WTR  SNW DPTH SPD SPD DIR MIN PSBL S-S WX    SPD DR
================================================================================

 1  91  72  82   6   0  17 1.81  0.0    0  4.2 32 270   M    M   6 138    48 170
 2  84  69  77   1   0  12 0.00  0.0    0  6.9 15 340   M    M   2        20 330
 3  84  61  73  -2   0   8 0.00  0.0    0  3.8 10 350   M    M   2        15 350
 4  88  62  75   0   0  10 0.00  0.0    0  2.2  9 350   M    M   3        13 340
 5  89  64  77   2   0  12 0.00  0.0    0  3.5 12 120   M    M   5        14 190
 6  89  69  79   5   0  14 0.00  0.0    0  5.3 16 160   M    M   4        28 200
 7  94  70  82   8   0  17    T  0.0    0  6.1 14 230   M    M   3        18 210
 8  85  73  79   5   0  14 0.41  0.0    0  7.4 17  10   M    M   8 138    22  10
 9  99  76  88  15   0  23 0.00  0.0    0  5.7 14 280   M    M   4        16 290
10  98  79  89  16   0  24 0.00  0.0    0  7.1 16 260   M    M   1        21 260
11  98  72  85  12   0  20 0.00  0.0    0  4.6 15 210   M    M   2        18 220
12  86  67  77   5   0  12    T  0.0    0  7.6 16 360   M    M   6        21  10
13  76  58  67  -5   0   2 0.00  0.0    0  6.6 17  20   M    M   3        22 340
14  76  53  65  -6   0   0 0.00  0.0    0  4.9 13 150   M    M   2         M  M
15  84  59  72   1   0   7 0.01  0.0    0  7.7 15 350   M    M   7        18  20
16  75  60  68  -2   0   3    T  0.0    0  9.5 16  40   M    M   7        20  60
17  72  59  66  -4   0   1 0.03  0.0    0  6.5 13 110   M    M   9        15 110
18  88  67  78   9   0  13 0.17  0.0    0  7.2 17 130   M    M   6 138    20 130
19  92  75  84  15   0  19    T  0.0    0 10.2 17 200   M    M   7 3       M  M
20  77  58  68  -1   0   3 0.30  0.0    0  5.9 14 310   M    M   9 13     18 320
21  73  53  63  -5   2   0 0.00  0.0    0  6.0 16 350   M    M   1        21 310
22  76  51  64  -4   1   0 0.00  0.0    0  2.3  9 120   M    M   0         M  M
23  77  53  65  -2   0   0 0.00  0.0    0  8.8 18 120   M    M   0        24 130
24  83  57  70   3   0   5 0.00  0.0    0  9.7 16 130   M    M   6 3      23 140
25  83  67  75   9   0  10 0.00  0.0    0  4.2 13  50   M    M   6 1      18  40
26  85  62  74   8   0   9 0.00  0.0    0  6.2 13 110   M    M   1 18     17 110
27  85  62  74   8   0   9 0.00  0.0    0  8.8 16 120   M    M   2 8      22 170
28  86  66  76  11   0  11 0.01  0.0    0 10.4 22 190   M    M   7 18     29 190
29  76  58  67   2   0   2    T  0.0    0  5.6 15 310   M    M   2 1      21 340
30  79  54  67   3   0   2 0.00  0.0    0  5.3 15 140   M    M   5        20 170
================================================================================
SM 2528 1906         3 279  2.74     0.0 190.2          M      126
================================================================================
AV 84.3 63.5                               6.3 FASTST   M    M   4    MAX(MPH)
                                 MISC ---->  # 32 270               # 48  170
================================================================================
NOTES:
# LAST OF SEVERAL OCCURRENCES

COLUMN 17 PEAK WIND IN M.P.H.

PRELIMINARY LOCAL CLIMATOLOGICAL DATA (WS FORM: F-6) , PAGE 2

                                          STATION:  ST. LOUIS
                                          MONTH:    SEPTEMBER
                                          YEAR:     2013
                                          LATITUDE:   38 45 N
                                          LONGITUDE:  90 23 W

[TEMPERATURE DATA]      [PRECIPITATION DATA]       SYMBOLS USED IN COLUMN 16

AVERAGE MONTHLY: 73.9   TOTAL FOR MONTH:   2.74    1 = FOG OR MIST
DPTR FM NORMAL:   3.5   DPTR FM NORMAL:   -0.39    2 = FOG REDUCING VISIBILITY
HIGHEST:    99 ON  9    GRTST 24HR  1.81 ON  1- 1      TO 1/4 MILE OR LESS
LOWEST:     51 ON 22                               3 = THUNDER
                        SNOW, ICE PELLETS, HAIL    4 = ICE PELLETS
                        TOTAL MONTH:   0.0 INCH    5 = HAIL
                        GRTST 24HR     0.0         6 = FREEZING RAIN OR DRIZZLE
                        GRTST DEPTH:   0           7 = DUSTSTORM OR SANDSTORM:
                                                       VSBY 1/2 MILE OR LESS
                                                   8 = SMOKE OR HAZE
[NO. OF DAYS WITH]      [WEATHER - DAYS WITH]      9 = BLOWING SNOW
                                                   X = TORNADO
MAX 32 OR BELOW:   0    0.01 INCH OR MORE:   7
MAX 90 OR ABOVE:   6    0.10 INCH OR MORE:   4
MIN 32 OR BELOW:   0    0.50 INCH OR MORE:   1
MIN  0 OR BELOW:   0    1.00 INCH OR MORE:   1

[HDD (BASE 65) ]
TOTAL THIS MO.     3    CLEAR  (SCALE 0-3)  14
DPTR FM NORMAL   -37    PTCLDY (SCALE 4-7)  13
TOTAL FM JUL 1     3    CLOUDY (SCALE 8-10)  3
DPTR FM NORMAL   -38

[CDD (BASE 65) ]
TOTAL THIS MO.   279
DPTR FM NORMAL    77    [PRESSURE DATA]
TOTAL FM JAN 1  1665    HIGHEST SLP 30.27 ON 16
DPTR FM NORMAL    64    LOWEST  SLP 29.73 ON  1

[REMARKS]
#FINAL-09-13#
