000
CXUS53 KLSX 011643 CCA
CF6STL

PRELIMINARY LOCAL CLIMATOLOGICAL DATA (WS FORM: F-6)

                                          STATION:   ST. LOUIS
                                          MONTH:     AUGUST
                                          YEAR:      2013
                                          LATITUDE:   38 45 N
                                          LONGITUDE:  90 23 W

  TEMPERATURE IN F:       :PCPN:    SNOW:  WIND      :SUNSHINE: SKY     :PK WND
================================================================================
1   2   3   4   5  6A  6B    7    8   9   10  11  12  13   14  15   16   17  18
                                     12Z  AVG MX 2MIN
DY MAX MIN AVG DEP HDD CDD  WTR  SNW DPTH SPD SPD DIR MIN PSBL S-S WX    SPD DR
================================================================================

 1  88  67  78  -2   0  13 0.00  0.0    0  4.9 12 310   M    M   4        15 290
 2  83  73  78  -2   0  13 0.42  0.0    0  7.0 17 220   M    M   9 1      21 230
 3  85  70  78  -2   0  13 0.00  0.0    0  5.4 15  10   M    M   7 18     18  20
 4  80  65  73  -7   0   8 0.00  0.0    0  5.5 10 140   M    M   7        14 110
 5  75  71  73  -7   0   8    T  0.0    0  8.7 17 170   M    M   9 18     24 160
 6  90  72  81   1   0  16    T  0.0    0  6.2 14 150   M    M   7 18     18 170
 7  91  75  83   3   0  18 0.00  0.0    0  7.2 18 240   M    M   8 8      26 230
 8  81  73  77  -3   0  12 0.42  0.0    0  4.1 12 340   M    M   8 13     17  10
 9  81  69  75  -5   0  10    T  0.0    0  3.6 10  20   M    M   8 1      13  30
10  85  69  77  -2   0  12 0.00  0.0    0  5.5 15 360   M    M   4        17 310
11  86  63  75  -4   0  10 0.00  0.0    0  3.8 10  80   M    M   2        21  80
12  82  72  77  -2   0  12 0.17  0.0    0  4.5 15 360   M    M   8 13     17 360
13  80  65  73  -6   0   8 0.00  0.0    0  8.3 16  40   M    M   7        20  30
14  76  57  67 -12   0   2 0.00  0.0    0  5.6 14  60   M    M   4        17  80
15  76  60  68 -11   0   3 0.00  0.0    0  4.1 14  80   M    M   7        17  30
16  77  60  69 -10   0   4 0.00  0.0    0  5.6 16  40   M    M   7        22  40
17  81  60  71  -8   0   6 0.00  0.0    0  4.7 13  40   M    M   7        17  40
18  84  65  75  -4   0  10 0.00  0.0    0  3.2 12 350   M    M   6        17  60
19  88  67  78  -1   0  13 0.00  0.0    0  3.8 12 110   M    M   3 18     14 110
20  90  69  80   2   0  15 0.00  0.0    0  4.6 12 120   M    M   3 8      17 120
21  93  72  83   5   0  18 0.00  0.0    0  3.5 13 210   M    M   2        16 200
22  92  76  84   6   0  19 0.00  0.0    0  5.8 13 340   M    M   6        16 280
23  90  74  82   4   0  17 0.00  0.0    0  5.8 15  20   M    M   5        18  20
24  92  69  81   3   0  16 0.00  0.0    0  6.5 14 100   M    M   2        17 100
25  94  69  82   4   0  17 0.00  0.0    0  6.4 14 130   M    M   4        17 150
26  97  76  87   9   0  22 0.00  0.0    0  8.7 14 220   M    M   4 18     21 230
27  97  77  87  10   0  22 0.00  0.0    0  8.7 16 260   M    M   5        22 240
28  97  75  86   9   0  21 0.00  0.0    0  6.0 14 240   M    M   2        22 250
29  98  75  87  10   0  22 0.00  0.0    0  5.0 13 340   M    M   5        17 280
30 102  79  91  14   0  26 0.00  0.0    0  6.2 14 220   M    M   4        18 210
31 103  79  91  15   0  26 0.18  0.0    0 10.2 46 270   M    M   4 38     68 260
================================================================================
SM 2714 2163         0 432  1.19     0.0 179.1          M      168
================================================================================
AV 87.5 69.8                               5.8 FASTST   M    M   5    MAX(MPH)
                                 MISC ---->  # 46 270               # 68  260
================================================================================
NOTES:
# LAST OF SEVERAL OCCURRENCES

COLUMN 17 PEAK WIND IN M.P.H.

PRELIMINARY LOCAL CLIMATOLOGICAL DATA (WS FORM: F-6) , PAGE 2

                                          STATION:  ST. LOUIS
                                          MONTH:    AUGUST
                                          YEAR:     2013
                                          LATITUDE:   38 45 N
                                          LONGITUDE:  90 23 W

[TEMPERATURE DATA]      [PRECIPITATION DATA]       SYMBOLS USED IN COLUMN 16

AVERAGE MONTHLY: 78.7   TOTAL FOR MONTH:   1.19    1 = FOG OR MIST
DPTR FM NORMAL:   0.1   DPTR FM NORMAL:   -1.80    2 = FOG REDUCING VISIBILITY
HIGHEST:   103 ON 31    GRTST 24HR  0.42 ON  8- 8      TO 1/4 MILE OR LESS
LOWEST:     57 ON 14                               3 = THUNDER
                        SNOW, ICE PELLETS, HAIL    4 = ICE PELLETS
                        TOTAL MONTH:   0.0 INCH    5 = HAIL
                        GRTST 24HR     0.0         6 = FREEZING RAIN OR DRIZZLE
                        GRTST DEPTH:   0           7 = DUSTSTORM OR SANDSTORM:
                                                       VSBY 1/2 MILE OR LESS
                                                   8 = SMOKE OR HAZE
[NO. OF DAYS WITH]      [WEATHER - DAYS WITH]      9 = BLOWING SNOW
                                                   X = TORNADO
MAX 32 OR BELOW:   0    0.01 INCH OR MORE:   4
MAX 90 OR ABOVE:  14    0.10 INCH OR MORE:   4
MIN 32 OR BELOW:   0    0.50 INCH OR MORE:   0
MIN  0 OR BELOW:   0    1.00 INCH OR MORE:   0

[HDD (BASE 65) ]
TOTAL THIS MO.     0    CLEAR  (SCALE 0-3)   6
DPTR FM NORMAL    -1    PTCLDY (SCALE 4-7)  19
TOTAL FM JUL 1     0    CLOUDY (SCALE 8-10)  6
DPTR FM NORMAL    -1

[CDD (BASE 65) ]
TOTAL THIS MO.   432
DPTR FM NORMAL     8    [PRESSURE DATA]
TOTAL FM JAN 1  1386    HIGHEST SLP 30.24 ON 25
DPTR FM NORMAL   -13    LOWEST  SLP 29.68 ON 31

[REMARKS]
#FINAL-08-13#
