000
CXUS53 KLSX 011800 CCA
CF6STL

PRELIMINARY LOCAL CLIMATOLOGICAL DATA (WS FORM: F-6)

                                          STATION:   ST. LOUIS
                                          MONTH:     FEBRUARY
                                          YEAR:      2013
                                          LATITUDE:   38 45 N
                                          LONGITUDE:  90 23 W

  TEMPERATURE IN F:       :PCPN:    SNOW:  WIND      :SUNSHINE: SKY     :PK WND
================================================================================
1   2   3   4   5  6A  6B    7    8   9   10  11  12  13   14  15   16   17  18
                                     12Z  AVG MX 2MIN
DY MAX MIN AVG DEP HDD CDD  WTR  SNW DPTH SPD SPD DIR MIN PSBL S-S WX    SPD DR
================================================================================

 1  30   9  20 -13  45   0 0.00  0.0    0  8.9 25 290   M    M   4        31 310
 2  45  30  38   5  27   0 0.14  2.0    0 11.2 25 290   M    M   9 1      31 290
 3  33  25  29  -4  36   0 0.12  2.0    4 10.3 25 290   M    M   5 128    36 310
 4  57  27  42   8  23   0 0.00  0.0    3  8.9 21 330   M    M   7        29 330
 5  57  29  43   9  22   0 0.00  0.0    0  7.2 20 290   M    M   5 8      28 280
 6  52  27  40   6  25   0 0.00  0.0    0  7.7 17 150   M    M   3 1      23 140
 7  52  36  44  10  21   0 0.23  0.0    0  8.7 23 320   M    M   9 1      28 310
 8  39  30  35   1  30   0 0.00  0.0    0  9.9 20 360   M    M  10 18     24 310
 9  43  30  37   2  28   0 0.09    T    0 12.2 21 170   M    M  10 4      26 160
10  56  39  48  13  17   0 0.46  0.0    0 17.3 32 240   M    M   8 138    44 260
11  52  35  44   9  21   0 0.00  0.0    0 15.9 35 260   M    M   2        46 240
12  46  28  37   2  28   0 0.00  0.0    0  1.8  9 320   M    M   6        18 200
13  55  35  45   9  20   0 0.00  0.0    0  8.2 20 240   M    M   5        38 260
14  57  40  49  13  16   0 0.00  0.0    0 10.6 21 310   M    M   6        25 290
15  42  28  35  -1  30   0 0.00  0.0    0 10.2 22 320   M    M   5        28 320
16  38  21  30  -7  35   0 0.00  0.0    0  6.6 16 280   M    M   2        21 320
17  49  22  36  -1  29   0 0.00  0.0    0 10.7 22 140   M    M   6        30 150
18  60  34  47  10  18   0 0.16  0.0    0 18.3 32 280   M    M   9 1      40 280
19  34  24  29  -8  36   0 0.00  0.0    0 16.1 29 280   M    M   2        36 280
20  26  18  22 -16  43   0 0.00  0.0    0  6.4 13 320   M    M   6        16 310
21  33  21  27 -11  38   0 0.94  5.7    0 12.5 29  80   M    M   9 1246   38  80
22  36  23  30  -8  35   0 0.01    T    5  8.9 20 260   M    M   6 1      24 260
23  34  16  25 -14  40   0 0.00  0.0    5  3.3 10 310   M    M   2 18     13 310
24  42  18  30  -9  35   0 0.00  0.0    4  4.8 14 100   M    M   1 18     16 100
25  43  30  37  -2  28   0 0.19    T    3 12.0 24  40   M    M   9 4      32  50
26  41  34  38  -2  27   0 0.84    T    2 12.9 24  40   M    M  10 1      33  50
27  36  32  34  -6  31   0 0.06  0.5    T 14.8 22 280   M    M   9 1      28 290
28  36  32  34  -6  31   0 0.03  0.4    T 10.3 18 290   M    M  10 18     23 280
================================================================================
SM 1224  773       815   0  3.27    10.6 286.6          M      175
================================================================================
AV 43.7 27.6                              10.2 FASTST   M    M   6    MAX(MPH)
                                 MISC ---->  # 35 260               # 46  240
================================================================================
NOTES:
# LAST OF SEVERAL OCCURRENCES

COLUMN 17 PEAK WIND IN M.P.H.

PRELIMINARY LOCAL CLIMATOLOGICAL DATA (WS FORM: F-6) , PAGE 2

                                          STATION:  ST. LOUIS
                                          MONTH:    FEBRUARY
                                          YEAR:     2013
                                          LATITUDE:   38 45 N
                                          LONGITUDE:  90 23 W

[TEMPERATURE DATA]      [PRECIPITATION DATA]       SYMBOLS USED IN COLUMN 16

AVERAGE MONTHLY: 35.7   TOTAL FOR MONTH:   3.27    1 = FOG OR MIST
DPTR FM NORMAL:  -0.6   DPTR FM NORMAL:    1.03    2 = FOG REDUCING VISIBILITY
HIGHEST:    60 ON 18    GRTST 24HR  1.03 ON 25-26      TO 1/4 MILE OR LESS
LOWEST:      9 ON  1                               3 = THUNDER
                        SNOW, ICE PELLETS, HAIL    4 = ICE PELLETS
                        TOTAL MONTH:  10.6 INCHES  5 = HAIL
                        GRTST 24HR   5.7 ON 21     6 = FREEZING RAIN OR DRIZZLE
                        GRTST DEPTH:   5 ON 23,22  7 = DUSTSTORM OR SANDSTORM:
                                                       VSBY 1/2 MILE OR LESS
                                                   8 = SMOKE OR HAZE
[NO. OF DAYS WITH]      [WEATHER - DAYS WITH]      9 = BLOWING SNOW
                                                   X = TORNADO
MAX 32 OR BELOW:   2    0.01 INCH OR MORE:  12
MAX 90 OR ABOVE:   0    0.10 INCH OR MORE:   8
MIN 32 OR BELOW:  21    0.50 INCH OR MORE:   2
MIN  0 OR BELOW:   0    1.00 INCH OR MORE:   0

[HDD (BASE 65) ]
TOTAL THIS MO.   815    CLEAR  (SCALE 0-3)   6
DPTR FM NORMAL    11    PTCLDY (SCALE 4-7)  11
TOTAL FM JUL 1  3317    CLOUDY (SCALE 8-10) 11
DPTR FM NORMAL  -281

[CDD (BASE 65) ]
TOTAL THIS MO.     0
DPTR FM NORMAL     0    [PRESSURE DATA]
TOTAL FM JAN 1     0    HIGHEST SLP 30.56 ON  1
DPTR FM NORMAL     0    LOWEST  SLP 29.37 ON 26

[REMARKS]
#FINAL-02-13#
