000
CXUS53 KLSX 011729
CF6STL

PRELIMINARY LOCAL CLIMATOLOGICAL DATA (WS FORM: F-6)

                                          STATION:   ST. LOUIS
                                          MONTH:     JANUARY
                                          YEAR:      2013
                                          LATITUDE:   38 45 N
                                          LONGITUDE:  90 23 W

  TEMPERATURE IN F:       :PCPN:    SNOW:  WIND      :SUNSHINE: SKY     :PK WND
================================================================================
1   2   3   4   5  6A  6B    7    8   9   10  11  12  13   14  15   16   17  18
                                     12Z  AVG MX 2MIN
DY MAX MIN AVG DEP HDD CDD  WTR  SNW DPTH SPD SPD DIR MIN PSBL S-S WX    SPD DR
================================================================================

 1  31  17  24  -8  41   0    T  0.1    1  7.5 18 360   M    M   7 1      22  10
 2  33  15  24  -8  41   0 0.00  0.0    1  3.0  9 150   M    M   5 8      15 190
 3  40  21  31  -1  34   0 0.00  0.0    1  7.5 18 280   M    M   3 8      23 280
 4  41  24  33   1  32   0 0.00  0.0    T  6.6 21 230   M    M   1        24 230
 5  46  30  38   6  27   0    T    T    T  8.3 16 220   M    M   7        20 230
 6  43  25  34   2  31   0 0.00  0.0    0 10.3 23 280   M    M   4 8      30 290
 7  46  23  35   3  30   0 0.00  0.0    0  7.4 17 170   M    M   3        22 160
 8  54  27  41   9  24   0 0.00  0.0    0  6.4 17 140   M    M   7        20 140
 9  58  39  49  17  16   0    T  0.0    0  6.9 15 220   M    M   9        18 220
10  59  40  50  18  15   0 0.62  0.0    0 10.9 18 110   M    M  10 12     23 110
11  64  50  57  25   8   0 0.00  0.0    0 12.6 22 180   M    M   7        28 190
12  58  32  45  13  20   0 0.65  0.0    0 11.4 21 340   M    M   9 16     30 350
13  32  20  26  -6  39   0    T    T    0 10.2 20 310   M    M   7 6      28 310
14  27  17  22 -10  43   0 0.00  0.0    0  5.0  9  30   M    M   3        14 360
15  31  17  24  -8  41   0 0.00  0.0    0  5.3 12  10   M    M   6        15 360
16  43  20  32   0  33   0 0.00  0.0    0  7.4 17 260   M    M   2        21 250
17  42  27  35   3  30   0 0.00  0.0    0  7.7 18 350   M    M   3        22 330
18  56  24  40   8  25   0 0.00  0.0    0  9.2 22 200   M    M   1        26 200
19  66  42  54  22  11   0 0.00  0.0    0 13.7 28 250   M    M   1        35 250
20  47  25  36   4  29   0 0.00  0.0    0 10.2 24 320   M    M   5        32 310
21  27  15  21 -11  44   0    T    T    0 12.8 24 320   M    M   7        31 280
22  18  13  16 -16  49   0 0.02  0.7    0  3.9 10 310   M    M   8        12 310
23  42  13  28  -4  37   0 0.00  0.0    T  5.7 17 340   M    M   5        22 340
24  28  16  22 -10  43   0 0.00  0.0    0 13.0 20  10   M    M   8        26  10
25  45  27  36   4  29   0    T    T    0  8.1 16 270   M    M   8        21 280
26  38  23  31  -1  34   0 0.00  0.0    0  6.7 13 110   M    M   5        15 110
27  52  28  40   8  25   0 0.24  0.0    0 12.7 22 140   M    M   9 16     29 150
28  74  52  63  31   2   0    T  0.0    0 11.0 20 180   M    M   8        26 180
29  68  54  61  28   4   0 1.44  0.0    0 12.1 25 290   M    M   9 13     36 250
30  54  27  41   8  24   0 0.15  0.1    0 18.5 35 280   M    M  10 1      44 290
31  33  12  23 -10  42   0    T    T    0 18.4 29 310   M    M   8        38 290
================================================================================
SM 1396  815       903   0  3.12     0.9 290.4          M      185
================================================================================
AV 45.0 26.3                               9.4 FASTST   M    M   6    MAX(MPH)
                                 MISC ---->  # 35 280               # 44  290
================================================================================
NOTES:
# LAST OF SEVERAL OCCURRENCES

COLUMN 17 PEAK WIND IN M.P.H.

PRELIMINARY LOCAL CLIMATOLOGICAL DATA (WS FORM: F-6) , PAGE 2

                                          STATION:  ST. LOUIS
                                          MONTH:    JANUARY
                                          YEAR:     2013
                                          LATITUDE:   38 45 N
                                          LONGITUDE:  90 23 W

[TEMPERATURE DATA]      [PRECIPITATION DATA]       SYMBOLS USED IN COLUMN 16

AVERAGE MONTHLY: 35.7   TOTAL FOR MONTH:   3.12    1 = FOG OR MIST
DPTR FM NORMAL:   3.9   DPTR FM NORMAL:    0.72    2 = FOG REDUCING VISIBILITY
HIGHEST:    74 ON 28    GRTST 24HR  1.59 ON 29-30      TO 1/4 MILE OR LESS
LOWEST:     12 ON 31                               3 = THUNDER
                        SNOW, ICE PELLETS, HAIL    4 = ICE PELLETS
                        TOTAL MONTH:   0.9 INCH    5 = HAIL
                        GRTST 24HR  0.7 ON   22    6 = FREEZING RAIN OR DRIZZLE
                        GRTST DEPTH:  1 ON 3, 2, 1 7 = DUSTSTORM OR SANDSTORM:
                                                       VSBY 1/2 MILE OR LESS
                                                   8 = SMOKE OR HAZE
[NO. OF DAYS WITH]      [WEATHER - DAYS WITH]      9 = BLOWING SNOW
                                                   X = TORNADO
MAX 32 OR BELOW:   7    0.01 INCH OR MORE:   6
MAX 90 OR ABOVE:   0    0.10 INCH OR MORE:   5
MIN 32 OR BELOW:  25    0.50 INCH OR MORE:   3
MIN  0 OR BELOW:   0    1.00 INCH OR MORE:   1

[HDD (BASE 65) ]
TOTAL THIS MO.   903    CLEAR  (SCALE 0-3)   8
DPTR FM NORMAL  -126    PTCLDY (SCALE 4-7)  12
TOTAL FM JUL 1  2502    CLOUDY (SCALE 8-10) 11
DPTR FM NORMAL  -292

[CDD (BASE 65) ]
TOTAL THIS MO.     0
DPTR FM NORMAL     0    [PRESSURE DATA]
TOTAL FM JAN 1     0    HIGHEST SLP 30.64 ON 24
DPTR FM NORMAL     0    LOWEST  SLP 29.35 ON 30

[REMARKS]
#FINAL-01-13#
