000
CXUS53 KLSX 011645
CF6STL
PRELIMINARY LOCAL CLIMATOLOGICAL DATA (WS FORM: F-6)

                                          STATION:   ST. LOUIS
                                          MONTH:     OCTOBER
                                          YEAR:      2012
                                          LATITUDE:   38 45 N
                                          LONGITUDE:  90 23 W

  TEMPERATURE IN F:       :PCPN:    SNOW:  WIND      :SUNSHINE: SKY     :PK WND
================================================================================
1   2   3   4   5  6A  6B    7    8   9   10  11  12  13   14  15   16   17  18
                                     12Z  AVG MX 2MIN
DY MAX MIN AVG DEP HDD CDD  WTR  SNW DPTH SPD SPD DIR MIN PSBL S-S WX    SPD DR
================================================================================

 1  66  54  60  -4   5   0 0.00  0.0    0  7.3 16  10   M    M   9         M  M
 2  72  49  61  -3   4   0    T  0.0    0  6.1 17 340   M    M   6        22 330
 3  77  61  69   6   0   4    T  0.0    0  5.7 14 270   M    M   8        17 220
 4  83  54  69   6   0   4 0.00  0.0    0 10.1 22 230   M    M   5        26 220
 5  54  39  47 -15  18   0 0.54  0.0    0  7.9 17 350   M    M   8 138    21 360
 6  51  38  45 -17  20   0 0.00  0.0    0  8.1 14 280   M    M   7        17 280
 7  55  38  47 -15  18   0 0.00  0.0    0  4.7 15 340   M    M   5        21 280
 8  62  38  50 -11  15   0 0.00  0.0    0  5.4 16 190   M    M   2        21 190
 9  69  45  57  -4   8   0 0.01  0.0    0 10.1 23 330   M    M   5 1      30 330
10  59  40  50 -11  15   0 0.01  0.0    0  6.1 15 340   M    M   1        18 320
11  66  44  55  -5  10   0    T  0.0    0  8.2 16 200   M    M   5        21 200
12  66  50  58  -2   7   0 0.00  0.0    0  7.9 18  30   M    M   7        23  20
13  78  57  68   8   0   3 0.12  0.0    0 11.2 23 200   M    M   9 18     29 210
14  75  54  65   6   0   0 0.77  0.0    0 13.5 31 210   M    M   6 1      39 210
15  71  48  60   1   5   0 0.00  0.0    0  4.9 10 320   M    M   2        14 280
16  84  52  68   9   0   3 0.00  0.0    0 10.0 21 220   M    M   3        29 210
17  68  53  61   3   4   0 0.27  0.0    0 12.2 36 250   M    M   9 13     44 270
18  62  49  56  -2   9   0    T  0.0    0 15.4 30 240   M    M   6        39 260
19  54  47  51  -7  14   0 0.01  0.0    0 15.0 25 260   M    M   9        33 260
20  66  48  57  -1   8   0 0.00  0.0    0  6.1 12 280   M    M   7        14 250
21  78  49  64   7   1   0 0.00  0.0    0  8.8 17 140   M    M   4        23 150
22  75  65  70  13   0   5 0.08  0.0    0 10.0 18 180   M    M   9 3      24 180
23  79  65  72  15   0   7 0.25  0.0    0 10.1 17 170   M    M   6 13     22 170
24  84  66  75  19   0  10 0.00  0.0    0  9.9 18 170   M    M   5        24 160
25  83  45  64   8   1   0 0.44  0.0    0 13.2 28 290   M    M   6 13     36 310
26  51  39  45 -11  20   0 0.00  0.0    0 13.0 21 360   M    M   6        30 350
27  52  34  43 -12  22   0 0.00  0.0    0  9.3 16 360   M    M   3        20  10
28  53  34  44 -11  21   0 0.00  0.0    0  6.8 16 350   M    M   4        20 350
29  56  34  45 -10  20   0 0.00  0.0    0  6.3 14 350   M    M   2        20 350
30  58  35  47  -7  18   0 0.00  0.0    0  9.9 24 320   M    M   5        31 320
31  57  35  46  -8  19   0 0.00  0.0    0  8.4 17 290   M    M   1        23 290
================================================================================
SM 2064 1459       282  36  2.50     0.0 281.6          M      170
================================================================================
AV 66.6 47.1                               9.1 FASTST   M    M   5    MAX(MPH)
                                 MISC ---->  # 36 250               # 44  270
================================================================================
NOTES:
# LAST OF SEVERAL OCCURRENCES

COLUMN 17 PEAK WIND IN M.P.H.

PRELIMINARY LOCAL CLIMATOLOGICAL DATA (WS FORM: F-6) , PAGE 2

                                          STATION:  ST. LOUIS
                                          MONTH:    OCTOBER
                                          YEAR:     2012
                                          LATITUDE:   38 45 N
                                          LONGITUDE:  90 23 W

[TEMPERATURE DATA]      [PRECIPITATION DATA]       SYMBOLS USED IN COLUMN 16

AVERAGE MONTHLY: 56.8   TOTAL FOR MONTH:   2.50    1 = FOG OR MIST
DPTR FM NORMAL:  -1.9   DPTR FM NORMAL:   -0.83    2 = FOG REDUCING VISIBILITY
HIGHEST:    84 ON 24,16 GRTST 24HR  0.89 ON 13-14      TO 1/4 MILE OR LESS
LOWEST:     34 ON 29,28                            3 = THUNDER
                        SNOW, ICE PELLETS, HAIL    4 = ICE PELLETS
                        TOTAL MONTH:   0.0 INCH    5 = HAIL
                        GRTST 24HR     0.0         6 = FREEZING RAIN OR DRIZZLE
                        GRTST DEPTH:   0           7 = DUSTSTORM OR SANDSTORM:
                                                       VSBY 1/2 MILE OR LESS
                                                   8 = SMOKE OR HAZE
[NO. OF DAYS WITH]      [WEATHER - DAYS WITH]      9 = BLOWING SNOW
                                                   X = TORNADO
MAX 32 OR BELOW:   0    0.01 INCH OR MORE:  10
MAX 90 OR ABOVE:   0    0.10 INCH OR MORE:   6
MIN 32 OR BELOW:   0    0.50 INCH OR MORE:   2
MIN  0 OR BELOW:   0    1.00 INCH OR MORE:   0

[HDD (BASE 65) ]
TOTAL THIS MO.   282    CLEAR  (SCALE 0-3)   6
DPTR FM NORMAL    47    PTCLDY (SCALE 4-7)  18
TOTAL FM JUL 1   313    CLOUDY (SCALE 8-10)  7
DPTR FM NORMAL    37

[CDD (BASE 65) ]
TOTAL THIS MO.    36
DPTR FM NORMAL    -5    [PRESSURE DATA]
TOTAL FM JAN 1  2205    HIGHEST SLP 30.38 ON 12
DPTR FM NORMAL   563    LOWEST  SLP 29.36 ON 17

[REMARKS]
#FINAL-10-12#
