000
CXUS53 KLSX 012057 CCA
CF6STL

PRELIMINARY LOCAL CLIMATOLOGICAL DATA (WS FORM: F-6)

                                          STATION:   ST. LOUIS
                                          MONTH:     NOVEMBER
                                          YEAR:      2012
                                          LATITUDE:   38 45 N
                                          LONGITUDE:  90 23 W

  TEMPERATURE IN F:       :PCPN:    SNOW:  WIND      :SUNSHINE: SKY     :PK WND
================================================================================
1   2   3   4   5  6A  6B    7    8   9   10  11  12  13   14  15   16   17  18
                                     12Z  AVG MX 2MIN
DY MAX MIN AVG DEP HDD CDD  WTR  SNW DPTH SPD SPD DIR MIN PSBL S-S WX    SPD DR
================================================================================

 1  63  37  50  -3  15   0 0.00  0.0    0  4.2 13 230   M    M   4        15 250
 2  55  39  47  -6  18   0 0.00  0.0    0  7.0 12 100   M    M   6        14 100
 3  51  38  45  -8  20   0 0.00  0.0    0  8.7 16 100   M    M   7        20  20
 4  52  31  42 -10  23   0 0.00  0.0    0  4.0 12 100   M    M   5        13 100
 5  44  42  43  -9  22   0 0.08  0.0    0  8.5 17 130   M    M  10 1      21 130
 6  48  42  45  -6  20   0 0.02  0.0    0  4.6 15 250   M    M   9 18     20 250
 7  49  38  44  -7  21   0    T  0.0    0  6.6 17 360   M    M   8        22 340
 8  57  33  45  -6  20   0 0.00  0.0    0  6.0 15 140   M    M   0        18 130
 9  72  43  58   8   7   0 0.00  0.0    0 10.1 22 210   M    M   5        29 210
10  81  57  69  19   0   4    T  0.0    0 14.2 24 170   M    M   5        33 200
11  70  38  54   5  11   0 1.20  0.0    0 15.0 30 180   M    M   9 1      41 170
12  47  30  39 -10  26   0 0.00  0.0    0 11.5 24 260   M    M   2        31 250
13  51  29  40  -8  25   0 0.00  0.0    0  2.9 13 120   M    M   3        15 120
14  49  32  41  -7  24   0 0.00  0.0    0  4.8 10 130   M    M   5        12 130
15  56  30  43  -4  22   0 0.00  0.0    0  1.7  7 120   M    M   6 8       8  30
16  60  33  47   0  18   0 0.00  0.0    0  2.0  8 120   M    M   0 8       9 110
17  57  31  44  -2  21   0 0.00  0.0    0  5.1 13 120   M    M   3 8      15 120
18  61  31  46   0  19   0 0.00  0.0    0  4.9 13 130   M    M   5 18     16 130
19  59  41  50   5  15   0 0.01  0.0    0  4.7  9 150   M    M   8        14 190
20  62  42  52   7  13   0 0.00  0.0    0  4.1 10 320   M    M   3 128    15 290
21  65  42  54  10  11   0 0.00  0.0    0  3.8 12 170   M    M   6 128    14 160
22  70  48  59  15   6   0 0.09  0.0    0 10.6 24 320   M    M   6 8      31 320
23  54  29  42  -1  23   0 0.00  0.0    0 14.3 28 310   M    M   2        36 310
24  39  24  32 -11  33   0 0.00  0.0    0  7.0 14 160   M    M   6        18 150
25  58  35  47   5  18   0 0.00  0.0    0  5.9 16 250   M    M   5        21 260
26  44  30  37  -5  28   0 0.00  0.0    0 10.1 21 360   M    M   6        28 360
27  41  22  32  -9  33   0 0.00  0.0    0  2.7 10 350   M    M   2        15 340
28  51  28  40  -1  25   0 0.00  0.0    0  3.7 13 150   M    M   1        15 150
29  61  33  47   7  18   0 0.00  0.0    0  8.4 17 190   M    M   7        23 200
30  66  41  54  14  11   0 0.00  0.0    0  6.8 15 250   M    M   5        22 240
================================================================================
SM 1693 1069       566   4  1.40     0.0 203.9          M      149
================================================================================
AV 56.4 35.6                               6.8 FASTST   M    M   5    MAX(MPH)
                                 MISC ---->  # 30 180               # 41  170
================================================================================
NOTES:
# LAST OF SEVERAL OCCURRENCES

COLUMN 17 PEAK WIND IN M.P.H.

PRELIMINARY LOCAL CLIMATOLOGICAL DATA (WS FORM: F-6) , PAGE 2

                                          STATION:  ST. LOUIS
                                          MONTH:    NOVEMBER
                                          YEAR:     2012
                                          LATITUDE:   38 45 N
                                          LONGITUDE:  90 23 W

[TEMPERATURE DATA]      [PRECIPITATION DATA]       SYMBOLS USED IN COLUMN 16

AVERAGE MONTHLY: 46.0   TOTAL FOR MONTH:   1.40    1 = FOG OR MIST
DPTR FM NORMAL:  -0.8   DPTR FM NORMAL:   -2.51    2 = FOG REDUCING VISIBILITY
HIGHEST:    81 ON 10    GRTST 24HR  1.20 ON 11-11      TO 1/4 MILE OR LESS
LOWEST:     22 ON 27                               3 = THUNDER
                        SNOW, ICE PELLETS, HAIL    4 = ICE PELLETS
                        TOTAL MONTH:   0.0 INCH    5 = HAIL
                        GRTST 24HR     0.0         6 = FREEZING RAIN OR DRIZZLE
                        GRTST DEPTH:   0           7 = DUSTSTORM OR SANDSTORM:
                                                       VSBY 1/2 MILE OR LESS
                                                   8 = SMOKE OR HAZE
[NO. OF DAYS WITH]      [WEATHER - DAYS WITH]      9 = BLOWING SNOW
                                                   X = TORNADO
MAX 32 OR BELOW:   0    0.01 INCH OR MORE:   5
MAX 90 OR ABOVE:   0    0.10 INCH OR MORE:   1
MIN 32 OR BELOW:  12    0.50 INCH OR MORE:   1
MIN  0 OR BELOW:   0    1.00 INCH OR MORE:   1

[HDD (BASE 65) ]
TOTAL THIS MO.   566    CLEAR  (SCALE 0-3)   9
DPTR FM NORMAL    16    PTCLDY (SCALE 4-7)  16
TOTAL FM JUL 1   879    CLOUDY (SCALE 8-10)  5
DPTR FM NORMAL    53

[CDD (BASE 65) ]
TOTAL THIS MO.     4
DPTR FM NORMAL     0    [PRESSURE DATA]
TOTAL FM JAN 1  2209    HIGHEST SLP 30.57 ON 13
DPTR FM NORMAL   563    LOWEST  SLP 29.76 ON 11

[REMARKS]
#FINAL-11-12#
