000
CXUS53 KLSX 011620
CF6STL

PRELIMINARY LOCAL CLIMATOLOGICAL DATA (WS FORM: F-6)

                                          STATION:   ST. LOUIS
                                          MONTH:     JULY
                                          YEAR:      2012
                                          LATITUDE:   38 45 N
                                          LONGITUDE:  90 23 W

  TEMPERATURE IN F:       :PCPN:    SNOW:  WIND      :SUNSHINE: SKY     :PK WND
================================================================================
1   2   3   4   5  6A  6B    7    8   9   10  11  12  13   14  15   16   17  18
                                     12Z  AVG MX 2MIN
DY MAX MIN AVG DEP HDD CDD  WTR  SNW DPTH SPD SPD DIR MIN PSBL S-S WX    SPD DR
================================================================================

 1 102  79  91  11   0  26 0.00  0.0    0  5.8 17 340   M    M   6        22 320
 2 100  77  89   9   0  24    T  0.0    0  4.1 31 250   M    M   6 3      38 250
 3 101  76  89   9   0  24 0.00  0.0    0  7.5 16 240   M    M   4        21 240
 4 105  83  94  14   0  29 0.00  0.0    0  8.3 15 260   M    M   2        21 260
 5 105  83  94  14   0  29 0.00  0.0    0  5.1 14 340   M    M   1        17 340
 6 106  83  95  15   0  30 0.00  0.0    0  4.0 13  70   M    M   6        21  80
 7 107  83  95  15   0  30 0.01  0.0    0  5.4 29 240   M    M   4 3      35 240
 8  98  75  87   7   0  22 0.24  0.0    0  8.1 29 120   M    M   8 13     37 110
 9  92  74  83   3   0  18 0.03  0.0    0  6.0 15  10   M    M   6        22 360
10  95  71  83   3   0  18 0.00  0.0    0  7.0 17  70   M    M   4        22  70
11  93  72  83   3   0  18 0.00  0.0    0  7.9 16  40   M    M   4        23  40
12  94  73  84   4   0  19 0.00  0.0    0   M  13 110   M    M   3         M  M
13  95  74  85   5   0  20 0.00  0.0    0  6.7 17 320   M    M   3        30 310
14  92  76  84   4   0  19 0.25  0.0    0  5.2 15 180   M    M   7 38     20 170
15  96  74  85   5   0  20 0.00  0.0    0  5.0 12 170   M    M   4        15 160
16  98  79  89   9   0  24 0.00  0.0    0  6.9 14 210   M    M   3        18 200
17 103  81  92  12   0  27 0.00  0.0    0  7.1 15 180   M    M   4        21 250
18 106  83  95  15   0  30    T  0.0    0  7.6 17 130   M    M   4 3      23 310
19 104  82  93  13   0  28 0.00  0.0    0  9.5 20 310   M    M   5        29 280
20  86  75  81   1   0  16 0.00  0.0    0  8.9 16  20   M    M   5        21  20
21  94  70  82   2   0  17 0.00  0.0    0  4.7 13 100   M    M   3        21 110
22  99  78  89   9   0  24 0.00  0.0    0  6.9 15 160   M    M   5        20 140
23 106  82  94  14   0  29 0.00  0.0    0  8.3 16 240   M    M   2         M  M
24 107  85  96  16   0  31 0.00  0.0    0  9.1 18 260   M    M   3        23 260
25 108  86  97  17   0  32 0.00  0.0    0 11.5 21 240   M    M   2        28 230
26  96  81  89   9   0  24    T  0.0    0  9.4 20 320   M    M   8        36  20
27 100  76  88   8   0  23 0.00  0.0    0  9.6 23 330   M    M   4        30 330
28  93  71  82   2   0  17 0.00  0.0    0  5.4 16  10   M    M   4        21  20
29  87  72  80   0   0  15 0.19  0.0    0  7.4 16 140   M    M   5 13     20 150
30  86  75  81   1   0  16    T  0.0    0  5.9 16 130   M    M   6        21 130
31 103  73  88   8   0  23 0.00  0.0    0  2.9 10 260   M    M   3 18     15 240
================================================================================
SM 3057 2402         0 722  0.72     0.0 207.2          M      134
================================================================================
AV 98.6 77.5                               6.9 FASTST   M    M   4    MAX(MPH)
                                 MISC ---->  # 31 250               # 38  250
================================================================================
NOTES:
# LAST OF SEVERAL OCCURRENCES

COLUMN 17 PEAK WIND IN M.P.H.

PRELIMINARY LOCAL CLIMATOLOGICAL DATA (WS FORM: F-6) , PAGE 2

                                          STATION:  ST. LOUIS
                                          MONTH:    JULY
                                          YEAR:     2012
                                          LATITUDE:   38 45 N
                                          LONGITUDE:  90 23 W

[TEMPERATURE DATA]      [PRECIPITATION DATA]       SYMBOLS USED IN COLUMN 16

AVERAGE MONTHLY: 88.1   TOTAL FOR MONTH:   0.72    1 = FOG OR MIST
DPTR FM NORMAL:   8.1   DPTR FM NORMAL:   -3.39    2 = FOG REDUCING VISIBILITY
HIGHEST:   108 ON 25    GRTST 24HR  0.27 ON  8-9       TO 1/4 MILE OR LESS
LOWEST:     70 ON 21                               3 = THUNDER
                        SNOW, ICE PELLETS, HAIL    4 = ICE PELLETS
                        TOTAL MONTH:   0.0 INCH    5 = HAIL
                        GRTST 24HR     0.0         6 = FREEZING RAIN OR DRIZZLE
                        GRTST DEPTH:   0           7 = DUSTSTORM OR SANDSTORM:
                                                       VSBY 1/2 MILE OR LESS
                                                   8 = SMOKE OR HAZE
[NO. OF DAYS WITH]      [WEATHER - DAYS WITH]      9 = BLOWING SNOW
                                                   X = TORNADO
MAX 32 OR BELOW:   0    0.01 INCH OR MORE:   5
MAX 90 OR ABOVE:  28    0.10 INCH OR MORE:   3
MIN 32 OR BELOW:   0    0.50 INCH OR MORE:   0
MIN  0 OR BELOW:   0    1.00 INCH OR MORE:   0

[HDD (BASE 65) ]
TOTAL THIS MO.     0    CLEAR  (SCALE 0-3)  11
DPTR FM NORMAL     0    PTCLDY (SCALE 4-7)  18
TOTAL FM JUL 1     0    CLOUDY (SCALE 8-10)  2
DPTR FM NORMAL     0

[CDD (BASE 65) ]
TOTAL THIS MO.   722
DPTR FM NORMAL   255    [PRESSURE DATA]
TOTAL FM JAN 1  1539    HIGHEST SLP 30.10 ON 29
DPTR FM NORMAL   564    LOWEST  SLP 29.65 ON 25

[REMARKS]
#FINAL-07-12#
