000
CXUS53 KLSX 011609
CF6STL

PRELIMINARY LOCAL CLIMATOLOGICAL DATA (WS FORM: F-6)

                                          STATION:   ST. LOUIS
                                          MONTH:     JUNE
                                          YEAR:      2012
                                          LATITUDE:   38 45 N
                                          LONGITUDE:  90 23 W

  TEMPERATURE IN F:       :PCPN:    SNOW:  WIND      :SUNSHINE: SKY     :PK WND
================================================================================
1   2   3   4   5  6A  6B    7    8   9   10  11  12  13   14  15   16   17  18
                                     12Z  AVG MX 2MIN
DY MAX MIN AVG DEP HDD CDD  WTR  SNW DPTH SPD SPD DIR MIN PSBL S-S WX    SPD DR
================================================================================

 1  71  49  60 -12   5   0    T  0.0    0 10.0 23 320   M    M   6        31 320
 2  81  55  68  -4   0   3    T  0.0    0  7.8 20 250   M    M   5        26 260
 3  88  59  74   2   0   9 0.00  0.0    0  3.1 12 250   M    M   6        22 240
 4  93  66  80   7   0  15 0.04  0.0    0  6.0 21  70   M    M   6 3      25 360
 5  84  61  73   0   0   8 0.00  0.0    0  7.1 17  10   M    M   3        22  40
 6  80  59  70  -3   0   5 0.00  0.0    0  6.9 16  80   M    M   4        23  70
 7  83  59  71  -3   0   6 0.00  0.0    0  3.2 13  80   M    M   7        23 100
 8  88  61  75   1   0  10 0.00  0.0    0  4.7 13 210   M    M   6        20 210
 9  91  63  77   3   0  12 0.00  0.0    0  9.5 18 170   M    M   3        25 150
10  89  72  81   7   0  16 0.00  0.0    0 12.6 23 130   M    M   6        28 180
11  79  70  75   0   0  10 1.06  0.0    0  8.4 26 160   M    M   7 13     30 160
12  82  63  73  -2   0   8 0.00  0.0    0  7.1 18 340   M    M   4        23 330
13  82  58  70  -6   0   5 0.00  0.0    0  5.8 15 100   M    M   3        18 100
14  88  61  75  -1   0  10 0.00  0.0    0  7.1 15 160   M    M   4        21 160
15  93  67  80   4   0  15 0.00  0.0    0 11.0 22 120   M    M   7        25 140
16  96  71  84   8   0  19 0.87  0.0    0 11.1 33 310   M    M   7 13     43 310
17  91  70  81   4   0  16    T  0.0    0  7.6 16 190   M    M   7 13     23 180
18  95  77  86   9   0  21 0.00  0.0    0 14.3 24 180   M    M   3        32 200
19  93  77  85   8   0  20 0.00  0.0    0 13.3 22 170   M    M   2        28 170
20  95  75  85   8   0  20 0.00  0.0    0 11.5 20 200   M    M   2        25 170
21  87  71  79   1   0  14 0.00  0.0    0  8.8 20 290   M    M   5        25 290
22  86  67  77  -1   0  12 0.00  0.0    0  4.8 15  10   M    M   2        22 120
23  88  66  77  -1   0  12 0.00  0.0    0  6.1 17 100   M    M   6        21 100
24  99  70  85   7   0  20 0.00  0.0    0  5.8 14  80   M    M   4        17 100
25  90  69  80   1   0  15 0.00  0.0    0 10.3 21  40   M    M   2        25  30
26  87  60  74  -5   0   9 0.00  0.0    0  7.6 15 140   M    M   1        18 120
27  99  66  83   4   0  18 0.00  0.0    0  9.3 16 180   M    M   0        21 160
28 108  79  94  15   0  29 0.00  0.0    0 10.2 18 260   M    M   1        23 260
29 106  77  92  13   0  27 0.00  0.0    0  5.5 16 260   M    M   1        23 260
30 105  78  92  13   0  27 0.00  0.0    0  4.8 14 270   M    M   3        17 270
================================================================================
SM 2697 1996         5 411  1.97     0.0 241.3          M      123
================================================================================
AV 89.9 66.5                               8.0 FASTST   M    M   4    MAX(MPH)
                                 MISC ---->  # 33 310               # 43  310
================================================================================
NOTES:
# LAST OF SEVERAL OCCURRENCES

COLUMN 17 PEAK WIND IN M.P.H.

PRELIMINARY LOCAL CLIMATOLOGICAL DATA (WS FORM: F-6) , PAGE 2

                                          STATION:  ST. LOUIS
                                          MONTH:    JUNE
                                          YEAR:     2012
                                          LATITUDE:   38 45 N
                                          LONGITUDE:  90 22 W

[TEMPERATURE DATA]      [PRECIPITATION DATA]       SYMBOLS USED IN COLUMN 16

AVERAGE MONTHLY: 78.2   TOTAL FOR MONTH:   1.97    1 = FOG OR MIST
DPTR FM NORMAL:   2.3   DPTR FM NORMAL:   -2.31    2 = FOG REDUCING VISIBILITY
HIGHEST:   108 ON 28    GRTST 24HR  1.06 ON 11-11      TO 1/4 MILE OR LESS
LOWEST:     49 ON  1                               3 = THUNDER
                        SNOW, ICE PELLETS, HAIL    4 = ICE PELLETS
                        TOTAL MONTH:   0.0 INCH    5 = HAIL
                        GRTST 24HR     0.0         6 = FREEZING RAIN OR DRIZZLE
                        GRTST DEPTH:   0           7 = DUSTSTORM OR SANDSTORM:
                                                       VSBY 1/2 MILE OR LESS
                                                   8 = SMOKE OR HAZE
[NO. OF DAYS WITH]      [WEATHER - DAYS WITH]      9 = BLOWING SNOW
                                                   X = TORNADO
MAX 32 OR BELOW:   0    0.01 INCH OR MORE:   3
MAX 90 OR ABOVE:  14    0.10 INCH OR MORE:   2
MIN 32 OR BELOW:   0    0.50 INCH OR MORE:   2
MIN  0 OR BELOW:   0    1.00 INCH OR MORE:   1

[HDD (BASE 65) ]
TOTAL THIS MO.     5    CLEAR  (SCALE 0-3)  13
DPTR FM NORMAL     0    PTCLDY (SCALE 4-7)  17
TOTAL FM JUL 1  3300    CLOUDY (SCALE 8-10)  0
DPTR FM NORMAL -1235

[CDD (BASE 65) ]
TOTAL THIS MO.   411
DPTR FM NORMAL    77    [PRESSURE DATA]
TOTAL FM JAN 1   817    HIGHEST SLP 30.14 ON 13
DPTR FM NORMAL   309    LOWEST  SLP 29.71 ON  4

[REMARKS]
#FINAL-06-12#
