000
CXUS53 KLSX 011611
CF6STL

PRELIMINARY LOCAL CLIMATOLOGICAL DATA (WS FORM: F-6)

                                          STATION:   ST. LOUIS
                                          MONTH:     MAY
                                          YEAR:      2012
                                          LATITUDE:   38 45 N
                                          LONGITUDE:  90 23 W

  TEMPERATURE IN F:       :PCPN:    SNOW:  WIND      :SUNSHINE: SKY     :PK WND
================================================================================
1   2   3   4   5  6A  6B    7    8   9   10  11  12  13   14  15   16   17  18
                                     12Z  AVG MX 2MIN
DY MAX MIN AVG DEP HDD CDD  WTR  SNW DPTH SPD SPD DIR MIN PSBL S-S WX    SPD DR
================================================================================

 1  85  60  73  11   0   8 0.57  0.0    0 10.0 21 220   M    M   6 13     29 220
 2  90  72  81  18   0  16 0.00  0.0    0 12.3 24 210   M    M   2 8      31 220
 3  87  70  79  16   0  14 0.00  0.0    0  9.2 22 170   M    M   4        29 180
 4  86  67  77  14   0  12 0.10  0.0    0  6.0 23 330   M    M   7 3      33  10
 5  92  71  82  18   0  17 0.00  0.0    0  4.7 10 210   M    M   7 3      15 180
 6  92  72  82  18   0  17 0.01  0.0    0  6.9 12 210   M    M   6 138    21 210
 7  76  62  69   5   0   4 0.82  0.0    0  7.9 18 220   M    M   9 138    24 310
 8  75  56  66   2   0   1 0.00  0.0    0  7.5 18 310   M    M   6        25 280
 9  71  53  62  -3   3   0 0.00  0.0    0  7.1 17 330   M    M   3        22 350
10  76  52  64  -1   1   0 0.00  0.0    0  4.1 12 110   M    M   2        14 110
11  76  54  65   0   0   0 0.00  0.0    0   M   M   M   M    M   6         M  M
12  80  59  70   4   0   5 0.00  0.0    0  3.1 10 110   M    M   8        15 110
13  77  56  67   1   0   2 0.00  0.0    0  7.1 15 330   M    M   2        22  10
14  80  54  67   1   0   2 0.00  0.0    0  5.1 13  40   M    M   3        18  40
15  83  55  69   3   0   4 0.00  0.0    0  6.0 16 260   M    M   1        21 260
16  78  61  70   3   0   5 0.00  0.0    0  7.7 15  10   M    M   2        22 350
17  80  53  67   0   0   2 0.00  0.0    0  5.8 14 100   M    M   3        20  90
18  87  56  72   5   0   7 0.00  0.0    0  7.9 14 150   M    M   3        20 150
19  90  66  78  10   0  13 0.00  0.0    0  8.5 17 190   M    M   4        25 220
20  91  69  80  12   0  15 0.10  0.0    0  8.1 17 290   M    M   7 3      23 280
21  73  58  66  -2   0   1 0.00  0.0    0  9.2 18 340   M    M   4        24 360
22  78  54  66  -2   0   1 0.00  0.0    0  2.8  9  20   M    M   1        16 340
23  85  56  71   2   0   6 0.00  0.0    0 10.4 20 150   M    M   5        23 150
24  92  66  79  10   0  14 0.00  0.0    0 15.2 30 180   M    M   5        43 180
25  92  74  83  14   0  18 0.00  0.0    0  8.7 17 180   M    M   7        22 170
26  95  75  85  15   0  20 0.00  0.0    0  9.0 17 170   M    M   4        22 190
27  93  76  85  15   0  20 0.00  0.0    0  9.2 17 200   M    M   5        24 220
28  94  76  85  15   0  20    T  0.0    0  9.8 24 220   M    M   6 3      31 210
29  89  71  80   9   0  15    T  0.0    0  5.7 20 350   M    M   4 3      26 320
30  83  66  75   4   0  10    T  0.0    0  5.7 12  40   M    M   4        16 310
31  68  53  61 -10   4   0 0.10  0.0    0 10.4 20 350   M    M   9 1      24 320
================================================================================
SM 2594 1943         8 269  1.70     0.0 231.1          M      145
================================================================================
AV 83.7 62.7                               7.7 FASTST   M    M   5    MAX(MPH)
                                 MISC ---->  # 30 180               # 43  180
================================================================================
NOTES:
# LAST OF SEVERAL OCCURRENCES

COLUMN 17 PEAK WIND IN M.P.H.

PRELIMINARY LOCAL CLIMATOLOGICAL DATA (WS FORM: F-6) , PAGE 2

                                          STATION:  ST. LOUIS
                                          MONTH:    MAY
                                          YEAR:     2012
                                          LATITUDE:   38 45 N
                                          LONGITUDE:  90 23 W

[TEMPERATURE DATA]      [PRECIPITATION DATA]       SYMBOLS USED IN COLUMN 16

AVERAGE MONTHLY: 73.2   TOTAL FOR MONTH:   1.70    1 = FOG OR MIST
DPTR FM NORMAL:   6.4   DPTR FM NORMAL:   -3.02    2 = FOG REDUCING VISIBILITY
HIGHEST:    95 ON 26    GRTST 24HR  0.83 ON  6- 7      TO 1/4 MILE OR LESS
LOWEST:     52 ON 10                               3 = THUNDER
                        SNOW, ICE PELLETS, HAIL    4 = ICE PELLETS
                        TOTAL MONTH:   0.0 INCH    5 = HAIL
                        GRTST 24HR     0.0         6 = FREEZING RAIN OR DRIZZLE
                        GRTST DEPTH:   0           7 = DUSTSTORM OR SANDSTORM:
                                                       VSBY 1/2 MILE OR LESS
                                                   8 = SMOKE OR HAZE
[NO. OF DAYS WITH]      [WEATHER - DAYS WITH]      9 = BLOWING SNOW
                                                   X = TORNADO
MAX 32 OR BELOW:   0    0.01 INCH OR MORE:   6
MAX 90 OR ABOVE:  10    0.10 INCH OR MORE:   5
MIN 32 OR BELOW:   0    0.50 INCH OR MORE:   2
MIN  0 OR BELOW:   0    1.00 INCH OR MORE:   0

[HDD (BASE 65) ]
TOTAL THIS MO.     8    CLEAR  (SCALE 0-3)  10
DPTR FM NORMAL   -66    PTCLDY (SCALE 4-7)  18
TOTAL FM JUL 1  3295    CLOUDY (SCALE 8-10)  3
DPTR FM NORMAL -1235

[CDD (BASE 65) ]
TOTAL THIS MO.   269
DPTR FM NORMAL   141    [PRESSURE DATA]
TOTAL FM JAN 1   406    HIGHEST SLP 30.20 ON 12
DPTR FM NORMAL   232    LOWEST  SLP 29.57 ON 24

[REMARKS]
#FINAL-05-12#
