000
CXUS53 KLSX 011736 CCA
CF6STL

PRELIMINARY LOCAL CLIMATOLOGICAL DATA (WS FORM: F-6)

                                          STATION:   ST. LOUIS
                                          MONTH:     OCTOBER
                                          YEAR:      2016
                                          LATITUDE:   38 45 N
                                          LONGITUDE:  90 23 W

  TEMPERATURE IN F:       :PCPN:    SNOW:  WIND      :SUNSHINE: SKY     :PK WND
================================================================================
1   2   3   4   5  6A  6B    7    8   9   10  11  12  13   14  15   16   17  18
                                     12Z  AVG MX 2MIN
DY MAX MIN AVG DEP HDD CDD  WTR  SNW DPTH SPD SPD DIR MIN PSBL S-S WX    SPD DR
================================================================================

 1  73  63  68   4   0   3    T  0.0    0  8.0 16 280   M    M   9        19 280
 2  72  58  65   1   0   0 0.00  0.0    0  4.3  9 280   M    M   9         M  M
 3  76  62  69   6   0   4 0.00  0.0    0  5.8 12 110   M    M   8        14 100
 4  83  60  72   9   0   7 0.00  0.0    0 10.7 20 150   M    M   4        26 150
 5  85  68  77  15   0  12    T  0.0    0  9.9 16 160   M    M   4        23 220
 6  87  71  79  17   0  14 0.00  0.0    0  9.9 18 200   M    M   6        24 190
 7  73  50  62   0   3   0 0.00  0.0    0  9.6 24 310   M    M   5        27 310
 8  73  46  60  -1   5   0 0.00  0.0    0  3.3 10  40   M    M   0        14 350
 9  78  50  64   3   1   0 0.00  0.0    0  2.5  9 240   M    M   4 8      18 230
10  76  52  64   3   1   0 0.00  0.0    0  6.3 15 160   M    M   7        20 150
11  82  57  70  10   0   5 0.00  0.0    0  9.2 16 170   M    M   6        21 210
12  76  52  64   4   1   0 0.06  0.0    0 10.1 18 320   M    M   7        25 290
13  60  49  55  -5  10   0 0.00  0.0    0  5.4 15 360   M    M   9        17 350
14  70  50  60   1   5   0 0.00  0.0    0  7.4 15 140   M    M   6        18 150
15  82  62  72  13   0   7    T  0.0    0 11.5 21 190   M    M   8        26 180
16  88  70  79  20   0  14 0.00  0.0    0 12.3 21 190   M    M   5        28 200
17  91  72  82  24   0  17 0.00  0.0    0 16.7 29 200   M    M   5        37 180
18  85  69  77  19   0  12 0.00  0.0    0 10.8 21 210   M    M   5        28 220
19  69  58  64   6   1   0 2.48  0.0    0  8.0 29 360   M    M   9 13     35 350
20  64  49  57  -1   8   0 0.59  0.0    0 11.6 22 320   M    M   8 13     27 330
21  61  41  51  -6  14   0 0.00  0.0    0  5.6 13 290   M    M   2        18 290
22  70  41  56  -1   9   0 0.00  0.0    0  5.6 13 150   M    M   0        16 220
23  81  55  68  11   0   3 0.00  0.0    0  8.4 20 250   M    M   1        24 250
24  67  49  58   2   7   0 0.00  0.0    0  6.3 13  30   M    M   1        17  60
25  69  48  59   3   6   0 0.00  0.0    0  9.7 16 140   M    M   6        19 120
26  71  52  62   6   3   0 0.02  0.0    0  8.2 20 320   M    M   8        23 310
27  61  50  56   1   9   0    T  0.0    0  7.8 15 330   M    M   8        20 330
28  78  50  64   9   1   0 0.00  0.0    0  9.6 15 160   M    M   5 18     20 200
29  86  68  77  22   0  12 0.00  0.0    0 10.2 18 220   M    M   6        24 250
30  73  55  64  10   1   0 0.00  0.0    0  9.4 16  10   M    M   6 8      20  10
31  74  52  63   9   2   0 0.00  0.0    0  8.5 14 150   M    M   7        17 160
================================================================================
SM 2334 1729        87 110  3.15     0.0 262.6          M      174
================================================================================
AV 75.3 55.8                               8.5 FASTST   M    M   6    MAX(MPH)
                                 MISC ---->  # 29 200               # 37  180
================================================================================
NOTES:
# LAST OF SEVERAL OCCURRENCES

COLUMN 17 PEAK WIND IN M.P.H.

PRELIMINARY LOCAL CLIMATOLOGICAL DATA (WS FORM: F-6) , PAGE 2

                                          STATION:  ST. LOUIS
                                          MONTH:    OCTOBER
                                          YEAR:     2016
                                          LATITUDE:   38 45 N
                                          LONGITUDE:  90 23 W

[TEMPERATURE DATA]      [PRECIPITATION DATA]       SYMBOLS USED IN COLUMN 16

AVERAGE MONTHLY: 65.5   TOTAL FOR MONTH:   3.15    1 = FOG OR MIST
DPTR FM NORMAL:   6.8   DPTR FM NORMAL:   -0.18    2 = FOG REDUCING VISIBILITY
HIGHEST:    91 ON 17    GRTST 24HR  3.03 ON 19-20      TO 1/4 MILE OR LESS
LOWEST:     41 ON 22,21                            3 = THUNDER
                        SNOW, ICE PELLETS, HAIL    4 = ICE PELLETS
                        TOTAL MONTH:   0.0 INCH    5 = HAIL
                        GRTST 24HR     0.0         6 = FREEZING RAIN OR DRIZZLE
                        GRTST DEPTH:   0           7 = DUSTSTORM OR SANDSTORM:
                                                       VSBY 1/2 MILE OR LESS
                                                   8 = SMOKE OR HAZE
[NO. OF DAYS WITH]      [WEATHER - DAYS WITH]      9 = BLOWING SNOW
                                                   X = TORNADO
MAX 32 OR BELOW:   0    0.01 INCH OR MORE:   4
MAX 90 OR ABOVE:   1    0.10 INCH OR MORE:   2
MIN 32 OR BELOW:   0    0.50 INCH OR MORE:   2
MIN  0 OR BELOW:   0    1.00 INCH OR MORE:   1

[HDD (BASE 65) ]
TOTAL THIS MO.    87    CLEAR  (SCALE 0-3)   5
DPTR FM NORMAL  -148    PTCLDY (SCALE 4-7)  17
TOTAL FM JUL 1    91    CLOUDY (SCALE 8-10)  9
DPTR FM NORMAL  -185

[CDD (BASE 65) ]
TOTAL THIS MO.   110
DPTR FM NORMAL    69    [PRESSURE DATA]
TOTAL FM JAN 1  2139    HIGHEST SLP 30.37 ON 24
DPTR FM NORMAL   497    LOWEST  SLP 29.55 ON 17

[REMARKS]
#FINAL-10-16#
