000
CXUS53 KLSX 051752 CCA
CF6STL

PRELIMINARY LOCAL CLIMATOLOGICAL DATA (WS FORM: F-6)

                                          STATION:   ST. LOUIS
                                          MONTH:     MARCH
                                          YEAR:      2016
                                          LATITUDE:   38 45 N
                                          LONGITUDE:  90 23 W

  TEMPERATURE IN F:       :PCPN:    SNOW:  WIND      :SUNSHINE: SKY     :PK WND
================================================================================
1   2   3   4   5  6A  6B    7    8   9   10  11  12  13   14  15   16   17  18
                                     12Z  AVG MX 2MIN
DY MAX MIN AVG DEP HDD CDD  WTR  SNW DPTH SPD SPD DIR MIN PSBL S-S WX    SPD DR
================================================================================

 1  56  28  42   1  23   0    T    T    0 13.6 29 290   M    M   9        38 290
 2  44  23  34  -7  31   0 0.00  0.0    0  8.1 22 130   M    M   7        26 130
 3  49  39  44   2  21   0 0.05  0.0    0  8.8 17 360   M    M  10 18     21 360
 4  43  37  40  -2  25   0 0.00  0.0    0  6.8 15 140   M    M   9 8      18 150
 5  57  33  45   3  20   0 0.00  0.0    0  7.5 21 340   M    M   3 18     26 320
 6  63  31  47   4  18   0 0.01  0.0    0 10.5 20 140   M    M   6        24 150
 7  76  55  66  23   0   1 0.04  0.0    0 12.5 23 210   M    M   8 8      30 210
 8  75  63  69  26   0   4 0.07  0.0    0 13.5 32 130   M    M   9        40 130
 9  67  59  63  19   2   0 0.05  0.0    0  6.3 15 220   M    M  10 18     21 180
10  59  45  52   8  13   0 0.19  0.0    0  7.2 17 360   M    M   9 1      22 360
11  61  41  51   7  14   0    T  0.0    0  6.1 14  90   M    M   7 18     17  90
12  60  51  56  11   9   0 0.05  0.0    0  5.9 13 100   M    M  10 18     16 100
13  66  55  61  16   4   0 0.12  0.0    0  2.9  8 250   M    M   8 128     M  M
14  70  54  62  16   3   0 0.14  0.0    0  4.8 10 130   M    M   7 128    20 210
15  82  54  68  22   0   3 0.00  0.0    0 13.8 35 280   M    M   4 18     41 310
16  67  50  59  13   6   0 0.00  0.0    0 14.1 23 250   M    M   5        31 270
17  66  43  55   8  10   0 0.00  0.0    0  7.6 21 330   M    M   4        25 280
18  53  42  48   1  17   0 0.10  0.0    0  7.2 17 350   M    M   8 8      22 340
19  52  38  45  -2  20   0    T  0.0    0  6.8 20 290   M    M   8 8      26 280
20  48  34  41  -7  24   0 0.12  0.3    T  8.9 18 330   M    M   9 18     22 330
21  61  33  47  -1  18   0 0.00  0.0    0  9.1 24 310   M    M   2 8      30 320
22  76  48  62  14   3   0 0.00  0.0    0 13.6 26 190   M    M   8        35 200
23  69  58  64  15   1   0 0.00  0.0    0 15.1 24 140   M    M   9        31 210
24  67  37  52   3  13   0 0.16  0.0    0 17.3 31 260   M    M  10 138    39 260
25  54  38  46  -4  19   0 0.00  0.0    0  8.9 17 130   M    M   5        21 120
26  65  41  53   3  12   0 0.00  0.0    0  9.5 17 140   M    M   4 8      22 140
27  63  41  52   2  13   0 0.23  0.0    0  8.7 24 290   M    M   7 18     31 290
28  63  36  50  -1  15   0 0.00  0.0    0  5.7 13 320   M    M   2 18     17 310
29  63  42  53   2  12   0 0.00  0.0    0 11.6 23 130   M    M   5        30  70
30  69  52  61  10   4   0 0.41  0.0    0 12.9 21 170   M    M   9 138    28 160
31  73  50  62  10   3   0 0.55  0.0    0 14.2 28 280   M    M   7 13     36 280
================================================================================
SM 1937 1351       373   8  2.29     0.3 299.5          M      218
================================================================================
AV 62.5 43.6                               9.7 FASTST   M    M   7    MAX(MPH)
                                 MISC ---->  # 35 280               # 41  310
================================================================================
NOTES:
# LAST OF SEVERAL OCCURRENCES

COLUMN 17 PEAK WIND IN M.P.H.

PRELIMINARY LOCAL CLIMATOLOGICAL DATA (WS FORM: F-6) , PAGE 2

                                          STATION:  ST. LOUIS
                                          MONTH:    MARCH
                                          YEAR:     2016
                                          LATITUDE:   38 45 N
                                          LONGITUDE:  90 23 W

[TEMPERATURE DATA]      [PRECIPITATION DATA]       SYMBOLS USED IN COLUMN 16

AVERAGE MONTHLY: 53.0   TOTAL FOR MONTH:   2.29    1 = FOG OR MIST
DPTR FM NORMAL:   6.7   DPTR FM NORMAL:   -1.03    2 = FOG REDUCING VISIBILITY
HIGHEST:    82 ON 15    GRTST 24HR  0.96 ON 30-31      TO 1/4 MILE OR LESS
LOWEST:     23 ON  2                               3 = THUNDER
                        SNOW, ICE PELLETS, HAIL    4 = ICE PELLETS
                        TOTAL MONTH:   0.3 INCH    5 = HAIL
                        GRTST 24HR   0.3 ON  20    6 = FREEZING RAIN OR DRIZZLE
                        GRTST DEPTH:   T           7 = DUSTSTORM OR SANDSTORM:
                                                       VSBY 1/2 MILE OR LESS
                                                   8 = SMOKE OR HAZE
[NO. OF DAYS WITH]      [WEATHER - DAYS WITH]      9 = BLOWING SNOW
                                                   X = TORNADO
MAX 32 OR BELOW:   0    0.01 INCH OR MORE:  15
MAX 90 OR ABOVE:   0    0.10 INCH OR MORE:   9
MIN 32 OR BELOW:   3    0.50 INCH OR MORE:   1
MIN  0 OR BELOW:   0    1.00 INCH OR MORE:   0

[HDD (BASE 65) ]
TOTAL THIS MO.   373    CLEAR  (SCALE 0-3)   3
DPTR FM NORMAL  -215    PTCLDY (SCALE 4-7)  12
TOTAL FM JUL 1  3203    CLOUDY (SCALE 8-10) 16
DPTR FM NORMAL  -983

[CDD (BASE 65) ]
TOTAL THIS MO.     8
DPTR FM NORMAL     1    [PRESSURE DATA]
TOTAL FM JAN 1     8    HIGHEST SLP 30.36 ON 11
DPTR FM NORMAL     1    LOWEST  SLP 29.39 ON 15

[REMARKS]
#FINAL-03-16#
