000
CXUS53 KLSX 011938 CCA
CF6STL

PRELIMINARY LOCAL CLIMATOLOGICAL DATA (WS FORM: F-6)

                                          STATION:   ST. LOUIS
                                          MONTH:     FEBRUARY
                                          YEAR:      2012
                                          LATITUDE:   38 45 N
                                          LONGITUDE:  90 23 W

  TEMPERATURE IN F:       :PCPN:    SNOW:  WIND      :SUNSHINE: SKY     :PK WND
================================================================================
1   2   3   4   5  6A  6B    7    8   9   10  11  12  13   14  15   16   17  18
                                     12Z  AVG MX 2MIN
DY MAX MIN AVG DEP HDD CDD  WTR  SNW DPTH SPD SPD DIR MIN PSBL S-S WX    SPD DR
================================================================================

 1  60  38  49  16  16   0 0.00  0.0    0  4.7 12 330   M    M   5        15 340
 2  65  33  49  16  16   0 0.00  0.0    0  2.6 10 150   M    M   5        20 230
 3  55  37  46  13  19   0 1.05  0.0    0 10.9 21 130   M    M   8 13     25 140
 4  48  43  46  12  19   0 0.23  0.0    0  9.3 26  90   M    M  10 1      32 100
 5  49  35  42   8  23   0 0.04  0.0    0  7.4 15 340   M    M   7 18     18 340
 6  49  30  40   6  25   0 0.00  0.0    0  5.1 15 280   M    M   4 128    17 290
 7  50  29  40   6  25   0 0.09  0.2    0  5.3 16 360   M    M   8 18     18 360
 8  35  32  34   0  31   0 0.04  0.3    1  6.9 12 340   M    M  10 1      16 360
 9  40  29  35   0  30   0 0.00  0.0    0  5.0 10 200   M    M   9        18 200
10  42  23  33  -2  32   0 0.04    T    0 13.2 25 340   M    M  10 148    33 320
11  29  16  23 -12  42   0 0.01  0.2    T 15.2 24 310   M    M   3 1      31 310
12  38  16  27  -8  38   0 0.00  0.0    0  7.6 17 320   M    M   1        22 300
13  35  28  32  -4  33   0 0.13  1.8    0  9.9 22 230   M    M  10 16     26 230
14  40  32  36   0  29   0    T    T    2  6.4 13 240   M    M   9 16     15 240
15  47  34  41   5  24   0 0.16  0.0    0  7.4 23 130   M    M  10 1      26 140
16  49  33  41   5  24   0 0.14  0.0    0  7.3 16 280   M    M   6 18     18 280
17  58  29  44   7  21   0 0.00  0.0    0  3.8 17 170   M    M   4        22 310
18  46  35  41   4  24   0 0.00  0.0    0  8.7 17 320   M    M   8        21 330
19  43  28  36  -1  29   0 0.00  0.0    0  6.9 14 350   M    M   5        18  40
20  51  24  38   0  27   0 0.03  0.0    0 12.3 26 130   M    M   5        33 130
21  55  41  48  10  17   0    T  0.0    0 13.1 25 260   M    M   6        31 260
22  64  39  52  14  13   0 0.00  0.0    0 10.4 25 260   M    M   6        32 260
23  69  43  56  17   9   0 0.03  0.0    0 11.0 30 290   M    M   7        40 290
24  50  36  43   4  22   0    T    T    0 19.4 36 280   M    M   7        47 280
25  43  28  36  -3  29   0    T    T    0 10.5 29 290   M    M   2        38 280
26  65  31  48   8  17   0 0.00  0.0    0 13.4 28 210   M    M   1        44 180
27  53  39  46   6  19   0 0.00  0.0    0  8.0 17 340   M    M   6        21 310
28  62  34  48   8  17   0    T  0.0    0 12.4 24 180   M    M   7        33 180
29  68  47  58  17   7   0 0.02  0.0    0 21.5 47 260   M    M   3 13     58 250
================================================================================
SM 1458  942       677   0  2.01     2.5 275.6          M      182
================================================================================
AV 50.3 32.5                               9.5 FASTST   M    M   6    MAX(MPH)
                                 MISC ---->  # 47 260               # 58  250
================================================================================
NOTES:
# LAST OF SEVERAL OCCURRENCES

COLUMN 17 PEAK WIND IN M.P.H.

PRELIMINARY LOCAL CLIMATOLOGICAL DATA (WS FORM: F-6) , PAGE 2

                                          STATION:  ST. LOUIS
                                          MONTH:    FEBRUARY
                                          YEAR:     2012
                                          LATITUDE:   38 45 N
                                          LONGITUDE:  90 23 W

[TEMPERATURE DATA]      [PRECIPITATION DATA]       SYMBOLS USED IN COLUMN 16

AVERAGE MONTHLY: 41.4   TOTAL FOR MONTH:   2.01    1 = FOG OR MIST
DPTR FM NORMAL:   5.1   DPTR FM NORMAL:   -0.23    2 = FOG REDUCING VISIBILITY
HIGHEST:    69 ON 23    GRTST 24HR  1.28 ON  3 - 4     TO 1/4 MILE OR LESS
LOWEST:     16 ON 12,11                            3 = THUNDER
                        SNOW, ICE PELLETS, HAIL    4 = ICE PELLETS
                        TOTAL MONTH:   2.5 INCHES  5 = HAIL
                        GRTST 24HR   1.8 ON 13     6 = FREEZING RAIN OR DRIZZLE
                        GRTST DEPTH:   2 ON 14     7 = DUSTSTORM OR SANDSTORM:
                                                       VSBY 1/2 MILE OR LESS
                                                   8 = SMOKE OR HAZE
[NO. OF DAYS WITH]      [WEATHER - DAYS WITH]      9 = BLOWING SNOW
                                                   X = TORNADO
MAX 32 OR BELOW:   1    0.01 INCH OR MORE:  13
MAX 90 OR ABOVE:   0    0.10 INCH OR MORE:   5
MIN 32 OR BELOW:  14    0.50 INCH OR MORE:   1
MIN  0 OR BELOW:   0    1.00 INCH OR MORE:   1

[HDD (BASE 65) ]
TOTAL THIS MO.   677    CLEAR  (SCALE 0-3)   4
DPTR FM NORMAL  -127    PTCLDY (SCALE 4-7)  18
TOTAL FM JUL 1  2902    CLOUDY (SCALE 8-10)  7
DPTR FM NORMAL  -720

[CDD (BASE 65) ]
TOTAL THIS MO.     0
DPTR FM NORMAL     0    [PRESSURE DATA]
TOTAL FM JAN 1     0    HIGHEST SLP 30.62 ON 12
DPTR FM NORMAL     0    LOWEST  SLP 29.23 ON 23

[REMARKS]
#FINAL-02-12#
