000
CXUS53 KLSX 011606
CF6STL

PRELIMINARY LOCAL CLIMATOLOGICAL DATA (WS FORM: F-6)

                                          STATION:   ST. LOUIS
                                          MONTH:     MARCH
                                          YEAR:      2012
                                          LATITUDE:   38 45 N
                                          LONGITUDE:  90 23 W

  TEMPERATURE IN F:       :PCPN:    SNOW:  WIND      :SUNSHINE: SKY     :PK WND
================================================================================
1   2   3   4   5  6A  6B    7    8   9   10  11  12  13   14  15   16   17  18
                                     12Z  AVG MX 2MIN
DY MAX MIN AVG DEP HDD CDD  WTR  SNW DPTH SPD SPD DIR MIN PSBL S-S WX    SPD DR
================================================================================

 1  66  37  52  11  13   0 0.00  0.0    0 10.6 23 130   M    M   1        28 130
 2  57  37  47   6  18   0 0.20  0.0    0 11.9 39 280   M    M   7 135    51 280
 3  47  33  40  -2  25   0 0.00  0.0    0 12.8 26 280   M    M   3        36 290
 4  44  27  36  -6  29   0    T    T    0  6.0 18 330   M    M   7        24 330
 5  50  29  40  -2  25   0 0.00  0.0    0 10.4 21 160   M    M   3        28 160
 6  75  44  60  17   5   0 0.00  0.0    0 17.3 36 200   M    M   4        51 210
 7  72  59  66  23   0   1 0.01  0.0    0 17.4 31 200   M    M   8        43 180
 8  67  35  51   8  14   0 0.20  0.0    0 12.0 28 320   M    M   6 13     38 310
 9  55  32  44   0  21   0 0.00  0.0    0  7.6 15 340   M    M   1        20  10
10  65  34  50   6  15   0 0.00  0.0    0  9.3 16 150   M    M   1        29 200
11  62  37  50   6  15   0 0.19  0.0    0 12.2 23 140   M    M   8 18     31 150
12  84  57  71  26   0   6    T  0.0    0 12.9 28 210   M    M   2 1      36 210
13  83  50  67  22   0   2 0.00  0.0    0  4.6 17 150   M    M   1        21 150
14  86  60  73  27   0   8    T  0.0    0  9.9 24 210   M    M   3        31 220
15  81  63  72  26   0   7 0.74  0.0    0  9.0 22 250   M    M   6 35     31 240
16  77  58  68  22   0   3 0.22  0.0    0  7.2 16 210   M    M   7 13     21 200
17  80  59  70  23   0   5 1.34  0.0    0  7.9 31 230   M    M   7 1238   39 220
18  82  57  70  23   0   5 0.01  0.0    0  9.6 20 200   M    M   6        26 210
19  82  67  75  28   0  10 0.00  0.0    0 14.4 26 140   M    M   7        37 140
20  83  65  74  26   0   9 0.00  0.0    0 14.7 31 170   M    M   6        45 160
21  81  65  73  25   0   8    T  0.0    0 14.2 28 160   M    M   8        36 140
22  74  54  64  16   1   0 0.19  0.0    0  7.0 23 240   M    M   8 1      30 130
23  67  52  60  11   5   0 0.13  0.0    0  7.1 21 220   M    M   9 12358  26 240
24  75  52  64  15   1   0    T  0.0    0  7.3 17 280   M    M   7        26 300
25  76  55  66  16   0   1 0.00  0.0    0  4.5 16 360   M    M   5 1      18  10
26  71  55  63  13   2   0 0.00  0.0    0  9.3 20 120   M    M   4        24 120
27  82  54  68  18   0   3 0.00  0.0    0 11.6 18 130   M    M   4        24 140
28  82  62  72  21   0   7 0.00  0.0    0  6.3 16  10   M    M   4        18  10
29  72  57  65  14   0   0 0.10  0.0    0  9.7 17  80   M    M   7 3      22 110
30  82  57  70  19   0   5 0.00  0.0    0  9.5 18 330   M    M   4        23 330
31  76  50  63  11   2   0 0.00  0.0    0  7.2 13 140   M    M   7 8      17  30
================================================================================
SM 2236 1553       191  80  3.33    T    311.4          M      161
================================================================================
AV 72.1 50.1                              10.0 FASTST   M    M   5    MAX(MPH)
                                 MISC ---->  # 39 280               # 51  280
================================================================================
NOTES:
# LAST OF SEVERAL OCCURRENCES

COLUMN 17 PEAK WIND IN M.P.H.

PRELIMINARY LOCAL CLIMATOLOGICAL DATA (WS FORM: F-6) , PAGE 2

                                          STATION:  ST. LOUIS
                                          MONTH:    MARCH
                                          YEAR:     2012
                                          LATITUDE:   38 45 N
                                          LONGITUDE:  90 23 W

[TEMPERATURE DATA]      [PRECIPITATION DATA]       SYMBOLS USED IN COLUMN 16

AVERAGE MONTHLY: 61.1   TOTAL FOR MONTH:   3.33    1 = FOG OR MIST
DPTR FM NORMAL:  14.8   DPTR FM NORMAL:    0.01    2 = FOG REDUCING VISIBILITY
HIGHEST:    86 ON 14    GRTST 24HR  1.35 ON 17-18      TO 1/4 MILE OR LESS
LOWEST:     27 ON  4                               3 = THUNDER
                        SNOW, ICE PELLETS, HAIL    4 = ICE PELLETS
                        TOTAL MONTH:    T          5 = HAIL
                        GRTST 24HR    T  ON  4- 4  6 = FREEZING RAIN OR DRIZZLE
                        GRTST DEPTH:  0            7 = DUSTSTORM OR SANDSTORM:
                                                       VSBY 1/2 MILE OR LESS
                                                   8 = SMOKE OR HAZE
[NO. OF DAYS WITH]      [WEATHER - DAYS WITH]      9 = BLOWING SNOW
                                                   X = TORNADO
MAX 32 OR BELOW:   0    0.01 INCH OR MORE:  11
MAX 90 OR ABOVE:   0    0.10 INCH OR MORE:   9
MIN 32 OR BELOW:   3    0.50 INCH OR MORE:   2
MIN  0 OR BELOW:   0    1.00 INCH OR MORE:   1

[HDD (BASE 65) ]
TOTAL THIS MO.   191    CLEAR  (SCALE 0-3)   8
DPTR FM NORMAL  -397    PTCLDY (SCALE 4-7)  18
TOTAL FM JUL 1  3093    CLOUDY (SCALE 8-10)  5
DPTR FM NORMAL -1093

[CDD (BASE 65) ]
TOTAL THIS MO.    80
DPTR FM NORMAL    73    [PRESSURE DATA]
TOTAL FM JAN 1    80    HIGHEST SLP 30.58 ON  9
DPTR FM NORMAL    73    LOWEST  SLP 29.34 ON  2

[REMARKS]
#FINAL-03-12#
