000
CXUS53 KLSX 021254 CCA
CF6STL

PRELIMINARY LOCAL CLIMATOLOGICAL DATA (WS FORM: F-6)

                                          STATION:   ST. LOUIS MO
                                          MONTH:     JUNE
                                          YEAR:      2011
                                          LATITUDE:   38 45 N
                                          LONGITUDE:  90 23 W

  TEMPERATURE IN F:       :PCPN:    SNOW:  WIND      :SUNSHINE: SKY     :PK WND
================================================================================
1   2   3   4   5  6A  6B    7    8   9   10  11  12  13   14  15   16   17  18
                                     12Z  AVG MX 2MIN
DY MAX MIN AVG DEP HDD CDD  WTR  SNW DPTH SPD SPD DIR MIN PSBL S-S WX    SPD DR
================================================================================

 1  91  66  79   7   0  14 0.00  0.0    0  3.5  M 999   M    M   4         M 999
 2  85  72  79   7   0  14    T  0.0    0 10.0 18 130   M    M   9        29 250
 3  96  76  86  14   0  21 0.00  0.0    0  8.5 10 210   M    M   6 8      14 190
 4  98  79  89  16   0  24 0.00  0.0    0  8.4 17 260   M    M   3        22 260
 5  90  75  83  10   0  18 0.00  0.0    0  6.7 23 330   M    M   5        39 330
 6  97  73  85  12   0  20 0.00  0.0    0  7.1 15 210   M    M   1        22 230
 7  96  77  87  13   0  22 0.00  0.0    0  8.7 17 190   M    M   2        23 200
 8  97  79  88  14   0  23 0.00  0.0    0 10.2 20 240   M    M   3        25 210
 9  93  77  85  11   0  20 0.00  0.0    0  5.3 13 350   M    M   2 8      16 350
10  95  68  82   8   0  17 1.06  0.0    0 10.3 36 320   M    M   6 13     46 330
11  83  65  74  -1   0   9 0.04  0.0    0  8.8 20 320   M    M   8 13     25 350
12  77  61  69  -6   0   4 0.01  0.0    0  6.2 15  70   M    M   7 1      20  40
13  77  62  70  -5   0   5    T  0.0    0  9.8 23  40   M    M   8 3      31 340
14  80  65  73  -2   0   8 0.54  0.0    0 13.8 30 360   M    M   8 13     39 360
15  87  67  77   1   0  12 0.14  0.0    0 10.1 24 280   M    M   4 13     31 310
16  91  65  78   2   0  13 0.00  0.0    0  7.8 17 170   M    M   5        24 200
17  80  68  74  -2   0   9 1.12  0.0    0  9.6 31 110   M    M   8 13     41 280
18  87  68  78   2   0  13 0.34  0.0    0  8.1 18 150   M    M   8 13     46 320
19  90  68  79   2   0  14 0.33  0.0    0  9.9 22 270   M    M   8 3      24 140
20  91  79  85   8   0  20 0.00  0.0    0 10.8 23 160   M    M   7        30 170
21  87  70  79   2   0  14 0.05  0.0    0 11.1 24 160   M    M   6 3      31 140
22  84  71  78   1   0  13    T  0.0    0 14.2 26 230   M    M   6        37 240
23  76  67  72  -5   0   7 0.00  0.0    0 13.0 25 270   M    M   6        32 270
24  83  63  73  -5   0   8 0.00  0.0    0  8.4 20 320   M    M   4        23 310
25  79  67  73  -5   0   8 2.80  0.0    0 10.3 30 330   M    M   8 13     51 330
26  86  66  76  -2   0  11 1.65  0.0    0  8.6 37 270   M    M   8 135    52 280
27  83  67  75  -3   0  10 1.02  0.0    0  8.6 39 310   M    M   8 13     56 320
28  84  69  77  -1   0  12 0.00  0.0    0  5.8 15 340   M    M   4        18  10
29  87  64  76  -3   0  11 0.00  0.0    0  6.8 13 150   M    M   2        22 120
30  92  70  81   2   0  16 0.00  0.0    0  9.5 15 180   M    M   2        20 190
================================================================================
SM 2622 2084         0 410  9.10     0.0 269.9          M      166
================================================================================
AV 87.4 69.5                               9.0 FASTST   M    M   6    MAX(MPH)
                                 MISC ---->  #9999999               #99999999
================================================================================
NOTES:
# LAST OF SEVERAL OCCURRENCES

COLUMN 17 PEAK WIND IN M.P.H.

PRELIMINARY LOCAL CLIMATOLOGICAL DATA (WS FORM: F-6) , PAGE 2

                                          STATION:  ST. LOUIS MO
                                          MONTH:    JUNE
                                          YEAR:     2011
                                          LATITUDE:   38 45 N
                                          LONGITUDE:  90 23 W

[TEMPERATURE DATA]      [PRECIPITATION DATA]       SYMBOLS USED IN COLUMN 16

AVERAGE MONTHLY: 78.5   TOTAL FOR MONTH:   9.10    1 = FOG OR MIST
DPTR FM NORMAL:   2.9   DPTR FM NORMAL:    5.34    2 = FOG REDUCING VISIBILITY
HIGHEST:    98 ON  4    GRTST 24HR  4.45 ON 25-26      TO 1/4 MILE OR LESS
LOWEST:     61 ON 12                               3 = THUNDER
                        SNOW, ICE PELLETS, HAIL    4 = ICE PELLETS
                        TOTAL MONTH:   0.0 INCH    5 = HAIL
                        GRTST 24HR     0.0         6 = FREEZING RAIN OR DRIZZLE
                        GRTST DEPTH:   0           7 = DUSTSTORM OR SANDSTORM:
                                                       VSBY 1/2 MILE OR LESS
                                                   8 = SMOKE OR HAZE
[NO. OF DAYS WITH]      [WEATHER - DAYS WITH]      9 = BLOWING SNOW
                                                   X = TORNADO
MAX 32 OR BELOW:   0    0.01 INCH OR MORE:  12
MAX 90 OR ABOVE:  13    0.10 INCH OR MORE:   9
MIN 32 OR BELOW:   0    0.50 INCH OR MORE:   6
MIN  0 OR BELOW:   0    1.00 INCH OR MORE:   5

[HDD (BASE 65) ]
TOTAL THIS MO.     0    CLEAR  (SCALE 0-3)   7
DPTR FM NORMAL    -6    PTCLDY (SCALE 4-7)  13
TOTAL FM JUL 1  4498    CLOUDY (SCALE 8-10) 10
DPTR FM NORMAL  -260

[CDD (BASE 65) ]
TOTAL THIS MO.   410
DPTR FM NORMAL    94    [PRESSURE DATA]
TOTAL FM JAN 1   644    HIGHEST SLP 30.28 ON  1
DPTR FM NORMAL   175    LOWEST  SLP 29.59 ON 21

[REMARKS]
#FINAL-06-11#
