000
CXUS53 KLSX 012141 CCA
CF6STL

PRELIMINARY LOCAL CLIMATOLOGICAL DATA (WS FORM: F-6)

                                          STATION:   ST. LOUIS
                                          MONTH:     NOVEMBER
                                          YEAR:      2015
                                          LATITUDE:   38 45 N
                                          LONGITUDE:  90 23 W

  TEMPERATURE IN F:       :PCPN:    SNOW:  WIND      :SUNSHINE: SKY     :PK WND
================================================================================
1   2   3   4   5  6A  6B    7    8   9   10  11  12  13   14  15   16   17  18
                                     12Z  AVG MX 2MIN
DY MAX MIN AVG DEP HDD CDD  WTR  SNW DPTH SPD SPD DIR MIN PSBL S-S WX    SPD DR
================================================================================

 1  72  47  60   7   5   0 0.00  0.0    0  4.6 10 170   M    M   4 1      15 180
 2  71  46  59   6   6   0 0.00  0.0    0  4.2 13 140   M    M   3 128    17 120
 3  66  53  60   7   5   0 0.00  0.0    0  5.7 14 150   M    M   9 128     M  M
 4  70  59  65  13   0   0 0.00  0.0    0  6.8 14 170   M    M   8 128    17 160
 5  69  60  65  13   0   0 1.37  0.0    0 10.0 22 140   M    M   9 13     29 210
 6  68  48  58   7   7   0    T  0.0    0  8.7 25 320   M    M   5 8      32 310
 7  59  41  50  -1  15   0 0.00  0.0    0  4.3 15 330   M    M   4        18 330
 8  57  36  47  -4  18   0 0.00  0.0    0  1.7  9 100   M    M   0        12 100
 9  60  35  48  -2  17   0 0.00  0.0    0  0.9  8 340   M    M   1        10 350
10  65  35  50   0  15   0 0.00  0.0    0  5.7 15 140   M    M   1        18 140
11  68  50  59  10   6   0 0.17  0.0    0 15.0 37 260   M    M   7 1      49 240
12  61  46  54   5  11   0 0.00  0.0    0 20.0 37 270   M    M   3        45 270
13  60  38  49   1  16   0 0.00  0.0    0  7.2 28 280   M    M   0        22 310
14  71  35  53   5  12   0 0.00  0.0    0  5.8 16 230   M    M   1        22 230
15  68  44  56   9   9   0 0.00  0.0    0  8.1 21 230   M    M   5        25 210
16  57  50  54   7  11   0 1.04  0.0    0 12.7 21 130   M    M  10 1      26 320
17  69  54  62  16   3   0 1.85  0.0    0 18.4 30 130   M    M  10 1      37 120
18  66  50  58  12   7   0 0.04  0.0    0 16.9 33 220   M    M   6 1      41 210
19  56  36  46   1  19   0 0.00  0.0    0 11.0 24 270   M    M   2        30 270
20  54  33  44  -1  21   0 0.02  0.0    0  9.2 26 130   M    M   5 8      32 130
21  47  25  36  -8  29   0 0.52    T    0 13.0 31 320   M    M   7 1      41 320
22  43  23  33 -11  32   0 0.00  0.0    0  6.4 14 150   M    M   2        20 160
23  61  35  48   5  17   0 0.00  0.0    0  4.6 15 210   M    M   1        20 190
24  65  35  50   7  15   0 0.00  0.0    0  6.4 17 150   M    M   6        22 140
25  60  41  51   9  14   0 0.01  0.0    0 12.0 20 170   M    M   8        28 170
26  72  59  66  24   0   1    T  0.0    0 15.2 24 200   M    M   8        32 170
27  66  40  53  12  12   0 1.24  0.0    0  9.9 20 180   M    M  10 1      28 180
28  40  37  39  -2  26   0 0.01  0.0    0  9.9 16  30   M    M  10 18     22  30
29  42  39  41   1  24   0 0.09  0.0    0  6.6 13  20   M    M  10        16  20
30  48  40  44   4  21   0 0.12  0.0    0  6.0 10 140   M    M  10 1      13 140
================================================================================
SM 1831 1270       393   1  6.48    T    266.9          M      165
================================================================================
AV 61.0 42.3                               8.9 FASTST   M    M   6    MAX(MPH)
                                 MISC ---->  # 37 260               # 49  240
================================================================================
NOTES:
# LAST OF SEVERAL OCCURRENCES

COLUMN 17 PEAK WIND IN M.P.H.

PRELIMINARY LOCAL CLIMATOLOGICAL DATA (WS FORM: F-6) , PAGE 2

                                          STATION:  ST. LOUIS
                                          MONTH:    NOVEMBER
                                          YEAR:     2015
                                          LATITUDE:   38 45 N
                                          LONGITUDE:  90 23 W

[TEMPERATURE DATA]      [PRECIPITATION DATA]       SYMBOLS USED IN COLUMN 16

AVERAGE MONTHLY: 51.7   TOTAL FOR MONTH:   6.48    1 = FOG OR MIST
DPTR FM NORMAL:   4.9   DPTR FM NORMAL:    2.57    2 = FOG REDUCING VISIBILITY
HIGHEST:    72 ON 26, 1 GRTST 24HR  1.85 ON 17-17      TO 1/4 MILE OR LESS
LOWEST:     23 ON 22                               3 = THUNDER
                        SNOW, ICE PELLETS, HAIL    4 = ICE PELLETS
                        TOTAL MONTH:   T           5 = HAIL
                        GRTST 24HR     T ON 21-21  6 = FREEZING RAIN OR DRIZZLE
                        GRTST DEPTH:   0           7 = DUSTSTORM OR SANDSTORM:
                                                       VSBY 1/2 MILE OR LESS
                                                   8 = SMOKE OR HAZE
[NO. OF DAYS WITH]      [WEATHER - DAYS WITH]      9 = BLOWING SNOW
                                                   X = TORNADO
MAX 32 OR BELOW:   0    0.01 INCH OR MORE:  12
MAX 90 OR ABOVE:   0    0.10 INCH OR MORE:   7
MIN 32 OR BELOW:   2    0.50 INCH OR MORE:   5
MIN  0 OR BELOW:   0    1.00 INCH OR MORE:   4

[HDD (BASE 65) ]
TOTAL THIS MO.   393    CLEAR  (SCALE 0-3)  10
DPTR FM NORMAL  -157    PTCLDY (SCALE 4-7)   9
TOTAL FM JUL 1   562    CLOUDY (SCALE 8-10) 11
DPTR FM NORMAL  -264

[CDD (BASE 65) ]
TOTAL THIS MO.     1
DPTR FM NORMAL    -3    [PRESSURE DATA]
TOTAL FM JAN 1  1873    HIGHEST SLP 30.49 ON  8
DPTR FM NORMAL   227    LOWEST  SLP 29.45 ON 18

[REMARKS]
#FINAL-11-15#
