000
CXUS53 KLSX 041542 CCB
CF6STL

PRELIMINARY LOCAL CLIMATOLOGICAL DATA (WS FORM: F-6)

                                          STATION:   ST. LOUIS
                                          MONTH:     JANUARY
                                          YEAR:      2016
                                          LATITUDE:   38 45 N
                                          LONGITUDE:  90 23 W

  TEMPERATURE IN F:       :PCPN:    SNOW:  WIND      :SUNSHINE: SKY     :PK WND
================================================================================
1   2   3   4   5  6A  6B    7    8   9   10  11  12  13   14  15   16   17  18
                                     12Z  AVG MX 2MIN
DY MAX MIN AVG DEP HDD CDD  WTR  SNW DPTH SPD SPD DIR MIN PSBL S-S WX    SPD DR
================================================================================

 1  42  27  35   3  30   0 0.00  0.0    0 10.3 21 270   M    M   2        25 290
 2  48  31  40   8  25   0 0.00  0.0    0  8.3 16 270   M    M   0        22 270
 3  39  29  34   2  31   0 0.00  0.0    0  9.7 17 360   M    M   3        22 330
 4  37  25  31  -1  34   0 0.00  0.0    0  7.1 16  20   M    M   7        22  10
 5  42  23  33   1  32   0 0.00  0.0    0  7.2 16 170   M    M   4        28  90
 6  47  25  36   4  29   0    T  0.0    0  9.0 15 150   M    M   8        20 130
 7  51  41  46  14  19   0 0.06  0.0    0 10.1 18 140   M    M  10 18     24 140
 8  55  45  50  18  15   0 0.01  0.0    0  9.4 18 260   M    M  10 1      23 260
 9  45  18  32   0  33   0 0.45  0.7    0 13.7 30 320   M    M  10 1      36 310
10  18   7  13 -19  52   0    T    T    T 13.5 28 310   M    M   3        37 320
11  42  15  29  -3  36   0    T    T    T 11.4 35 270   M    M   8        46 270
12  39  19  29  -3  36   0    T    T    0 12.0 30 310   M    M   4        41 310
13  49  17  33   1  32   0 0.00  0.0    0  6.8 17 220   M    M   2        22 220
14  66  31  49  17  16   0 0.00  0.0    0 11.6 24 210   M    M   3        33 200
15  51  30  41   9  24   0 0.09  0.0    0 13.0 26 280   M    M   9 18     35 270
16  34  26  30  -2  35   0 0.00  0.0    0  8.1 17 310   M    M   8        21 310
17  27   8  18 -14  47   0 0.01  0.5    0 10.9 20 330   M    M   6        25 320
18  18   5  12 -20  53   0 0.00  0.0    T  8.0 17 280   M    M   4        22 310
19  24  13  19 -13  46   0 0.17  1.9    T  7.3 15 110   M    M   9 1      18 110
20  29  12  21 -11  44   0 0.01  0.2    2  4.8 13 100   M    M   8 18     16 110
21  28  17  23  -9  42   0 0.00  0.0    2  8.5 15  30   M    M   9        17  10
22  30  21  26  -6  39   0 0.00  0.0    2 12.2 21 360   M    M   8        26 360
23  36  24  30  -2  35   0    T    T    1  5.7 14 320   M    M   6        17 320
24  49  27  38   6  27   0 0.00  0.0    1  9.1 17 160   M    M   6        23 150
25  52  32  42  10  23   0 0.00  0.0    T 13.4 29 260   M    M   7        37 260
26  38  32  35   3  30   0 0.00  0.0    0 12.9 23 280   M    M  10        33 290
27  43  32  38   6  27   0 0.00  0.0    0  6.9 15 230   M    M   6        21 220
28  56  34  45  13  20   0 0.00  0.0    0 11.8 25 310   M    M   5        31 330
29  51  27  39   6  26   0 0.00  0.0    0  7.0 18 130   M    M   2        23 140
30  66  40  53  20  12   0 0.00  0.0    0  7.0 17 190   M    M   5        24 180
31  68  44  56  23   9   0 0.00  0.0    0 11.6 24 250   M    M   7        30 260
================================================================================
SM 1320  777       959   0  0.80     3.3 298.3          M      189
================================================================================
AV 42.6 25.1                               9.6 FASTST   M    M   6    MAX(MPH)
                                 MISC ---->  # 35 270               # 46  270
================================================================================
NOTES:
# LAST OF SEVERAL OCCURRENCES

COLUMN 17 PEAK WIND IN M.P.H.

PRELIMINARY LOCAL CLIMATOLOGICAL DATA (WS FORM: F-6) , PAGE 2

                                          STATION:  ST. LOUIS
                                          MONTH:    JANUARY
                                          YEAR:     2016
                                          LATITUDE:   38 45 N
                                          LONGITUDE:  90 23 W

[TEMPERATURE DATA]      [PRECIPITATION DATA]       SYMBOLS USED IN COLUMN 16

AVERAGE MONTHLY: 33.8   TOTAL FOR MONTH:   0.80    1 = FOG OR MIST
DPTR FM NORMAL:   2.0   DPTR FM NORMAL:   -1.60    2 = FOG REDUCING VISIBILITY
HIGHEST:    68 ON 31    GRTST 24HR  0.45 ON  8- 9      TO 1/4 MILE OR LESS
LOWEST:      5 ON 18                               3 = THUNDER
                        SNOW, ICE PELLETS, HAIL    4 = ICE PELLETS
                        TOTAL MONTH:   3.3 INCHES  5 = HAIL
                        GRTST 24HR   2.1 ON 19-20  6 = FREEZING RAIN OR DRIZZLE
                        GRTST DEPTH:   2 ON 22,21  7 = DUSTSTORM OR SANDSTORM:
                                                       VSBY 1/2 MILE OR LESS
                                                   8 = SMOKE OR HAZE
[NO. OF DAYS WITH]      [WEATHER - DAYS WITH]      9 = BLOWING SNOW
                                                   X = TORNADO
MAX 32 OR BELOW:   7    0.01 INCH OR MORE:   7
MAX 90 OR ABOVE:   0    0.10 INCH OR MORE:   2
MIN 32 OR BELOW:  26    0.50 INCH OR MORE:   0
MIN  0 OR BELOW:   0    1.00 INCH OR MORE:   0

[HDD (BASE 65) ]
TOTAL THIS MO.   959    CLEAR  (SCALE 0-3)   7
DTR FM NORMAL   -70     PTCLDY (SCALE 4-7)  12
TOTAL FM JUL 1  2118    CLOUDY (SCALE 8-10) 12
DPTR FM NORMAL  -676

[CDD (BASE 65) ]
TOTAL THIS MO.     0
DPTR FM NORMAL     0    [PRESSURE DATA]
TOTAL FM JAN 1     0    HIGHEST SLP 30.59 ON 19
DPTR FM NORMAL     0    LOWEST  SLP 29.45 ON 15

[REMARKS]
#FINAL-01-16#
