000
CXUS53 KLSX 011600
CF6STL
PRELIMINARY LOCAL CLIMATOLOGICAL DATA (WS FORM: F-6)

                                          STATION:   ST. LOUIS MO
                                          MONTH:     OCTOBER
                                          YEAR:      2010
                                          LATITUDE:   38 45 N
                                          LONGITUDE:  90 23 W

  TEMPERATURE IN F:       :PCPN:    SNOW:  WIND      :SUNSHINE: SKY     :PK WND
================================================================================
1   2   3   4   5  6A  6B    7    8   9   10  11  12  13   14  15   16   17  18
                                     12Z  AVG MX 2MIN
DY MAX MIN AVG DEP HDD CDD  WTR  SNW DPTH SPD SPD DIR MIN PSBL S-S WX    SPD DR
================================================================================

 1  75  50  63  -2   2   0 0.00  0.0    0  3.2 10 310   M    M   0        15 280
 2  64  47  56  -8   9   0 0.01  0.0    0 10.7 23 360   M    M   5        32 360
 3  62  42  52 -12  13   0 0.00  0.0    0  7.9 17  40   M    M   2        24 360
 4  63  41  52 -11  13   0 0.00  0.0    0  2.8 10  20   M    M   1        16 340
 5  70  41  56  -7   9   0 0.00  0.0    0  1.1  8 320   M    M   0 1      10 340
 6  78  45  62   0   3   0 0.00  0.0    0  5.8 17 250   M    M   0        21 250
 7  80  55  68   6   0   3 0.00  0.0    0  3.9  9 320   M    M   0        13 280
 8  83  50  67   5   0   2 0.00  0.0    0  2.2  2 210   M    M   0         3 210
 9  88  56  72  11   0   7 0.00  0.0    0   M   M   M   M    M   0         M  M
10  87  59  73  12   0   8 0.00  0.0    0  3.4 17 200   M    M   4        22 230
11  85  59  72  12   0   7 0.01  0.0    0   M   M   M   M    M   7         M  M
12  82  59  71  11   0   6 0.00  0.0    0  4.0 13 350   M    M   6        15 350
13  73  50  62   2   3   0 0.01  0.0    0 10.0 22 320   M    M   7        29 320
14  73  46  60   1   5   0 0.00  0.0    0  7.8 18 250   M    M   1        23 260
15  71  48  60   1   5   0 0.00  0.0    0  5.1 15 310   M    M   0        20 310
16  79  44  62   4   3   0 0.00  0.0    0  6.3 15 200   M    M   1        20 230
17  79  55  67   9   0   2 0.00  0.0    0  3.8  9 320   M    M   2        13 330
18  78  53  66   9   0   1 0.00  0.0    0  5.5 20 360   M    M   7        24 360
19  68  44  56  -1   9   0 0.00  0.0    0  2.7 10 250   M    M   6        14 260
20  76  46  61   4   4   0 0.00  0.0    0  9.0 21 260   M    M   1        28 230
21  69  47  58   2   7   0 0.00  0.0    0  6.3 16 340   M    M   1        22 320
22  77  44  61   5   4   0 0.00  0.0    0  8.2 17 140   M    M   5        22 140
23  84  67  76  21   0  11 0.00  0.0    0 11.9 22 190   M    M   8        29 160
24  78  64  71  16   0   6 0.79  0.0    0 10.8 29 230   M    M   7 1358   37 240
25  77  61  69  14   0   4 0.00  0.0    0 12.7 28 160   M    M   7 1      36 170
26  75  58  67  13   0   2 0.24  0.0    0 17.4 47 240   M    M   5 123    62 220
27  72  51  62   8   3   0 0.00  0.0    0 15.1 32 250   M    M   3        41 250
28  53  39  46  -7  19   0 0.00  0.0    0   M   M   M   M    M   3         M  M
29  60  33  47  -6  18   0 0.00  0.0    0  4.0 14 150   M    M   1        16 160
30  75  38  57   5   8   0 0.00  0.0    0  6.5 21 230   M    M   3        26 230
31  62  46  54   2  11   0 0.00  0.0    0  9.0 17  80   M    M   3        22  80
================================================================================
SM 2296 1538       148  59  1.06     0.0 197.1          M       96
================================================================================
AV 74.1 49.6                               7.0 FASTST   M    M   3    MAX(MPH)
                                 MISC ---->  # 47 240               # 62  220
================================================================================
NOTES:
# LAST OF SEVERAL OCCURRENCES

COLUMN 17 PEAK WIND IN M.P.H.

PRELIMINARY LOCAL CLIMATOLOGICAL DATA (WS FORM: F-6) , PAGE 2

                                          STATION:  ST. LOUIS MO
                                          MONTH:    OCTOBER
                                          YEAR:     2010
                                          LATITUDE:   38 45 N
                                          LONGITUDE:  90 23 W

[TEMPERATURE DATA]      [PRECIPITATION DATA]       SYMBOLS USED IN COLUMN 16

AVERAGE MONTHLY: 61.8   TOTAL FOR MONTH:   1.06    1 = FOG OR MIST
DPTR FM NORMAL:   3.5   DPTR FM NORMAL:   -1.70    2 = FOG REDUCING VISIBILITY
HIGHEST:    88 ON  9    GRTST 24HR  0.79 ON 24-24      TO 1/4 MILE OR LESS
LOWEST:     33 ON 29                               3 = THUNDER
                        SNOW, ICE PELLETS, HAIL    4 = ICE PELLETS
                        TOTAL MONTH:   0.0 INCH    5 = HAIL
                        GRTST 24HR     0.0         6 = FREEZING RAIN OR DRIZZLE
                        GRTST DEPTH:   0           7 = DUSTSTORM OR SANDSTORM:
                                                       VSBY 1/2 MILE OR LESS
                                                   8 = SMOKE OR HAZE
[NO. OF DAYS WITH]      [WEATHER - DAYS WITH]      9 = BLOWING SNOW
                                                   X = TORNADO
MAX 32 OR BELOW:   0    0.01 INCH OR MORE:   5
MAX 90 OR ABOVE:   0    0.10 INCH OR MORE:   2
MIN 32 OR BELOW:   0    0.50 INCH OR MORE:   1
MIN  0 OR BELOW:   0    1.00 INCH OR MORE:   0

[HDD (BASE 65) ]
TOTAL THIS MO.   148    CLEAR  (SCALE 0-3)  18
DPTR FM NORMAL   -98    PTCLDY (SCALE 4-7)  12
TOTAL FM JUL 1   162    CLOUDY (SCALE 8-10)  1
DPTR FM NORMAL  -131

[CDD (BASE 65) ]
TOTAL THIS MO.    59
DPTR FM NORMAL    23    [PRESSURE DATA]
TOTAL FM JAN 1  2083    HIGHEST SLP 30.45 ON 29
DPTR FM NORMAL   525    LOWEST  SLP 29.05 ON 26

[REMARKS]
#FINAL-10-10#
