000
CXUS53 KLSX 011726
CF6STL

PRELIMINARY LOCAL CLIMATOLOGICAL DATA (WS FORM: F-6)

                                          STATION:   ST. LOUIS MO
                                          MONTH:     SEPTEMBER
                                          YEAR:      2010
                                          LATITUDE:   38 45 N
                                          LONGITUDE:  90 23 W

  TEMPERATURE IN F:       :PCPN:    SNOW:  WIND      :SUNSHINE: SKY     :PK WND
================================================================================
1   2   3   4   5  6A  6B    7    8   9   10  11  12  13   14  15   16   17  18
                                     12Z  AVG MX 2MIN
DY MAX MIN AVG DEP HDD CDD  WTR  SNW DPTH SPD SPD DIR MIN PSBL S-S WX    SPD DR
================================================================================

 1  82  74  78   3   0  13 0.07  0.0    0  6.9 17 120   M    M  10 1      21 120
 2  90  67  79   4   0  14 0.33  0.0    0 12.7 24 250   M    M   7 13     31 260
 3  78  61  70  -4   0   5 0.01  0.0    0 11.4 26 280   M    M   4        32 290
 4  76  54  65  -9   0   0 0.00  0.0    0  6.7 16 290   M    M   1        22 290
 5  83  55  69  -5   0   4 0.00  0.0    0  9.6 20 160   M    M   2        24 150
 6  90  66  78   5   0  13 0.00  0.0    0 12.5 25 190   M    M   3        31 180
 7  79  63  71  -2   0   6    T  0.0    0  7.8 15 250   M    M   6 3      20 280
 8  85  58  72  -1   0   7 0.00  0.0    0  2.5  8  10   M    M   6        13 190
 9  72  63  68  -4   0   3 0.26  0.0    0  9.5 17 110   M    M  10 1      21 100
10  69  62  66  -6   0   1 0.63  0.0    0 11.1 18 330   M    M  10 13     24 330
11  83  61  72   0   0   7 0.54  0.0    0  8.0 20 310   M    M   4 13     28 310
12  86  58  72   0   0   7 0.00  0.0    0  4.2 10 260   M    M   2        18 230
13  89  64  77   6   0  12 0.00  0.0    0  5.2 14 260   M    M   3        21 200
14  85  68  77   6   0  12 0.00  0.0    0  3.6 12 160   M    M   6        15 220
15  84  64  74   3   0   9 0.06  0.0    0  5.8 20 160   M    M   7 1      24 240
16  77  60  69  -1   0   4    T  0.0    0  9.5 23 170   M    M   8        30 170
17  81  54  68  -2   0   3 0.00  0.0    0  4.6 12 160   M    M   1        17 130
18  90  63  77   8   0  12 0.46  0.0    0  3.6 21  80   M    M   6 13     24  70
19  78  67  73   4   0   8 0.86  0.0    0  5.8 20 210   M    M   6 138    24 200
20  90  67  79  10   0  14 0.00  0.0    0  4.9 10 180   M    M   2 1      14 180
21  92  73  83  15   0  18 0.00  0.0    0  7.6 22 220   M    M   6        28 210
22  81  68  75   7   0  10 0.07  0.0    0  7.0 13 140   M    M   7        16 140
23  92  72  82  14   0  17 0.00  0.0    0 12.8 26 220   M    M   6        36 190
24  81  62  72   5   0   7 0.16  0.0    0 11.5 23 280   M    M   6 1      30 270
25  76  55  66  -1   0   1 0.20  0.0    0  6.1 22 350   M    M   5 1      26 350
26  61  52  57 -10   8   0 0.08  0.0    0  8.5 16  10   M    M   8 1      20  10
27  69  48  59  -7   6   0 0.00  0.0    0  4.8 14  10   M    M   3        17 360
28  77  52  65  -1   0   0 0.00  0.0    0  2.4  9 330   M    M   4        15 280
29  80  56  68   3   0   3 0.00  0.0    0  1.7  8 180   M    M   1        14 220
30  79  56  68   3   0   3 0.00  0.0    0  9.2 23 360   M    M   2        29 360
================================================================================
SM 2435 1843        14 213  3.73     0.0 217.5          M      152
================================================================================
AV 81.2 61.4                               7.3 FASTST   M    M   5    MAX(MPH)
                                 MISC ---->  # 26 280               # 36  190
================================================================================
NOTES:
# LAST OF SEVERAL OCCURRENCES

COLUMN 17 PEAK WIND IN M.P.H.

PRELIMINARY LOCAL CLIMATOLOGICAL DATA (WS FORM: F-6) , PAGE 2

                                          STATION:  ST. LOUIS MO
                                          MONTH:    SEPTEMBER
                                          YEAR:     2010
                                          LATITUDE:   38 45 N
                                          LONGITUDE:  90 23 W

[TEMPERATURE DATA]      [PRECIPITATION DATA]       SYMBOLS USED IN COLUMN 16

AVERAGE MONTHLY: 71.3   TOTAL FOR MONTH:   3.73    1 = FOG OR MIST
DPTR FM NORMAL:   1.1   DPTR FM NORMAL:    0.77    2 = FOG REDUCING VISIBILITY
HIGHEST:    92 ON 23,21 GRTST 24HR  1.32 ON 18-19      TO 1/4 MILE OR LESS
LOWEST:     48 ON 27                               3 = THUNDER
                        SNOW, ICE PELLETS, HAIL    4 = ICE PELLETS
                        TOTAL MONTH:   0.0 INCH    5 = HAIL
                        GRTST 24HR     0.0         6 = FREEZING RAIN OR DRIZZLE
                        GRTST DEPTH:   0           7 = DUSTSTORM OR SANDSTORM:
                                                       VSBY 1/2 MILE OR LESS
                                                   8 = SMOKE OR HAZE
[NO. OF DAYS WITH]      [WEATHER - DAYS WITH]      9 = BLOWING SNOW
                                                   X = TORNADO
MAX 32 OR BELOW:   0    0.01 INCH OR MORE:  13
MAX 90 OR ABOVE:   6    0.10 INCH OR MORE:   8
MIN 32 OR BELOW:   0    0.50 INCH OR MORE:   3
MIN  0 OR BELOW:   0    1.00 INCH OR MORE:   0

[HDD (BASE 65) ]
TOTAL THIS MO.    14    CLEAR  (SCALE 0-3)  10
DPTR FM NORMAL   -32    PTCLDY (SCALE 4-7)  15
TOTAL FM JUL 1    14    CLOUDY (SCALE 8-10)  5
DPTR FM NORMAL   -33

[CDD (BASE 65) ]
TOTAL THIS MO.   213
DPTR FM NORMAL    17    [PRESSURE DATA]
TOTAL FM JAN 1  2024    HIGHEST SLP 30.22 ON 19
DPTR FM NORMAL   502    LOWEST  SLP 29.74 ON 16

[REMARKS]
#FINAL-09-10#
