000
CXUS53 KLSX 011704
CF6STL

PRELIMINARY LOCAL CLIMATOLOGICAL DATA (WS FORM: F-6)

                                          STATION:   ST. LOUIS MO
                                          MONTH:     JULY
                                          YEAR:      2010
                                          LATITUDE:   38 45 N
                                          LONGITUDE:  90 23 W

  TEMPERATURE IN F:       :PCPN:    SNOW:  WIND      :SUNSHINE: SKY     :PK WND
================================================================================
1   2   3   4   5  6A  6B    7    8   9   10  11  12  13   14  15   16   17  18
                                     12Z  AVG MX 2MIN
DY MAX MIN AVG DEP HDD CDD  WTR  SNW DPTH SPD SPD DIR MIN PSBL S-S WX    SPD DR
================================================================================

 1  83  63  73  -6   0   8 0.00  0.0    0  7.5 15 100   M    M   0        21  80
 2  85  63  74  -5   0   9 0.00  0.0    0  8.8 17 100   M    M   0        24 120
 3  92  63  78  -1   0  13 0.00  0.0    0  7.1 13 180   M    M   3        18 210
 4  93  77  85   6   0  20 0.13  0.0    0 10.1 30 230   M    M   6 38     37 220
 5  93  78  86   7   0  21 0.00  0.0    0 12.0 20 150   M    M   6        26 190
 6  94  77  86   6   0  21 0.08  0.0    0  8.3 18 200   M    M   6 8      24 200
 7  93  77  85   5   0  20 0.14  0.0    0  5.6 23 180   M    M   7 3      30 170
 8  90  73  82   2   0  17 0.95  0.0    0  4.8 18 330   M    M   8 13     22 330
 9  87  72  80   0   0  15 0.36  0.0    0  5.9 17 350   M    M   7 138    20 350
10  88  70  79  -1   0  14 0.00  0.0    0  4.5 13 330   M    M   2        15 360
11  87  74  81   1   0  16 0.01  0.0    0  7.3  9 190   M    M   7 3      12 200
12  88  71  80   0   0  15 0.02  0.0    0  5.4 15 280   M    M   7 13     17  20
13  93  72  83   3   0  18 0.08  0.0    0  4.3 10 310   M    M   5 13     14 320
14  96  79  88   8   0  23 0.00  0.0    0  8.3 16 160   M    M   3        20 150
15  93  80  87   7   0  22    T  0.0    0  8.4 16 260   M    M   6 8      20 340
16  93  74  84   4   0  19 0.00  0.0    0  4.8 12 330   M    M   6        15 320
17  96  77  87   6   0  22 0.14  0.0    0  5.2 18 220   M    M   5 3      26 230
18  91  72  82   1   0  17 0.25  0.0    0  7.8 26 310   M    M   6 13     43 310
19  90  73  82   1   0  17 0.02  0.0    0  8.9 26 340   M    M   6 3      33 350
20  92  71  82   1   0  17 1.97  0.0    0  8.7 31 280   M    M   8 138    39 280
21  94  74  84   3   0  19 0.74  0.0    0  5.5 28 110   M    M   7 138    35 120
22  96  75  86   5   0  21 0.00  0.0    0 10.4 22 220   M    M   6        26 250
23  97  81  89   8   0  24 0.00  0.0    0 12.7 20 220   M    M   1        25 220
24  97  74  86   5   0  21 0.97  0.0    0 10.4 39 220   M    M   5 13     53 220
25  88  74  81   0   0  16    T  0.0    0  6.5 15 310   M    M   7        17 310
26  88  75  82   1   0  17    T  0.0    0  7.0 12 120   M    M   8        14 130
27  90  77  84   3   0  19 0.30  0.0    0  4.6 18 190   M    M   6 13     24 190
28  94  79  87   7   0  22 0.00  0.0    0  7.4 15 260   M    M   5        21 230
29  90  75  83   3   0  18 0.01  0.0    0  5.9 13 320   M    M   5        16 320
30  83  75  79  -1   0  14 0.52  0.0    0  7.6 16 210   M    M   8 138    18 200
31  88  74  81   1   0  16    T  0.0    0  6.0  6  10   M    M   6 1       6  30
================================================================================
SM 2822 2289         0 551  6.69     0.0 227.7          M      168
================================================================================
AV 91.0 73.8                               7.3 FASTST   M    M   5    MAX(MPH)
                                 MISC ---->  # 39 220               # 53  220
================================================================================
NOTES:
# LAST OF SEVERAL OCCURRENCES

COLUMN 17 PEAK WIND IN M.P.H.

PRELIMINARY LOCAL CLIMATOLOGICAL DATA (WS FORM: F-6) , PAGE 2

                                          STATION:  ST. LOUIS MO
                                          MONTH:    JULY
                                          YEAR:     2010
                                          LATITUDE:   38 45 N
                                          LONGITUDE:  90 23 W

[TEMPERATURE DATA]      [PRECIPITATION DATA]       SYMBOLS USED IN COLUMN 16

AVERAGE MONTHLY: 82.4   TOTAL FOR MONTH:   6.69    1 = FOG OR MIST
DPTR FM NORMAL:   2.2   DPTR FM NORMAL:    2.79    2 = FOG REDUCING VISIBILITY
HIGHEST:    97 ON 24,23 GRTST 24HR  1.97 ON 20-20      TO 1/4 MILE OR LESS
LOWEST:     63 ON  3, 2, 1                         3 = THUNDER
                        SNOW, ICE PELLETS, HAIL    4 = ICE PELLETS
                        TOTAL MONTH:   0.0 INCH    5 = HAIL
                        GRTST 24HR     0.0         6 = FREEZING RAIN OR DRIZZLE
                        GRTST DEPTH:   0           7 = DUSTSTORM OR SANDSTORM:
                                                       VSBY 1/2 MILE OR LESS
                                                   8 = SMOKE OR HAZE
[NO. OF DAYS WITH]      [WEATHER - DAYS WITH]      9 = BLOWING SNOW
                                                   X = TORNADO
MAX 32 OR BELOW:   0    0.01 INCH OR MORE:  17
MAX 90 OR ABOVE:  21    0.10 INCH OR MORE:  11
MIN 32 OR BELOW:   0    0.50 INCH OR MORE:   5
MIN  0 OR BELOW:   0    1.00 INCH OR MORE:   1

[HDD (BASE 65) ]
TOTAL THIS MO.     0    CLEAR  (SCALE 0-3)   5
DPTR FM NORMAL     0    PTCLDY (SCALE 4-7)  24
TOTAL FM JUL 1     0    CLOUDY (SCALE 8-10)  2
DPTR FM NORMAL     0

[CDD (BASE 65) ]
TOTAL THIS MO.   551
DPTR FM NORMAL    90    [PRESSURE DATA]
TOTAL FM JAN 1  1271    HIGHEST SLP 30.30 ON 1
DPTR FM NORMAL   341    LOWEST  SLP 29.63 ON 11

[REMARKS]
#FINAL-07-10#
