000
CXUS53 KLSX 022025
CF6STL

PRELIMINARY LOCAL CLIMATOLOGICAL DATA (WS FORM: F-6)

                                          STATION:   ST. LOUIS
                                          MONTH:     FEBRUARY
                                          YEAR:      2014
                                          LATITUDE:   38 45 N
                                          LONGITUDE:  90 23 W

  TEMPERATURE IN F:       :PCPN:    SNOW:  WIND      :SUNSHINE: SKY     :PK WND
================================================================================
1   2   3   4   5  6A  6B    7    8   9   10  11  12  13   14  15   16   17  18
                                     12Z  AVG MX 2MIN
DY MAX MIN AVG DEP HDD CDD  WTR  SNW DPTH SPD SPD DIR MIN PSBL S-S WX    SPD DR
================================================================================

 1  37  28  33   0  32   0 0.53  0.0    T  7.9 29 300   M    M  10 1268   40 310
 2  28  13  21 -12  44   0    T  0.1    T 10.5 17 350   M    M   9 18     23 330
 3  30   8  19 -14  46   0 0.00  0.0    0  4.3 10 340   M    M   4        12  90
 4  28  21  25  -9  40   0 0.37  3.3    0  9.9 17  50   M    M  10 18     26  40
 5  22  11  17 -17  48   0 0.11  1.3    4 14.1 25 310   M    M  10 18     29 310
 6  13  -1   6 -28  59   0    T    T    3  7.8 15 290   M    M   6        20 310
 7  19   0  10 -24  55   0 0.00  0.0    3  4.3 14 140   M    M   6        16 140
 8  30  16  23 -11  42   0 0.04  0.6    3  5.7 10 160   M    M  10 8      14 210
 9  28  17  23 -12  42   0 0.02  0.4    3  6.1 16 360   M    M  10 8      21  10
10  17   6  12 -23  53   0    T    T    3  7.6 14 350   M    M   6        18 360
11  20  -1  10 -25  55   0 0.00  0.0    3  3.8  9 110   M    M   2        13 110
12  34   4  19 -16  46   0 0.00  0.0    2  3.2  9 110   M    M   4 8      10 110
13  49  11  30  -6  35   0 0.00  0.0    2  7.4 21 250   M    M   3 8      25 250
14  37  18  28  -8  37   0 0.09  0.1    1  9.2 21 350   M    M   6 1468   25 320
15  29  13  21 -15  44   0 0.00  0.0    1  5.8 17 170   M    M   6        23 160
16  33  26  30  -7  35   0 0.00  0.0    T  8.9 20 130   M    M   9 8      24 120
17  45  26  36  -1  29   0 0.09  0.0    T 13.8 29 280   M    M   7 1368   41 290
18  63  38  51  14  14   0 0.00  0.0    0 10.4 26 200   M    M   5        36 190
19  54  35  45   8  20   0    T  0.0    0  8.3 22 130   M    M   6        26 130
20  73  40  57  19   8   0 0.23  0.0    0 19.6 48 250   M    M   7 138    62 230
21  57  34  46   8  19   0 0.00  0.0    0 15.9 37 270   M    M   3        46 270
22  62  31  47   9  18   0 0.00  0.0    0  6.4 22  30   M    M   6        31  20
23  38  27  33  -6  32   0 0.00  0.0    0 10.8 22  10   M    M   7        28  10
24  38  23  31  -8  34   0 0.00  0.0    0  6.4 14  40   M    M   7        16  40
25  32  19  26 -13  39   0    T    T    0 11.0 23 330   M    M   9        36  70
26  28  11  20 -20  45   0 0.00  0.0    0 11.6 21 320   M    M   3        32 310
27  29  19  24 -16  41   0 0.00  0.0    0 10.8 21 320   M    M   1        25 330
28  48  19  34  -6  31   0 0.00  0.0    0 13.0 21 150   M    M   6        26 150
================================================================================
SM 1021  512      1043   0  1.48     5.8 254.5          M      178
================================================================================
AV 36.5 18.3                               9.1 FASTST   M    M   6    MAX(MPH)
                                 MISC ---->  # 48 250               # 62  230
================================================================================
NOTES:
# LAST OF SEVERAL OCCURRENCES

COLUMN 17 PEAK WIND IN M.P.H.

PRELIMINARY LOCAL CLIMATOLOGICAL DATA (WS FORM: F-6) , PAGE 2

                                          STATION:  ST. LOUIS
                                          MONTH:    FEBRUARY
                                          YEAR:     2014
                                          LATITUDE:   38 45 N
                                          LONGITUDE:  90 23 W

[TEMPERATURE DATA]      [PRECIPITATION DATA]       SYMBOLS USED IN COLUMN 16

AVERAGE MONTHLY: 27.4   TOTAL FOR MONTH:   1.48    1 = FOG OR MIST
DPTR FM NORMAL:  -8.9   DPTR FM NORMAL:   -0.76    2 = FOG REDUCING VISIBILITY
HIGHEST:    73 ON 20    GRTST 24HR  0.53 ON  1- 1      TO 1/4 MILE OR LESS
LOWEST:     -1 ON 11, 6                            3 = THUNDER
                        SNOW, ICE PELLETS, HAIL    4 = ICE PELLETS
                        TOTAL MONTH:   5.8 INCHES  5 = HAIL
                        GRTST 24HR   3.3 ON  4     6 = FREEZING RAIN OR DRIZZLE
                        GRTST DEPTH:   4 ON  5     7 = DUSTSTORM OR SANDSTORM:
                                                       VSBY 1/2 MILE OR LESS
                                                   8 = SMOKE OR HAZE
[NO. OF DAYS WITH]      [WEATHER - DAYS WITH]      9 = BLOWING SNOW
                                                   X = TORNADO
MAX 32 OR BELOW:  14    0.01 INCH OR MORE:   8
MAX 90 OR ABOVE:   0    0.10 INCH OR MORE:   4
MIN 32 OR BELOW:  24    0.50 INCH OR MORE:   1
MIN  0 OR BELOW:   3    1.00 INCH OR MORE:   0

[HDD (BASE 65) ]
TOTAL THIS MO.  1043    CLEAR  (SCALE 0-3)   5
DPTR FM NORMAL   239    PTCLDY (SCALE 4-7)  15
TOTAL FM JUL 1  4037    CLOUDY (SCALE 8-10)  8
DPTR FM NORMAL   439

[CDD (BASE 65) ]
TOTAL THIS MO.     0
DPTR FM NORMAL     0    [PRESSURE DATA]
TOTAL FM JAN 1     0    HIGHEST SLP 30.70 ON  6
DPTR FM NORMAL     0    LOWEST  SLP 29.25 ON 20

[REMARKS]
#FINAL-02-14#
