000
CXUS53 KLSX 011714 CCA
CF6STL

PRELIMINARY LOCAL CLIMATOLOGICAL DATA (WS FORM: F-6)

                                          STATION:   ST. LOUIS
                                          MONTH:     SEPTEMBER
                                          YEAR:      2015
                                          LATITUDE:   38 45 N
                                          LONGITUDE:  90 23 W

  TEMPERATURE IN F:       :PCPN:    SNOW:  WIND      :SUNSHINE: SKY     :PK WND
================================================================================
1   2   3   4   5  6A  6B    7    8   9   10  11  12  13   14  15   16   17  18
                                     12Z  AVG MX 2MIN
DY MAX MIN AVG DEP HDD CDD  WTR  SNW DPTH SPD SPD DIR MIN PSBL S-S WX    SPD DR
================================================================================

 1  93  75  84   8   0  19 0.00  0.0    0  6.5 14 200   M    M   2        20 200
 2  94  75  85   9   0  20 0.00  0.0    0  5.0 15 220   M    M   4        20 190
 3  94  76  85  10   0  20 0.00  0.0    0  4.6 14 260   M    M   3        20 270
 4  96  76  86  11   0  21 0.00  0.0    0  4.2 10 200   M    M   4        16 220
 5  93  74  84   9   0  19 0.00  0.0    0  5.1 12 140   M    M   4        17 190
 6  96  76  86  12   0  21 0.00  0.0    0  7.1 14 160   M    M   5 8      17 150
 7  91  77  84  10   0  19 0.00  0.0    0  7.0 14 150   M    M   8        18 170
 8  91  70  81   7   0  16 1.35  0.0    0  8.0 22 310   M    M   8 13     28 210
 9  86  72  79   6   0  14 0.11  0.0    0  3.4 12 120   M    M   5 13     14 120
10  88  69  79   6   0  14 0.32  0.0    0  3.8 18 100   M    M   6 3      24 100
11  77  59  68  -5   0   3 0.30  0.0    0 10.4 22 350   M    M   6 13     26 350
12  70  54  62 -10   3   0 0.00  0.0    0  7.6 18 320   M    M   3        24 350
13  75  51  63  -9   2   0 0.00  0.0    0  4.7 12 170   M    M   1        17 220
14  83  60  72   1   0   7 0.00  0.0    0  9.8 17 150   M    M   4        23 170
15  85  60  73   2   0   8 0.00  0.0    0 11.0 21 160   M    M   2        24 140
16  87  62  75   5   0  10 0.00  0.0    0  8.9 18 150   M    M   2        24 160
17  91  71  81  11   0  16 0.00  0.0    0 11.3 20 170   M    M   5        26 160
18  92  76  84  15   0  19    T  0.0    0 10.0 16 200   M    M   8 3      22 210
19  81  59  70   1   0   5    T  0.0    0  9.8 21 320   M    M   5        29 320
20  76  57  67  -2   0   2 0.00  0.0    0  3.3 14 100   M    M   4        17 110
21  79  56  68   0   0   3 0.00  0.0    0  4.2 13 130   M    M   0        17 130
22  83  59  71   3   0   6 0.00  0.0    0  3.2 10 140   M    M   4        14  80
23  85  59  72   5   0   7 0.00  0.0    0  3.4 10 110   M    M   5        15 140
24  85  60  73   6   0   8 0.00  0.0    0  2.6 13  90   M    M   7        16 100
25  86  60  73   7   0   8 0.00  0.0    0  4.6 15  40   M    M   3        18  40
26  77  62  70   4   0   5 0.00  0.0    0  6.9 16 110   M    M   6        21  80
27  77  68  73   7   0   8    T  0.0    0  6.4 10 160   M    M   9        14 150
28  84  66  75  10   0  10    T  0.0    0  4.0 12 200   M    M   7 18     16 210
29  79  63  71   6   0   6 1.03  0.0    0  5.9 17 330   M    M   9 1      21  30
30  72  56  64   0   1   0 0.00  0.0    0 10.1 17  10   M    M   5        23 360
================================================================================
SM 2546 1958         6 314  3.11     0.0 192.8          M      144
================================================================================
AV 84.9 65.3                               6.4 FASTST   M    M   5    MAX(MPH)
                                 MISC ---->  # 22 310               # 29  320
================================================================================
NOTES:
# LAST OF SEVERAL OCCURRENCES

COLUMN 17 PEAK WIND IN M.P.H.

PRELIMINARY LOCAL CLIMATOLOGICAL DATA (WS FORM: F-6) , PAGE 2

                                          STATION:  ST. LOUIS
                                          MONTH:    SEPTEMBER
                                          YEAR:     2015
                                          LATITUDE:   38 45 N
                                          LONGITUDE:  90 23 W

[TEMPERATURE DATA]      [PRECIPITATION DATA]       SYMBOLS USED IN COLUMN 16

AVERAGE MONTHLY: 75.1   TOTAL FOR MONTH:   3.11    1 = FOG OR MIST
DPTR FM NORMAL:   4.7   DPTR FM NORMAL:   -0.02    2 = FOG REDUCING VISIBILITY
HIGHEST:    96 ON  6, 4 GRTST 24HR  1.46 ON  8- 9      TO 1/4 MILE OR LESS
LOWEST:     51 ON 13                               3 = THUNDER
                        SNOW, ICE PELLETS, HAIL    4 = ICE PELLETS
                        TOTAL MONTH:   0.0 INCH    5 = HAIL
                        GRTST 24HR     0.0         6 = FREEZING RAIN OR DRIZZLE
                        GRTST DEPTH:   0           7 = DUSTSTORM OR SANDSTORM:
                                                       VSBY 1/2 MILE OR LESS
                                                   8 = SMOKE OR HAZE
[NO. OF DAYS WITH]      [WEATHER - DAYS WITH]      9 = BLOWING SNOW
                                                   X = TORNADO
MAX 32 OR BELOW:   0    0.01 INCH OR MORE:   5
MAX 90 OR ABOVE:  10    0.10 INCH OR MORE:   5
MIN 32 OR BELOW:   0    0.50 INCH OR MORE:   2
MIN  0 OR BELOW:   0    1.00 INCH OR MORE:   2

[HDD (BASE 65) ]
TOTAL THIS MO.     6    CLEAR  (SCALE 0-3)   8
DPTR FM NORMAL   -34    PTCLDY (SCALE 4-7)  17
TOTAL FM JUL 1     6    CLOUDY (SCALE 8-10)  5
DPTR FM NORMAL   -35

[CDD (BASE 65) ]
TOTAL THIS MO.   314
DPTR FM NORMAL   112    [PRESSURE DATA]
TOTAL FM JAN 1  1821    HIGHEST SLP 30.21 ON 16
DPTR FM NORMAL   220    LOWEST  SLP 29.75 ON 18

[REMARKS]
#FINAL-09-15#
