000
CXUS53 KLSX 311600
CF6STL
PRELIMINARY LOCAL CLIMATOLOGICAL DATA (WS FORM: F-6)

                                          STATION:   ST. LOUIS
                                          MONTH:     DECEMBER
                                          YEAR:      2013
                                          LATITUDE:   38 45 N
                                          LONGITUDE:  90 23 W

  TEMPERATURE IN F:       :PCPN:    SNOW:  WIND      :SUNSHINE: SKY     :PK WND
================================================================================
1   2   3   4   5  6A  6B    7    8   9   10  11  12  13   14  15   16   17  18
                                     12Z  AVG MX 2MIN
DY MAX MIN AVG DEP HDD CDD  WTR  SNW DPTH SPD SPD DIR MIN PSBL S-S WX    SPD DR
================================================================================

 1  58  33  46   7  19   0 0.00  0.0    0  2.9  8 120   M    M   3 18      9 120
 2  59  39  49  10  16   0 0.00  0.0    0  5.2 10 170   M    M   6 18     14 180
 3  60  46  53  14  12   0 0.00  0.0    0  8.6 18 170   M    M   8 18     24 170
 4  69  40  55  17  10   0    T  0.0    0 10.5 22 290   M    M   8 128    28 290
 5  40  22  31  -7  34   0 0.11  0.5    0 12.1 23 280   M    M  10 146    29 310
 6  24  15  20 -17  45   0    T    T    1 11.0 16 350   M    M   8        20 350
 7  24  11  18 -19  47   0 0.00  0.0    T  7.8 14  90   M    M   5        17  80
 8  29  20  25 -12  40   0 0.05  0.9    1  8.3 14 260   M    M  10 168    18 270
 9  29  22  26 -10  39   0    T    T    1 10.3  M   M   M    M   9         M  M
10  38  15  27  -9  38   0 0.00  0.0    T  7.4 21 250   M    M   1        28 260
11  34  13  24 -12  41   0 0.00  0.0    T  9.1 21 330   M    M   2        26 320
12  40  11  26  -9  39   0 0.00  0.0    T  6.7 15 210   M    M   2        18 210
13  36  21  29  -6  36   0 0.36  0.4    0  6.2 15 150   M    M   7 1      18 170
14  35  27  31  -4  34   0 0.41  3.8    3 10.4 22 310   M    M  10 18     26 320
15  37  22  30  -4  35   0 0.00  0.0    4  7.5 21 280   M    M   6 18     25 280
16  34  24  29  -5  36   0 0.00  0.0    3  3.8 10 320   M    M   8 18     15 340
17  41  25  33  -1  32   0 0.00  0.0    3  7.7 16 290   M    M   6 18     22 310
18  52  23  38   4  27   0 0.00  0.0    2  7.0 15 160   M    M   4        20 170
19  61  40  51  17  14   0 0.00  0.0    1 10.2 22 210   M    M   9        26 210
20  71  37  54  21  11   0 0.03  0.0    0 10.1 25 290   M    M   9 18     31 290
21  37  33  35   2  30   0 0.90  0.0    0  7.5 16 350   M    M  10 16     22 350
22  36  27  32  -1  33   0 0.10    T    0 12.3 20 290   M    M   8 18     25 290
23  27  12  20 -13  45   0    T    T    0 12.2 20 310   M    M   7        26 310
24  24   7  16 -17  49   0 0.00  0.0    0  8.8 21 160   M    M   3        28 160
25  37  24  31  -2  34   0 0.00  0.0    0  9.5 16 290   M    M  10        24 290
26  52  25  39   7  26   0 0.00  0.0    0  7.4 15 190   M    M   1 18     21 220
27  56  28  42  10  23   0 0.00  0.0    0  5.6 14 230   M    M   1        18 220
28  61  36  49  17  16   0 0.00  0.0    0  9.2 18 200   M    M   4        25 210
29  45  17  31  -1  34   0 0.00  0.0    0 13.0 22 320   M    M   7        30 290
30  31  10  21 -11  44   0 0.00  0.0    0  5.0 13 320   M    M   5        17 320
================================================================================
SM 1277  725       939   0  1.96     5.6 253.3          M      187
================================================================================
AV 42.6 24.2                               8.4 FASTST   M    M   6    MAX(MPH)
                                 MISC ---->  # 25 290               # 31  290
================================================================================
NOTES:
# LAST OF SEVERAL OCCURRENCES

COLUMN 17 PEAK WIND IN M.P.H.

PRELIMINARY LOCAL CLIMATOLOGICAL DATA (WS FORM: F-6) , PAGE 2

                                          STATION:  ST. LOUIS
                                          MONTH:    DECEMBER
                                          YEAR:     2013
                                          LATITUDE:   38 45 N
                                          LONGITUDE:  90 23 W

[TEMPERATURE DATA]      [PRECIPITATION DATA]       SYMBOLS USED IN COLUMN 16

AVERAGE MONTHLY: 33.4   TOTAL FOR MONTH:   1.96    1 = FOG OR MIST
DPTR FM NORMAL:  -1.5   DPTR FM NORMAL:   -0.79    2 = FOG REDUCING VISIBILITY
HIGHEST:    71 ON 20    GRTST 24HR  0.93 ON 20-21      TO 1/4 MILE OR LESS
LOWEST:      7 ON 24                               3 = THUNDER
                        SNOW, ICE PELLETS, HAIL    4 = ICE PELLETS
                        TOTAL MONTH:   5.6 INCHES  5 = HAIL
                        GRTST 24HR   3.8 ON   M    6 = FREEZING RAIN OR DRIZZLE
                        GRTST DEPTH:   4 ON 15     7 = DUSTSTORM OR SANDSTORM:
                                                       VSBY 1/2 MILE OR LESS
                                                   8 = SMOKE OR HAZE
[NO. OF DAYS WITH]      [WEATHER - DAYS WITH]      9 = BLOWING SNOW
                                                   X = TORNADO
MAX 32 OR BELOW:   7    0.01 INCH OR MORE:   7
MAX 90 OR ABOVE:   0    0.10 INCH OR MORE:   5
MIN 32 OR BELOW:  22    0.50 INCH OR MORE:   1
MIN  0 OR BELOW:   0    1.00 INCH OR MORE:   0

[HDD (BASE 65) ]
TOTAL THIS MO.   939    CLEAR  (SCALE 0-3)   6
DPTR FM NORMAL    33    PTCLDY (SCALE 4-7)  14
TOTAL FM JUL 1  1809    CLOUDY (SCALE 8-10) 10
DPTR FM NORMAL    77

[CDD (BASE 65) ]
TOTAL THIS MO.     0
DPTR FM NORMAL     0    [PRESSURE DATA]
TOTAL FM JAN 1  1728    HIGHEST SLP M ON M
DPTR FM NORMAL    82    LOWEST  SLP 29.50 ON 30

[REMARKS]
