000
CXUS53 KLSX 011629
CF6STL
PRELIMINARY LOCAL CLIMATOLOGICAL DATA (WS FORM: F-6)
STATION: ST. LOUIS
MONTH: JULY
YEAR: 2022
LATITUDE: 38 45 N
LONGITUDE: 90 23 W
TEMPERATURE IN F: :PCPN: SNOW: WIND :SUNSHINE: SKY :PK WND
================================================================================
1 2 3 4 5 6A 6B 7 8 9 10 11 12 13 14 15 16 17 18
12Z AVG MX 2MIN
DY MAX MIN AVG DEP HDD CDD WTR SNW DPTH SPD SPD DIR MIN PSBL S-S WX SPD DR
================================================================================
1 98 77 88 8 0 23 T 0.0 0 8.1 24 350 M M 5 33 350
2 81 73 77 -3 0 12 0.30 0.0 0 6.1 12 120 M M 8 1 15 80
3 89 73 81 1 0 16 0.00 0.0 0 7.6 14 90 M M 7 20 80
4 97 76 87 7 0 22 0.00 0.0 0 9.5 17 170 M M 6 23 180
5 101 83 92 12 0 27 0.00 0.0 0 9.0 17 240 M M 2 22 240
6 93 80 87 7 0 22 0.09 0.0 0 6.9 23 320 M M 8 3 34 330
7 91 76 84 4 0 19 0.01 0.0 0 8.9 15 30 M M 9 3 22 20
8 96 78 87 7 0 22 0.22 0.0 0 6.3 17 340 M M 7 38 23 340
9 84 72 78 -2 0 13 0.56 0.0 0 8.4 17 40 M M 8 138 24 20
10 89 68 79 -1 0 14 0.00 0.0 0 4.8 10 160 M M 1 17 350
11 99 73 86 6 0 21 0.00 0.0 0 8.1 15 350 M M 3 23 360
12 89 72 81 1 0 16 0.06 0.0 0 6.8 15 360 M M 3 3 25 330
13 92 69 81 1 0 16 0.00 0.0 0 4.1 14 350 M M 2 18 350
14 97 73 85 5 0 20 0.00 0.0 0 6.4 14 270 M M 2 18 260
15 94 77 86 6 0 21 T 0.0 0 8.8 18 190 M M 5 27 190
16 103 82 93 13 0 28 T 0.0 0 11.7 22 230 M M 6 28 230
17 82 73 78 -2 0 13 0.74 0.0 0 4.6 13 350 M M 9 1 16 350
18 91 71 81 0 0 16 0.00 0.0 0 5.0 10 60 M M 3 1 15 350
19 94 74 84 3 0 19 0.00 0.0 0 8.9 16 170 M M 2 21 180
20 100 77 89 8 0 24 0.00 0.0 0 8.5 18 320 M M 2 26 310
21 98 72 85 4 0 20 0.00 0.0 0 5.2 13 260 M M 1 17 240
22 101 74 88 7 0 23 0.00 0.0 0 5.8 15 140 M M 2 20 150
23 105 84 95 15 0 30 0.00 0.0 0 13.0 22 150 M M 3 30 160
24 103 79 91 11 0 26 0.00 0.0 0 12.4 22 240 M M 6 30 240
25 81 63 72 -8 0 7 0.43 0.0 0 6.2 17 40 M M 9 3 22 70
26 80 60 70 -10 0 5 8.64 0.0 0 7.1 30 290 M M 9 13 47 290
27 84 72 78 -2 0 13 0.90 0.0 0 7.6 23 350 M M 8 13 33 350
28 90 73 82 2 0 17 0.27 0.0 0 4.3 13 90 M M 7 138 19 330
29 84 67 76 -4 0 11 0.00 0.0 0 5.4 14 310 M M 7 19 310
30 84 67 76 -4 0 11 0.00 0.0 0 5.3 13 70 M M 8 16 120
31 87 71 79 -1 0 14 0.00 0.0 0 7.6 10 180 M M 7 20 220
================================================================================
SM 2857 2279 0 561 12.22 0.0 228.4 M 165
================================================================================
AV 92.2 73.5 7.4 FASTST M M 5 MAX(MPH)
MISC ----> 30 290 47 290
================================================================================
NOTES:
# LAST OF SEVERAL OCCURRENCES
COLUMN 17 PEAK WIND IN M.P.H.
PRELIMINARY LOCAL CLIMATOLOGICAL DATA (WS FORM: F-6) , PAGE 2
STATION: ST. LOUIS
MONTH: JULY
YEAR: 2022
LATITUDE: 38 45 N
LONGITUDE: 90 23 W
[TEMPERATURE DATA] [PRECIPITATION DATA] SYMBOLS USED IN COLUMN 16
AVERAGE MONTHLY: 82.8 TOTAL FOR MONTH: 12.22 1 = FOG OR MIST
DPTR FM NORMAL: 2.4 DPTR FM NORMAL: 8.29 2 = FOG REDUCING VISIBILITY
HIGHEST: 105 ON 23 GRTST 24HR 9.07 ON 25-26 TO 1/4 MILE OR LESS
LOWEST: 60 ON 26 3 = THUNDER
SNOW, ICE PELLETS, HAIL 4 = ICE PELLETS
TOTAL MONTH: 0.0 INCH 5 = HAIL
GRTST 24HR 0.0 6 = FREEZING RAIN OR DRIZZLE
GRTST DEPTH: 0 7 = DUSTSTORM OR SANDSTORM:
VSBY 1/2 MILE OR LESS
8 = SMOKE OR HAZE
[NO. OF DAYS WITH] [WEATHER - DAYS WITH] 9 = BLOWING SNOW
X = TORNADO
MAX 32 OR BELOW: 0 0.01 INCH OR MORE: 11
MAX 90 OR ABOVE: 19 0.10 INCH OR MORE: 8
MIN 32 OR BELOW: 0 0.50 INCH OR MORE: 4
MIN 0 OR BELOW: 0 1.00 INCH OR MORE: 1
[HDD (BASE 65) ]
TOTAL THIS MO. 0 CLEAR (SCALE 0-3) 11
DPTR FM NORMAL 0 PTCLDY (SCALE 4-7) 14
TOTAL FM JUL 1 0 CLOUDY (SCALE 8-10) 6
DPTR FM NORMAL 0
[CDD (BASE 65) ]
TOTAL THIS MO. 561
DPTR FM NORMAL 85 [PRESSURE DATA]
TOTAL FM JAN 1 1229 HIGHEST SLP M ON M
DPTR FM NORMAL 207 LOWEST SLP 29.68 ON 20
[REMARKS]
#FINAL-07-22#