000
CXUS53 KLSX 011548
CF6STL
PRELIMINARY LOCAL CLIMATOLOGICAL DATA (WS FORM: F-6)
STATION: ST. LOUIS
MONTH: APRIL
YEAR: 2022
LATITUDE: 38 45 N
LONGITUDE: 90 23 W
TEMPERATURE IN F: :PCPN: SNOW: WIND :SUNSHINE: SKY :PK WND
================================================================================
1 2 3 4 5 6A 6B 7 8 9 10 11 12 13 14 15 16 17 18
12Z AVG MX 2MIN
DY MAX MIN AVG DEP HDD CDD WTR SNW DPTH SPD SPD DIR MIN PSBL S-S WX SPD DR
================================================================================
1 52 32 42 -10 23 0 0.00 0.0 0 6.8 15 290 M M 4 20 290
2 67 39 53 0 12 0 T 0.0 0 11.0 29 280 M M 7 42 310
3 68 39 54 1 11 0 T 0.0 0 6.9 18 150 M M 5 27 150
4 67 51 59 6 6 0 0.03 0.0 0 10.1 21 200 M M 8 28 200
5 72 48 60 6 5 0 0.46 0.0 0 11.7 21 330 M M 9 1 30 310
6 65 46 56 2 9 0 0.19 0.0 0 15.0 31 270 M M 7 1 43 280
7 52 39 46 -8 19 0 0.01 0.0 0 17.3 29 280 M M 7 1 39 270
8 42 35 39 -16 26 0 0.07 0.1 0 14.7 22 290 M M 10 1 32 290
9 59 34 47 -8 18 0 0.00 0.0 0 8.0 20 310 M M 3 29 290
10 78 41 60 4 5 0 T 0.0 0 15.8 30 150 M M 7 46 190
11 70 52 61 5 4 0 0.16 0.0 0 3.8 17 350 M M 9 3 29 310
12 78 48 63 7 2 0 T 0.0 0 13.8 30 170 M M 7 1 39 180
13 72 39 56 -1 9 0 0.78 0.0 0 14.4 29 310 M M 9 13 42 250
14 64 37 51 -6 14 0 0.00 0.0 0 12.0 28 240 M M 0 39 270
15 69 48 59 2 6 0 T 0.0 0 10.5 26 220 M M 6 35 220
16 59 41 50 -8 15 0 0.00 0.0 0 10.3 18 340 M M 5 26 340
17 53 40 47 -11 18 0 0.33 0.0 0 11.1 18 90 M M 10 138 25 80
18 55 38 47 -11 18 0 0.00 0.0 0 14.0 29 310 M M 6 42 310
19 58 33 46 -13 19 0 T 0.0 0 6.8 20 150 M M 5 29 130
20 66 47 57 -2 8 0 0.24 0.0 0 14.8 31 180 M M 10 1 49 190
21 75 54 65 5 0 0 0.01 0.0 0 9.1 21 130 M M 9 13 27 130
22 86 64 75 15 0 10 0.00 0.0 0 14.3 25 180 M M 6 36 170
23 87 70 79 19 0 14 0.00 0.0 0 19.2 32 190 M M 6 46 180
24 79 58 69 9 0 4 0.89 0.0 0 13.1 26 220 M M 10 123 35 210
25 60 45 53 -8 12 0 0.04 0.0 0 10.1 22 320 M M 8 27 320
26 62 39 51 -10 14 0 0.00 0.0 0 5.6 17 340 M M 1 8 24 310
27 77 43 60 -2 5 0 0.00 0.0 0 9.2 16 150 M M 4 23 220
28 72 56 64 2 1 0 0.04 0.0 0 8.0 16 340 M M 9 22 250
29 70 58 64 2 1 0 0.06 0.0 0 11.1 25 70 M M 8 3 36 80
30 81 60 71 9 0 6 0.09 0.0 0 14.8 28 150 M M 8 3 38 180
================================================================================
SM 2015 1374 280 34 3.40 0.1 343.3 M 203
================================================================================
AV 67.2 45.8 11.4 FASTST M M 7 MAX(MPH)
MISC ----> 32 190 49 190
================================================================================
NOTES:
# LAST OF SEVERAL OCCURRENCES
COLUMN 17 PEAK WIND IN M.P.H.
PRELIMINARY LOCAL CLIMATOLOGICAL DATA (WS FORM: F-6) , PAGE 2
STATION: ST. LOUIS
MONTH: APRIL
YEAR: 2022
LATITUDE: 38 45 N
LONGITUDE: 90 23 W
[TEMPERATURE DATA] [PRECIPITATION DATA] SYMBOLS USED IN COLUMN 16
AVERAGE MONTHLY: 56.8 TOTAL FOR MONTH: 3.40 1 = FOG OR MIST
DPTR FM NORMAL: -0.7 DPTR FM NORMAL: -1.33 2 = FOG REDUCING VISIBILITY
HIGHEST: 87 ON 23 GRTST 24HR 0.93 ON 24-25 TO 1/4 MILE OR LESS
LOWEST: 32 ON 1 3 = THUNDER
SNOW, ICE PELLETS, HAIL 4 = ICE PELLETS
TOTAL MONTH: 0.1 INCH 5 = HAIL
GRTST 24HR 0.1 ON 8- 8 6 = FREEZING RAIN OR DRIZZLE
GRTST DEPTH: 0 7 = DUSTSTORM OR SANDSTORM:
VSBY 1/2 MILE OR LESS
8 = SMOKE OR HAZE
[NO. OF DAYS WITH] [WEATHER - DAYS WITH] 9 = BLOWING SNOW
X = TORNADO
MAX 32 OR BELOW: 0 0.01 INCH OR MORE: 15
MAX 90 OR ABOVE: 0 0.10 INCH OR MORE: 7
MIN 32 OR BELOW: 1 0.50 INCH OR MORE: 2
MIN 0 OR BELOW: 0 1.00 INCH OR MORE: 0
[HDD (BASE 65) ]
TOTAL THIS MO. 280 CLEAR (SCALE 0-3) 3
DPTR FM NORMAL 18 PTCLDY (SCALE 4-7) 14
TOTAL FM JUL 1 3941 CLOUDY (SCALE 8-10) 13
DPTR FM NORMAL -417
[CDD (BASE 65) ]
TOTAL THIS MO. 34
DPTR FM NORMAL -3 [PRESSURE DATA]
TOTAL FM JAN 1 36 HIGHEST SLP 30.43 ON 26
DPTR FM NORMAL -9 LOWEST SLP 29.48 ON 5
[REMARKS]
#FINAL-04-22#