000
CXUS53 KLSX 012356 CCB
CF6STL
PRELIMINARY LOCAL CLIMATOLOGICAL DATA (WS FORM: F-6)
STATION: ST. LOUIS
MONTH: JUNE
YEAR: 2020
LATITUDE: 38 45 N
LONGITUDE: 90 23 W
TEMPERATURE IN F: :PCPN: SNOW: WIND :SUNSHINE: SKY :PK WND
================================================================================
1 2 3 4 5 6A 6B 7 8 9 10 11 12 13 14 15 16 17 18
12Z AVG MX 2MIN
DY MAX MIN AVG DEP HDD CDD WTR SNW DPTH SPD SPD DIR MIN PSBL S-S WX SPD DR
================================================================================
1 84 63 74 2 0 9 0.00 0.0 0 9.2 18 180 M M 5 25 170
2 90 70 80 8 0 15 0.00 0.0 0 10.7 17 230 M M 5 23 210
3 93 71 82 10 0 17 0.08 0.0 0 9.2 21 240 M M 6 3 29 290
4 86 70 78 5 0 13 0.10 0.0 0 4.8 23 220 M M 7 3 31 220
5 89 69 79 6 0 14 T 0.0 0 4.6 17 260 M M 6 21 260
6 95 72 84 11 0 19 0.00 0.0 0 3.1 10 90 M M 6 1 17 130
7 93 72 83 9 0 18 0.00 0.0 0 9.5 15 90 M M 2 21 90
8 91 69 80 6 0 15 T 0.0 0 12.4 24 100 M M 6 33 100
9 92 75 84 10 0 19 0.15 0.0 0 18.4 29 220 M M 7 1 39 230
10 83 64 74 -1 0 9 T 0.0 0 16.4 29 290 M M 5 43 260
11 86 59 73 -2 0 8 0.00 0.0 0 6.8 17 280 M M 0 24 340
12 93 68 81 6 0 16 0.00 0.0 0 5.1 14 260 M M 3 3 20 260
13 89 67 78 2 0 13 0.00 0.0 0 6.2 14 40 M M 4 19 360
14 83 66 75 -1 0 10 0.00 0.0 0 10.1 17 90 M M 3 28 110
15 84 63 74 -2 0 9 0.00 0.0 0 7.4 15 110 M M 3 19 100
16 85 59 72 -4 0 7 0.00 0.0 0 4.8 15 140 M M 2 23 140
17 87 66 77 0 0 12 0.00 0.0 0 5.9 13 120 M M 2 18 100
18 90 67 79 2 0 14 0.00 0.0 0 3.9 16 210 M M 3 21 210
19 93 71 82 5 0 17 0.00 0.0 0 5.2 15 220 M M 7 20 210
20 93 74 84 7 0 19 0.02 0.0 0 7.3 31 260 M M 8 3 40 250
21 90 69 80 2 0 15 0.78 0.0 0 7.3 15 130 M M 7 13 21 310
22 87 68 78 0 0 13 0.38 0.0 0 7.0 18 160 M M 6 13 26 150
23 84 66 75 -3 0 10 0.00 0.0 0 8.7 16 310 M M 5 24 310
24 85 63 74 -4 0 9 0.00 0.0 0 5.1 15 340 M M 2 20 320
25 91 66 79 0 0 14 0.00 0.0 0 4.4 13 220 M M 2 16 220
26 95 76 86 7 0 21 0.00 0.0 0 12.6 21 230 M M 3 26 190
27 85 75 80 1 0 15 0.02 0.0 0 10.9 18 240 M M 8 8 24 240
28 93 73 83 4 0 18 0.14 0.0 0 7.6 17 260 M M 8 13 26 340
29 90 79 85 6 0 20 T 0.0 0 10.7 20 190 M M 8 3 28 190
30 79 70 75 -4 0 10 1.04 0.0 0 8.4 23 360 M M 10 138 31 360
================================================================================
SM 2658 2060 0 418 2.71 0.0 243.7 M 149
================================================================================
AV 88.6 68.7 8.1 FASTST M M 5 MAX(MPH)
MISC ----> 31 260 43 260
================================================================================
NOTES:
# LAST OF SEVERAL OCCURRENCES
COLUMN 17 PEAK WIND IN M.P.H.
PRELIMINARY LOCAL CLIMATOLOGICAL DATA (WS FORM: F-6) , PAGE 2
STATION: ST. LOUIS
MONTH: JUNE
YEAR: 2020
LATITUDE: 38 45 N
LONGITUDE: 90 23 W
[TEMPERATURE DATA] [PRECIPITATION DATA] SYMBOLS USED IN COLUMN 16
AVERAGE MONTHLY: 78.6 TOTAL FOR MONTH: 2.71 1 = FOG OR MIST
DPTR FM NORMAL: 2.7 DPTR FM NORMAL: -1.57 2 = FOG REDUCING VISIBILITY
HIGHEST: 95 ON 26, 6 GRTST 24HR 1.04 ON 30 TO 1/4 MILE OR LESS
LOWEST: 59 ON 16,11 3 = THUNDER
SNOW, ICE PELLETS, HAIL 4 = ICE PELLETS
TOTAL MONTH: 0.0 INCH 5 = HAIL
GRTST 24HR 0.0 6 = FREEZING RAIN OR DRIZZLE
GRTST DEPTH: 0 7 = DUSTSTORM OR SANDSTORM:
VSBY 1/2 MILE OR LESS
8 = SMOKE OR HAZE
[NO. OF DAYS WITH] [WEATHER - DAYS WITH] 9 = BLOWING SNOW
X = TORNADO
MAX 32 OR BELOW: 0 0.01 INCH OR MORE: 9
MAX 90 OR ABOVE: 15 0.10 INCH OR MORE: 6
MIN 32 OR BELOW: 0 0.50 INCH OR MORE: 2
MIN 0 OR BELOW: 0 1.00 INCH OR MORE: 1
[HDD (BASE 65) ]
TOTAL THIS MO. 0 CLEAR (SCALE 0-3) 11
DPTR FM NORMAL -5 PTCLDY (SCALE 4-7) 14
TOTAL FM JUL 1 4327 CLOUDY (SCALE 8-10) 5
DPTR FM NORMAL -208
[CDD (BASE 65) ]
TOTAL THIS MO. 418
DPTR FM NORMAL 84 [PRESSURE DATA]
TOTAL FM JAN 1 565 HIGHEST SLP 30.30 ON 15
DPTR FM NORMAL 57 LOWEST SLP 29.37 ON 9
[REMARKS]
#FINAL-06-20#