000
CXUS53 KLSX 011400
CF6STL
PRELIMINARY LOCAL CLIMATOLOGICAL DATA (WS FORM: F-6)
STATION: ST. LOUIS
MONTH: APRIL
YEAR: 2020
LATITUDE: 38 45 N
LONGITUDE: 90 23 W
TEMPERATURE IN F: :PCPN: SNOW: WIND :SUNSHINE: SKY :PK WND
================================================================================
1 2 3 4 5 6A 6B 7 8 9 10 11 12 13 14 15 16 17 18
12Z AVG MX 2MIN
DY MAX MIN AVG DEP HDD CDD WTR SNW DPTH SPD SPD DIR MIN PSBL S-S WX SPD DR
================================================================================
1 61 37 49 -3 16 0 0.00 0.0 0 5.6 12 140 M M 3 15 100
2 70 48 59 6 6 0 0.01 0.0 0 12.6 22 130 M M 8 30 150
3 74 41 58 5 7 0 T 0.0 0 9.4 21 320 M M 9 1 29 310
4 44 37 41 -12 24 0 0.09 0.0 0 7.7 15 310 M M 10 1 21 310
5 56 43 50 -4 15 0 0.00 0.0 0 4.3 9 40 M M 10 14 200
6 76 46 61 7 4 0 0.00 0.0 0 5.9 14 180 M M 8 18 20 210
7 87 64 76 22 0 11 0.00 0.0 0 9.4 18 200 M M 6 24 220
8 90 54 72 17 0 7 0.00 0.0 0 9.3 37 350 M M 3 3 52 350
9 61 40 51 -4 14 0 0.00 0.0 0 15.9 30 310 M M 3 43 270
10 58 34 46 -9 19 0 0.00 0.0 0 7.0 21 330 M M 2 32 320
11 62 50 56 0 9 0 0.00 0.0 0 M 21 170 M M 8 26 180
12 62 40 51 -5 14 0 0.53 0.0 0 10.8 29 310 M M 9 138 42 310
13 47 36 42 -15 23 0 0.01 0.0 0 15.3 29 310 M M 8 1 46 310
14 52 35 44 -13 21 0 0.00 0.0 0 7.7 22 310 M M 6 31 280
15 50 36 43 -14 22 0 0.00 0.0 0 10.2 22 330 M M 3 29 270
16 58 34 46 -12 19 0 T T 0 11.6 25 80 M M 7 33 70
17 49 35 42 -16 23 0 0.24 0.0 0 10.4 18 310 M M 9 1 26 310
18 63 31 47 -11 18 0 0.00 0.0 0 8.1 16 200 M M 2 22 150
19 71 51 61 2 4 0 0.00 0.0 0 7.2 15 20 M M 7 17 10
20 71 45 58 -1 7 0 T 0.0 0 6.8 20 250 M M 3 25 250
21 66 48 57 -2 8 0 0.00 0.0 0 8.6 20 320 M M 0 27 320
22 75 46 61 1 4 0 0.07 0.0 0 10.7 24 220 M M 7 1 32 220
23 64 52 58 -2 7 0 0.60 0.0 0 6.8 14 60 M M 8 1 19 50
24 75 47 61 1 4 0 0.69 0.0 0 6.8 29 280 M M 6 138 39 270
25 58 49 54 -7 11 0 0.91 0.0 0 14.4 26 330 M M 10 1 37 340
26 67 42 55 -6 10 0 0.00 0.0 0 6.7 17 10 M M 3 23 320
27 74 49 62 1 3 0 T 0.0 0 10.6 24 210 M M 7 35 220
28 83 58 71 9 0 6 1.55 0.0 0 8.6 22 340 M M 6 13 30 340
29 63 50 57 -5 8 0 0.32 0.0 0 13.4 24 290 M M 9 18 34 290
30 69 48 59 -3 6 0 0.00 0.0 0 11.5 26 320 M M 1 36 340
================================================================================
SM 1956 1326 326 24 5.02 T 273.3 M 181
================================================================================
AV 65.2 44.2 9.4 FASTST M M 6 MAX(MPH)
MISC ----> 37 350 52 350
================================================================================
NOTES:
# LAST OF SEVERAL OCCURRENCES
COLUMN 17 PEAK WIND IN M.P.H.
PRELIMINARY LOCAL CLIMATOLOGICAL DATA (WS FORM: F-6) , PAGE 2
STATION: ST. LOUIS
MONTH: APRIL
YEAR: 2020
LATITUDE: 38 45 N
LONGITUDE: 90 23 W
[TEMPERATURE DATA] [PRECIPITATION DATA] SYMBOLS USED IN COLUMN 16
AVERAGE MONTHLY: 54.7 TOTAL FOR MONTH: 5.02 1 = FOG OR MIST
DPTR FM NORMAL: -2.6 DPTR FM NORMAL: 1.33 2 = FOG REDUCING VISIBILITY
HIGHEST: 90 ON 8 GRTST 24HR 1.87 ON 28-29 TO 1/4 MILE OR LESS
LOWEST: 31 ON 18 3 = THUNDER
SNOW, ICE PELLETS, HAIL 4 = ICE PELLETS
TOTAL MONTH: T 5 = HAIL
GRTST 24HR T ON 16-16 6 = FREEZING RAIN OR DRIZZLE
GRTST DEPTH: 0 7 = DUSTSTORM OR SANDSTORM:
VSBY 1/2 MILE OR LESS
8 = SMOKE OR HAZE
[NO. OF DAYS WITH] [WEATHER - DAYS WITH] 9 = BLOWING SNOW
X = TORNADO
MAX 32 OR BELOW: 0 0.01 INCH OR MORE: 11
MAX 90 OR ABOVE: 1 0.10 INCH OR MORE: 7
MIN 32 OR BELOW: 1 0.50 INCH OR MORE: 5
MIN 0 OR BELOW: 0 1.00 INCH OR MORE: 1
[HDD (BASE 65) ]
TOTAL THIS MO. 326 CLEAR (SCALE 0-3) 9
DPTR FM NORMAL 56 PTCLDY (SCALE 4-7) 14
TOTAL FM JUL 1 4211 CLOUDY (SCALE 8-10) 7
DPTR FM NORMAL -245
[CDD (BASE 65) ]
TOTAL THIS MO. 24
DPTR FM NORMAL -15 [PRESSURE DATA]
TOTAL FM JAN 1 31 HIGHEST SLP 30.38 ON 16
DPTR FM NORMAL -15 LOWEST SLP 29.45 ON 12
[REMARKS]
#FINAL-04-20#