000
CXUS53 KLSX 011633 CCA
CF6STL
PRELIMINARY LOCAL CLIMATOLOGICAL DATA (WS FORM: F-6)
STATION: ST. LOUIS
MONTH: AUGUST
YEAR: 2023
LATITUDE: 38 45 N
LONGITUDE: 90 23 W
TEMPERATURE IN F: :PCPN: SNOW: WIND :SUNSHINE: SKY :PK WND
================================================================================
1 2 3 4 5 6A 6B 7 8 9 10 11 12 13 14 15 16 17 18
12Z AVG MX 2MIN
DY MAX MIN AVG DEP HDD CDD WTR SNW DPTH SPD SPD DIR MIN PSBL S-S WX SPD DR
================================================================================
1 86 72 79 -1 0 14 0.01 0.0 0 9.5 16 120 M M 8 22 150
2 83 71 77 -3 0 12 0.81 0.0 0 8.4 15 130 M M 10 13 20 180
3 84 73 79 -1 0 14 0.09 0.0 0 4.8 10 110 M M 10 1 14 70
4 89 77 83 3 0 18 0.12 0.0 0 7.3 20 120 M M 9 13 24 120
5 88 72 80 0 0 15 0.95 0.0 0 10.3 22 320 M M 7 13 32 310
6 92 70 81 1 0 16 0.09 0.0 0 6.3 23 300 M M 6 3 34 310
7 83 71 77 -3 0 12 0.02 0.0 0 10.7 24 320 M M 8 1 29 310
8 88 69 79 -1 0 14 0.00 0.0 0 5.0 15 260 M M 5 8 19 250
9 80 70 75 -5 0 10 0.02 0.0 0 4.6 16 220 M M 8 1 25 210
10 88 69 79 -1 0 14 0.00 0.0 0 4.5 10 170 M M 6 1 17 240
11 95 73 84 4 0 19 0.00 0.0 0 7.3 15 210 M M 4 20 240
12 91 71 81 1 0 16 0.34 0.0 0 8.4 24 310 M M 7 3 38 320
13 84 71 78 -2 0 13 0.25 0.0 0 5.4 13 110 M M 8 18 17 120
14 84 69 77 -2 0 12 0.35 0.0 0 11.5 24 280 M M 7 13 35 290
15 78 65 72 -7 0 7 T 0.0 0 8.4 15 320 M M 7 20 340
16 84 62 73 -6 0 8 0.00 0.0 0 3.9 13 240 M M 1 16 250
17 87 66 77 -2 0 12 0.03 0.0 0 10.1 22 260 M M 3 3 29 270
18 84 61 73 -6 0 8 0.00 0.0 0 4.9 13 140 M M 2 16 150
19 90 68 79 0 0 14 0.00 0.0 0 9.8 17 150 M M 3 22 160
20 100 75 88 10 0 23 0.00 0.0 0 6.0 12 60 M M 5 15 40
21 95 81 88 10 0 23 0.00 0.0 0 6.2 14 70 M M 7 18 17 30
22 100 81 91 13 0 26 0.00 0.0 0 5.7 12 100 M M 6 18 15 110
23 99 82 91 13 0 26 0.00 0.0 0 6.9 13 240 M M 7 17 260
24 101 82 92 14 0 27 0.00 0.0 0 9.6 14 250 M M 2 22 240
25 104 83 94 16 0 29 0.00 0.0 0 7.4 14 350 M M 2 19 310
26 86 73 80 3 0 15 0.52 0.0 0 7.9 28 360 M M 8 13 46 320
27 76 68 72 -5 0 7 0.00 0.0 0 8.7 15 350 M M 9 20 10
28 83 67 75 -2 0 10 0.00 0.0 0 5.6 14 10 M M 3 18 10
29 87 64 76 -1 0 11 0.00 0.0 0 3.9 15 330 M M 4 20 320
30 82 65 74 -2 0 9 0.00 0.0 0 8.8 16 30 M M 2 23 20
31 80 58 69 -7 0 4 0.00 0.0 0 6.1 13 80 M M 1 22 80
================================================================================
SM 2731 2199 0 458 3.60 0.0 223.9 M 175
================================================================================
AV 88.1 70.9 7.2 FASTST M M 6 MAX(MPH)
MISC ----> 28 360 46 320
================================================================================
NOTES:
# LAST OF SEVERAL OCCURRENCES
COLUMN 17 PEAK WIND IN M.P.H.
PRELIMINARY LOCAL CLIMATOLOGICAL DATA (WS FORM: F-6) , PAGE 2
STATION: ST. LOUIS
MONTH: AUGUST
YEAR: 2023
LATITUDE: 38 45 N
LONGITUDE: 90 23 W
[TEMPERATURE DATA] [PRECIPITATION DATA] SYMBOLS USED IN COLUMN 16
AVERAGE MONTHLY: 79.5 TOTAL FOR MONTH: 3.60 1 = FOG OR MIST
DPTR FM NORMAL: 0.7 DPTR FM NORMAL: 0.22 2 = FOG REDUCING VISIBILITY
HIGHEST: 104 ON 25 GRTST 24HR 0.99 ON 4- 5 TO 1/4 MILE OR LESS
LOWEST: 58 ON 31 3 = THUNDER
SNOW, ICE PELLETS, HAIL 4 = ICE PELLETS
TOTAL MONTH: 0.0 INCH 5 = HAIL
GRTST 24HR 0.0 6 = FREEZING RAIN OR DRIZZLE
GRTST DEPTH: 0 7 = DUSTSTORM OR SANDSTORM:
VSBY 1/2 MILE OR LESS
8 = SMOKE OR HAZE
[NO. OF DAYS WITH] [WEATHER - DAYS WITH] 9 = BLOWING SNOW
X = TORNADO
MAX 32 OR BELOW: 0 0.01 INCH OR MORE: 13
MAX 90 OR ABOVE: 10 0.10 INCH OR MORE: 7
MIN 32 OR BELOW: 0 0.50 INCH OR MORE: 3
MIN 0 OR BELOW: 0 1.00 INCH OR MORE: 0
[HDD (BASE 65) ]
TOTAL THIS MO. 0 CLEAR (SCALE 0-3) 9
DPTR FM NORMAL -1 PTCLDY (SCALE 4-7) 13
TOTAL FM JUL 1 0 CLOUDY (SCALE 8-10) 9
DPTR FM NORMAL 0
[CDD (BASE 65) ]
TOTAL THIS MO. 458
DPTR FM NORMAL 30 [PRESSURE DATA]
TOTAL FM JAN 1 1570 HIGHEST SLP 30.17 ON 1
DPTR FM NORMAL 120 LOWEST SLP 29.71 ON 6
[REMARKS]
#FINAL-08-23#