000
CXUS53 KLSX 261600
CF6STL
PRELIMINARY LOCAL CLIMATOLOGICAL DATA (WS FORM: F-6)

                                          STATION:   ST. LOUIS
                                          MONTH:     MAY
                                          YEAR:      2016
                                          LATITUDE:   38 45 N
                                          LONGITUDE:  90 23 W

  TEMPERATURE IN F:       :PCPN:    SNOW:  WIND      :SUNSHINE: SKY     :PK WND
================================================================================
1   2   3   4   5  6A  6B    7    8   9   10  11  12  13   14  15   16   17  18
                                     12Z  AVG MX 2MIN
DY MAX MIN AVG DEP HDD CDD  WTR  SNW DPTH SPD SPD DIR MIN PSBL S-S WX    SPD DR
================================================================================

 1  73  54  64   2   1   0 0.00  0.0    0  7.2 21 310   M    M   6 1      28 300
 2  58  52  55  -8  10   0    T  0.0    0  5.9 14 330   M    M   9        21 320
 3  66  52  59  -4   6   0 0.00  0.0    0  7.3 14 220   M    M   7 18     20 220
 4  70  51  61  -2   4   0    T  0.0    0 12.8 25 320   M    M   4 8      35 310
 5  68  47  58  -6   7   0 0.00  0.0    0  8.4 18 340   M    M   1        28 360
 6  81  48  65   1   0   0 0.00  0.0    0  6.2 14 250   M    M   1        20 240
 7  88  62  75  11   0  10 0.05  0.0    0  9.4 38 320   M    M   4 378    51 320
 8  77  61  69   5   0   4    T  0.0    0  9.2 18 110   M    M   9 138    26  50
 9  73  63  68   3   0   3 0.29  0.0    0 10.2 26 170   M    M  10 138    35 170
10  81  61  71   6   0   6 0.14  0.0    0  6.1 15 190   M    M   6        21 180
11  82  60  71   6   0   6 1.59  0.0    0  6.6 45 250   M    M   8 12358  53 240
12  74  56  65  -1   0   0 0.04  0.0    0  8.7 23 290   M    M   6 138    32 280
13  79  50  65  -1   0   0 0.12  0.0    0  9.0 26 320   M    M   4 13     36 320
14  61  45  53 -13  12   0    T  0.0    0 12.9 30 330   M    M   5        38 330
15  66  45  56 -10   9   0 0.00  0.0    0  6.5 20 340   M    M   4        24 340
16  59  50  55 -12  10   0 0.37  0.0    0  9.1 18 190   M    M  10 1      22 180
17  54  49  52 -15  13   0 0.51  0.0    0  9.0 16  40   M    M   9 1      22  40
18  69  49  59  -8   6   0 0.00  0.0    0  5.5 16  10   M    M   4 18     20  20
19  72  48  60  -8   5   0 0.00  0.0    0  4.4 14 100   M    M   6        16 120
20  73  58  66  -2   0   1 0.01  0.0    0  5.5 17  80   M    M   9        21  80
21  78  52  65  -3   0   0 0.00  0.0    0  6.4 16 360   M    M   4        22  40
22  84  55  70   2   0   5 0.00  0.0    0  4.0 10  40   M    M   1        15 330
23  85  57  71   2   0   6 0.00  0.0    0  5.8 17 150   M    M   6        23 140
24  87  68  78   9   0  13    T  0.0    0  7.6 20 220   M    M   8        24 190
25  84  65  75   6   0  10 0.01  0.0    0  9.8 20 160   M    M   7        25 180
================================================================================
SM 1842 1358        83  64  3.13     0.0 193.5          M      148
================================================================================
AV 73.7 54.3                               7.7 FASTST   M    M   6    MAX(MPH)
                                 MISC ---->  # 45 250               # 53  240
================================================================================
NOTES:
# LAST OF SEVERAL OCCURRENCES

COLUMN 17 PEAK WIND IN M.P.H.

PRELIMINARY LOCAL CLIMATOLOGICAL DATA (WS FORM: F-6) , PAGE 2

                                          STATION:  ST. LOUIS
                                          MONTH:    MAY
                                          YEAR:     2016
                                          LATITUDE:   38 45 N
                                          LONGITUDE:  90 23 W

[TEMPERATURE DATA]      [PRECIPITATION DATA]       SYMBOLS USED IN COLUMN 16

AVERAGE MONTHLY: 64.0   TOTAL FOR MONTH:   3.13    1 = FOG OR MIST
DPTR FM NORMAL:  -1.8   DPTR FM NORMAL:   -0.61    2 = FOG REDUCING VISIBILITY
HIGHEST:    88 ON  7    GRTST 24HR  1.63 ON 11-12      TO 1/4 MILE OR LESS
LOWEST:     45 ON 15,14                            3 = THUNDER
                        SNOW, ICE PELLETS, HAIL    4 = ICE PELLETS
                        TOTAL MONTH:   0.0 INCH    5 = HAIL
                        GRTST 24HR     0.0         6 = FREEZING RAIN OR DRIZZLE
                        GRTST DEPTH:   0           7 = DUSTSTORM OR SANDSTORM:
                                                       VSBY 1/2 MILE OR LESS
                                                   8 = SMOKE OR HAZE
[NO. OF DAYS WITH]      [WEATHER - DAYS WITH]      9 = BLOWING SNOW
                                                   X = TORNADO
MAX 32 OR BELOW:   0    0.01 INCH OR MORE:  10
MAX 90 OR ABOVE:   0    0.10 INCH OR MORE:   6
MIN 32 OR BELOW:   0    0.50 INCH OR MORE:   2
MIN  0 OR BELOW:   0    1.00 INCH OR MORE:   1

[HDD (BASE 65) ]
TOTAL THIS MO.    83    CLEAR  (SCALE 0-3)   3
DPTR FM NORMAL    14    PTCLDY (SCALE 4-7)  14
TOTAL FM JUL 1  3484    CLOUDY (SCALE 8-10)  8
DPTR FM NORMAL -1041

[CDD (BASE 65) ]
TOTAL THIS MO.    64
DPTR FM NORMAL   -26    [PRESSURE DATA]
TOTAL FM JAN 1   124    HIGHEST SLP M ON M
DPTR FM NORMAL   -12    LOWEST  SLP 29.69 ON M

[REMARKS]
