000
CXUS53 KLSX 011644
CF6STL

PRELIMINARY LOCAL CLIMATOLOGICAL DATA (WS FORM: F-6)

                                          STATION:   ST. LOUIS
                                          MONTH:     JUNE
                                          YEAR:      2013
                                          LATITUDE:   38 45 N
                                          LONGITUDE:  90 23 W

  TEMPERATURE IN F:       :PCPN:    SNOW:  WIND      :SUNSHINE: SKY     :PK WND
================================================================================
1   2   3   4   5  6A  6B    7    8   9   10  11  12  13   14  15   16   17  18
                                     12Z  AVG MX 2MIN
DY MAX MIN AVG DEP HDD CDD  WTR  SNW DPTH SPD SPD DIR MIN PSBL S-S WX    SPD DR
================================================================================

 1  79  66  73   1   0   8 0.26  0.0    0 12.8 22 270   M    M   9 13     29 250
 2  69  60  65  -7   0   0 0.00  0.0    0  9.1 17 300   M    M   9        21 290
 3  70  57  64  -8   1   0 0.00  0.0    0  5.9  9  70   M    M   5         M  M
 4  75  54  65  -8   0   0 0.00  0.0    0  6.7 15 360   M    M   7        20  20
 5  81  60  71  -2   0   6 0.05  0.0    0  3.3 12 350   M    M   8 18     14 350
 6  80  63  72  -1   0   7 0.00  0.0    0  8.2 17 320   M    M   7 18     23 320
 7  76  60  68  -6   0   3 0.00  0.0    0  7.7 15 360   M    M   7 18     22 230
 8  81  59  70  -4   0   5 0.00  0.0    0  4.5 14 180   M    M   5 1       M  M
 9  80  65  73  -1   0   8 0.49  0.0    0  8.5 30 280   M    M   7 13     37 270
10  81  64  73  -2   0   8 0.06  0.0    0  6.6 17 310   M    M   6 1      22 320
11  92  64  78   3   0  13 0.00  0.0    0  6.4 17 260   M    M   6        24 210
12  96  76  86  11   0  21 0.00  0.0    0 13.3 28 230   M    M   4        36 210
13  85  70  78   2   0  13    T  0.0    0  8.2 23 290   M    M   6        32 290
14  85  63  74  -2   0   9 0.00  0.0    0  6.0 20 130   M    M   6        28 190
15  90  69  80   4   0  15 1.13  0.0    0  7.2 31 280   M    M   8 13     38 280
16  87  69  78   2   0  13 0.24  0.0    0  6.2 15 240   M    M   8 13     21 240
17  87  66  77   0   0  12 0.28  0.0    0  4.7 25 140   M    M   9 13     31 220
18  89  64  77   0   0  12 0.00  0.0    0  6.8 15 330   M    M   5        23 260
19  87  66  77   0   0  12 0.00  0.0    0  4.0  9 120   M    M   5        14  40
20  91  69  80   3   0  15 0.00  0.0    0  6.8 16 150   M    M   5        22 200
21  92  75  84   6   0  19 0.00  0.0    0 10.0 18 160   M    M   5         M  M
22  92  71  82   4   0  17 0.02  0.0    0  8.7 33 230   M    M   8 3      40 230
23  90  70  80   2   0  15 1.54  0.0    0  9.4 38 350   M    M   8 123    49 360
24  93  69  81   3   0  16 0.00  0.0    0  7.4 16 180   M    M   5        24 190
25  94  78  86   7   0  21 0.00  0.0    0 11.0 23 190   M    M   7        29 170
26  93  73  83   4   0  18 1.44  0.0    0  9.6 41 280   M    M   6 13     51 280
27  94  74  84   5   0  19 0.00  0.0    0  7.9 17 310   M    M   4        23 320
28  89  75  82   3   0  17 0.01  0.0    0 11.0 23 310   M    M   5        30 320
29  83  64  74  -5   0   9 0.40  0.0    0  9.7 37 350   M    M   5 138    48 350
30  77  65  71  -8   0   6 0.01  0.0    0  9.9 18  10   M    M   8        25  10
================================================================================
SM 2558 1998         1 337  5.93     0.0 237.5          M      193
================================================================================
AV 85.3 66.6                               7.9 FASTST   M    M   6    MAX(MPH)
                                 MISC ---->  # 41 280               # 51  280
================================================================================
NOTES:
# LAST OF SEVERAL OCCURRENCES

COLUMN 17 PEAK WIND IN M.P.H.

PRELIMINARY LOCAL CLIMATOLOGICAL DATA (WS FORM: F-6) , PAGE 2

                                          STATION:  ST. LOUIS
                                          MONTH:    JUNE
                                          YEAR:     2013
                                          LATITUDE:   38 45 N
                                          LONGITUDE:  90 23 W

[TEMPERATURE DATA]      [PRECIPITATION DATA]       SYMBOLS USED IN COLUMN 16

AVERAGE MONTHLY: 76.0   TOTAL FOR MONTH:   5.93    1 = FOG OR MIST
DPTR FM NORMAL:   0.1   DPTR FM NORMAL:    1.65    2 = FOG REDUCING VISIBILITY
HIGHEST:    96 ON 12    GRTST 24HR  1.54 ON 22-23      TO 1/4 MILE OR LESS
LOWEST:     54 ON  4                               3 = THUNDER
                        SNOW, ICE PELLETS, HAIL    4 = ICE PELLETS
                        TOTAL MONTH:   0.0 INCH    5 = HAIL
                        GRTST 24HR     0.0         6 = FREEZING RAIN OR DRIZZLE
                        GRTST DEPTH:   0           7 = DUSTSTORM OR SANDSTORM:
                                                       VSBY 1/2 MILE OR LESS
                                                   8 = SMOKE OR HAZE
[NO. OF DAYS WITH]      [WEATHER - DAYS WITH]      9 = BLOWING SNOW
                                                   X = TORNADO
MAX 32 OR BELOW:   0    0.01 INCH OR MORE:  13
MAX 90 OR ABOVE:  11    0.10 INCH OR MORE:   8
MIN 32 OR BELOW:   0    0.50 INCH OR MORE:   3
MIN  0 OR BELOW:   0    1.00 INCH OR MORE:   3

[HDD (BASE 65) ]
TOTAL THIS MO.     1    CLEAR  (SCALE 0-3)   0
DPTR FM NORMAL    -4    PTCLDY (SCALE 4-7)  24
TOTAL FM JUL 1  4488    CLOUDY (SCALE 8-10)  6
DPTR FM NORMAL   -47

[CDD (BASE 65) ]
TOTAL THIS MO.   337
DPTR FM NORMAL     3    [PRESSURE DATA]
TOTAL FM JAN 1   548    HIGHEST SLP 30.10 ON 20
DPTR FM NORMAL    40    LOWEST  SLP 29.63 ON 29

[REMARKS]
#FINAL-06-13#
