000
CXUS53 KLSX 011556
CF6STL
PRELIMINARY LOCAL CLIMATOLOGICAL DATA (WS FORM: F-6)
STATION: ST. LOUIS
MONTH: JANUARY
YEAR: 2023
LATITUDE: 38 45 N
LONGITUDE: 90 23 W
TEMPERATURE IN F: :PCPN: SNOW: WIND :SUNSHINE: SKY :PK WND
================================================================================
1 2 3 4 5 6A 6B 7 8 9 10 11 12 13 14 15 16 17 18
12Z AVG MX 2MIN
DY MAX MIN AVG DEP HDD CDD WTR SNW DPTH SPD SPD DIR MIN PSBL S-S WX SPD DR
================================================================================
1 65 43 54 21 11 0 0.00 0.0 0 6.3 20 140 M M 7 1 24 130
2 62 52 57 24 8 0 0.16 0.0 0 7.9 23 130 M M 10 123 31 130
3 72 45 59 26 6 0 0.81 0.0 0 11.8 28 220 M M 8 13 37 200
4 46 37 42 9 23 0 0.00 0.0 0 12.5 22 250 M M 9 28 250
5 42 33 38 6 27 0 0.00 0.0 0 11.1 21 270 M M 8 27 270
6 48 27 38 6 27 0 0.00 0.0 0 4.1 12 270 M M 5 16 290
7 43 31 37 5 28 0 T T 0 8.6 15 90 M M 7 4 21 40
8 40 26 33 1 32 0 T T 0 5.3 13 330 M M 7 1 16 320
9 56 23 40 8 25 0 0.00 0.0 0 7.2 17 170 M M 5 18 24 190
10 59 38 49 17 16 0 0.00 0.0 0 6.4 14 220 M M 6 17 210
11 66 42 54 22 11 0 0.00 0.0 0 6.1 14 40 M M 9 18 250
12 52 31 42 10 23 0 0.05 0.0 0 14.2 28 30 M M 10 18 37 30
13 31 22 27 -5 38 0 T T 0 10.9 22 330 M M 8 6 31 310
14 39 19 29 -3 36 0 0.00 0.0 0 5.3 13 140 M M 5 19 150
15 54 32 43 11 22 0 0.00 0.0 0 14.0 24 160 M M 8 35 130
16 62 46 54 22 11 0 0.05 0.0 0 12.1 24 150 M M 7 33 180
17 50 39 45 13 20 0 0.00 0.0 0 6.7 18 290 M M 4 23 290
18 43 38 41 9 24 0 0.61 0.0 0 9.5 23 270 M M 10 1 30 100
19 44 37 41 9 24 0 T 0.0 0 17.2 30 270 M M 8 1 46 270
20 37 29 33 1 32 0 0.00 0.0 0 9.8 24 270 M M 9 30 280
21 44 22 33 1 32 0 T 0.0 0 5.2 14 110 M M 3 16 100
22 42 32 37 5 28 0 T T 0 6.3 15 340 M M 10 18 21 320
23 48 34 41 9 24 0 0.00 0.0 0 8.6 17 260 M M 7 24 310
24 45 30 38 6 27 0 0.01 0.0 0 4.5 15 80 M M 9 19 90
25 38 33 36 4 29 0 0.44 2.1 2 11.3 21 300 M M 10 1 32 310
26 35 25 30 -2 35 0 T T T 11.3 23 280 M M 5 30 280
27 55 25 40 8 25 0 0.00 0.0 0 11.3 26 240 M M 5 34 260
28 59 32 46 14 19 0 0.00 0.0 0 11.2 22 200 M M 8 31 180
29 49 23 36 4 29 0 0.01 0.0 0 11.0 18 340 M M 10 16 24 310
30 23 17 20 -13 45 0 0.07 0.4 T 11.6 17 340 M M 10 146 23 330
31 22 11 17 -16 48 0 0.00 0.0 T 6.2 14 350 M M 8 18 20
================================================================================
SM 1471 974 785 0 2.21 2.5 285.5 M 235
================================================================================
AV 47.5 31.4 9.2 FASTST M M 8 MAX(MPH)
MISC ----> 30 270 46 270
================================================================================
NOTES:
# LAST OF SEVERAL OCCURRENCES
COLUMN 17 PEAK WIND IN M.P.H.
PRELIMINARY LOCAL CLIMATOLOGICAL DATA (WS FORM: F-6) , PAGE 2
STATION: ST. LOUIS
MONTH: JANUARY
YEAR: 2023
LATITUDE: 38 45 N
LONGITUDE: 90 23 W
[TEMPERATURE DATA] [PRECIPITATION DATA] SYMBOLS USED IN COLUMN 16
AVERAGE MONTHLY: 39.4 TOTAL FOR MONTH: 2.21 1 = FOG OR MIST
DPTR FM NORMAL: 7.3 DPTR FM NORMAL: -0.38 2 = FOG REDUCING VISIBILITY
HIGHEST: 72 ON 3 GRTST 24HR 0.97 ON 2-2 TO 1/4 MILE OR LESS
LOWEST: 11 ON 31 3 = THUNDER
SNOW, ICE PELLETS, HAIL 4 = ICE PELLETS
TOTAL MONTH: 2.5 INCHES 5 = HAIL
GRTST 24HR 2.1 ON 25-25 6 = FREEZING RAIN OR DRIZZLE
GRTST DEPTH: 2 ON 25 7 = DUSTSTORM OR SANDSTORM:
VSBY 1/2 MILE OR LESS
8 = SMOKE OR HAZE
[NO. OF DAYS WITH] [WEATHER - DAYS WITH] 9 = BLOWING SNOW
X = TORNADO
MAX 32 OR BELOW: 3 0.01 INCH OR MORE: 9
MAX 90 OR ABOVE: 0 0.10 INCH OR MORE: 4
MIN 32 OR BELOW: 18 0.50 INCH OR MORE: 2
MIN 0 OR BELOW: 0 1.00 INCH OR MORE: 0
[HDD (BASE 65) ]
TOTAL THIS MO. 785 CLEAR (SCALE 0-3) 1
DPTR FM NORMAL -235 PTCLDY (SCALE 4-7) 12
TOTAL FM JUL 1 2477 CLOUDY (SCALE 8-10) 18
DPTR FM NORMAL -247
[CDD (BASE 65) ]
TOTAL THIS MO. 0
DPTR FM NORMAL 0 [PRESSURE DATA]
TOTAL FM JAN 1 0 HIGHEST SLP 30.56 ON 31
DPTR FM NORMAL 0 LOWEST SLP 29.50 ON 16
[REMARKS]
#FINAL-01-23#